-- https://www.phpmyadmin.net/
--

START TRANSACTION;



--
-- Database: `laundry`
--

-- --------------------------------------------------------

--
-- Table structure for table `about_us`
--

CREATE TABLE `about_us` (
  `id` bigint(20) UNSIGNED NOT NULL,
  `title` varchar(255) COLLATE utf8mb4_unicode_ci NOT NULL,
  `description` text COLLATE utf8mb4_unicode_ci NOT NULL,
  `created_at` timestamp NULL DEFAULT NULL,
  `updated_at` timestamp NULL DEFAULT NULL
) ENGINE=InnoDB DEFAULT CHARSET=utf8mb4 COLLATE=utf8mb4_unicode_ci;

--
-- Dumping data for table `about_us`
--

INSERT INTO `about_us` (`id`, `title`, `description`, `created_at`, `updated_at`) VALUES
(1, 'About Our Company', 'We are a leading company in the field of software development and digital solutions. Our mission is to provide innovative solutions to our clients and help them achieve their goals.', '2024-09-13 15:38:58', '2024-09-13 15:38:58');

-- --------------------------------------------------------

--
-- Table structure for table `addresses`
--

CREATE TABLE `addresses` (
  `id` bigint(20) UNSIGNED NOT NULL,
  `user_id` bigint(20) UNSIGNED NOT NULL,
  `name` varchar(255) COLLATE utf8mb4_unicode_ci NOT NULL,
  `address` varchar(255) COLLATE utf8mb4_unicode_ci NOT NULL,
  `latitude` decimal(10,8) NOT NULL,
  `longitude` decimal(11,8) NOT NULL,
  `created_at` timestamp NULL DEFAULT NULL,
  `updated_at` timestamp NULL DEFAULT NULL
) ENGINE=InnoDB DEFAULT CHARSET=utf8mb4 COLLATE=utf8mb4_unicode_ci;

-- --------------------------------------------------------

--
-- Table structure for table `delivery_locations`
--

CREATE TABLE `delivery_locations` (
  `id` bigint(20) UNSIGNED NOT NULL,
  `delivery_id` bigint(20) UNSIGNED NOT NULL,
  `latitude` decimal(10,7) NOT NULL,
  `longitude` decimal(10,7) NOT NULL,
  `created_at` timestamp NULL DEFAULT NULL,
  `updated_at` timestamp NULL DEFAULT NULL
) ENGINE=InnoDB DEFAULT CHARSET=utf8mb4 COLLATE=utf8mb4_unicode_ci;

-- --------------------------------------------------------

--
-- Table structure for table `failed_jobs`
--

CREATE TABLE `failed_jobs` (
  `id` bigint(20) UNSIGNED NOT NULL,
  `uuid` varchar(255) COLLATE utf8mb4_unicode_ci NOT NULL,
  `connection` text COLLATE utf8mb4_unicode_ci NOT NULL,
  `queue` text COLLATE utf8mb4_unicode_ci NOT NULL,
  `payload` longtext COLLATE utf8mb4_unicode_ci NOT NULL,
  `exception` longtext COLLATE utf8mb4_unicode_ci NOT NULL,
  `failed_at` timestamp NOT NULL DEFAULT CURRENT_TIMESTAMP
) ENGINE=InnoDB DEFAULT CHARSET=utf8mb4 COLLATE=utf8mb4_unicode_ci;

-- --------------------------------------------------------

--
-- Table structure for table `laundries`
--

CREATE TABLE `laundries` (
  `id` bigint(20) UNSIGNED NOT NULL,
  `name` varchar(255) COLLATE utf8mb4_unicode_ci NOT NULL,
  `logo` varchar(255) COLLATE utf8mb4_unicode_ci DEFAULT NULL,
  `latitude` decimal(10,8) NOT NULL,
  `longitude` decimal(11,8) NOT NULL,
  `created_at` timestamp NULL DEFAULT NULL,
  `updated_at` timestamp NULL DEFAULT NULL
) ENGINE=InnoDB DEFAULT CHARSET=utf8mb4 COLLATE=utf8mb4_unicode_ci;

--
-- Dumping data for table `laundries`
--

INSERT INTO `laundries` (`id`, `name`, `logo`, `latitude`, `longitude`, `created_at`, `updated_at`) VALUES
(1, 'Reilly, Welch and Gaylord', 'https://via.placeholder.com/640x480.png/002233?text=beatae', '47.13683700', '84.67631100', '2024-09-13 15:39:01', '2024-09-13 15:39:01'),
(2, 'Bogan-White', 'https://via.placeholder.com/640x480.png/00eebb?text=vitae', '-10.81468100', '150.29443800', '2024-09-13 15:39:01', '2024-09-13 15:39:01'),
(3, 'Walsh LLC', 'https://via.placeholder.com/640x480.png/003300?text=mollitia', '-58.77856700', '92.40269400', '2024-09-13 15:39:01', '2024-09-13 15:39:01'),
(4, 'Bauch, Maggio and Abbott', 'https://via.placeholder.com/640x480.png/00aa88?text=dolor', '-64.53292400', '17.37680300', '2024-09-13 15:39:01', '2024-09-13 15:39:01'),
(5, 'Ondricka-Shanahan', 'https://via.placeholder.com/640x480.png/009966?text=praesentium', '-40.16184700', '135.68235600', '2024-09-13 15:39:01', '2024-09-13 15:39:01'),
(6, 'Wunsch-Skiles', 'https://via.placeholder.com/640x480.png/0000aa?text=corrupti', '3.21805000', '25.80555000', '2024-09-13 15:39:01', '2024-09-13 15:39:01'),
(7, 'Hartmann-Heidenreich', 'https://via.placeholder.com/640x480.png/00dd22?text=quia', '-31.50520800', '-12.43554700', '2024-09-13 15:39:01', '2024-09-13 15:39:01'),
(8, 'McClure PLC', 'https://via.placeholder.com/640x480.png/0088ff?text=ea', '-6.82571400', '61.92252400', '2024-09-13 15:39:01', '2024-09-13 15:39:01'),
(9, 'Brakus-Goyette', 'https://via.placeholder.com/640x480.png/0099cc?text=sit', '-19.76003100', '-97.52825500', '2024-09-13 15:39:01', '2024-09-13 15:39:01'),
(10, 'Kunze-Hermiston', 'https://via.placeholder.com/640x480.png/006644?text=ipsum', '-33.02404300', '-56.05145700', '2024-09-13 15:39:01', '2024-09-13 15:39:01'),
(11, 'Eichmann, Bogan and Rosenbaum', 'https://via.placeholder.com/640x480.png/009933?text=similique', '40.97316900', '58.33817100', '2024-09-13 15:39:01', '2024-09-13 15:39:01'),
(12, 'Stiedemann, Buckridge and Towne', 'https://via.placeholder.com/640x480.png/000099?text=in', '32.76820300', '32.79552300', '2024-09-13 15:39:01', '2024-09-13 15:39:01'),
(13, 'Paucek, Wilkinson and Friesen', 'https://via.placeholder.com/640x480.png/0011dd?text=officiis', '48.28853200', '-20.92004600', '2024-09-13 15:39:01', '2024-09-13 15:39:01'),
(14, 'Osinski-Jakubowski', 'https://via.placeholder.com/640x480.png/00bb33?text=voluptatem', '89.08625300', '41.26898200', '2024-09-13 15:39:01', '2024-09-13 15:39:01'),
(15, 'Metz, Gorczany and Barton', 'https://via.placeholder.com/640x480.png/00dd44?text=et', '-23.20532600', '63.66753800', '2024-09-13 15:39:01', '2024-09-13 15:39:01'),
(16, 'Mosciski-Stanton', 'https://via.placeholder.com/640x480.png/000033?text=omnis', '18.74280200', '17.28898300', '2024-09-13 15:39:01', '2024-09-13 15:39:01'),
(17, 'King, Kovacek and Bashirian', 'https://via.placeholder.com/640x480.png/00ffaa?text=placeat', '61.67205000', '52.60490200', '2024-09-13 15:39:01', '2024-09-13 15:39:01'),
(18, 'Johns-Haag', 'https://via.placeholder.com/640x480.png/0000bb?text=error', '-68.21639400', '-35.63339300', '2024-09-13 15:39:01', '2024-09-13 15:39:01'),
(19, 'Mitchell Ltd', 'https://via.placeholder.com/640x480.png/0033ee?text=ab', '-66.00341800', '177.05020200', '2024-09-13 15:39:01', '2024-09-13 15:39:01'),
(20, 'McDermott-Monahan', 'https://via.placeholder.com/640x480.png/00dd99?text=alias', '84.79704500', '-143.89199300', '2024-09-13 15:39:01', '2024-09-13 15:39:01');

-- --------------------------------------------------------

--
-- Table structure for table `migrations`
--

CREATE TABLE `migrations` (
  `id` int(10) UNSIGNED NOT NULL,
  `migration` varchar(255) COLLATE utf8mb4_unicode_ci NOT NULL,
  `batch` int(11) NOT NULL
) ENGINE=InnoDB DEFAULT CHARSET=utf8mb4 COLLATE=utf8mb4_unicode_ci;

--
-- Dumping data for table `migrations`
--

INSERT INTO `migrations` (`id`, `migration`, `batch`) VALUES
(1, '2014_10_12_000000_create_users_table', 1),
(2, '2014_10_12_100000_create_password_reset_tokens_table', 1),
(3, '2016_06_01_000001_create_oauth_auth_codes_table', 1),
(4, '2016_06_01_000002_create_oauth_access_tokens_table', 1),
(5, '2016_06_01_000003_create_oauth_refresh_tokens_table', 1),
(6, '2016_06_01_000004_create_oauth_clients_table', 1),
(7, '2016_06_01_000005_create_oauth_personal_access_clients_table', 1),
(8, '2019_08_19_000000_create_failed_jobs_table', 1),
(9, '2019_12_14_000001_create_personal_access_tokens_table', 1),
(10, '2024_08_04_041629_create_laundries_table', 1),
(11, '2024_08_09_025128_create_notifications_table', 1),
(12, '2024_08_13_130518_create_service_categories_table', 1),
(13, '2024_08_13_130558_create_services_table', 1),
(14, '2024_08_13_153828_create_orders_table', 1),
(15, '2024_08_13_153832_create_order_items_table', 1),
(16, '2024_08_22_094130_create_addresses_table', 1),
(17, '2024_08_30_175714_create_terms_conditions_table', 1),
(18, '2024_08_30_181716_create_support_contacts_table', 1),
(19, '2024_08_30_182741_create_about_us_table', 1),
(20, '2024_09_03_090738_create_deliveries_table', 1),
(21, '2024_09_03_121635_create_delivery_locations_table', 1);

-- --------------------------------------------------------

--
-- Table structure for table `notifications`
--

CREATE TABLE `notifications` (
  `id` bigint(20) UNSIGNED NOT NULL,
  `user_id` bigint(20) UNSIGNED NOT NULL,
  `title` varchar(255) COLLATE utf8mb4_unicode_ci NOT NULL,
  `message` text COLLATE utf8mb4_unicode_ci NOT NULL,
  `is_read` tinyint(1) NOT NULL DEFAULT '0',
  `created_at` timestamp NULL DEFAULT NULL,
  `updated_at` timestamp NULL DEFAULT NULL
) ENGINE=InnoDB DEFAULT CHARSET=utf8mb4 COLLATE=utf8mb4_unicode_ci;

--
-- Dumping data for table `notifications`
--

INSERT INTO `notifications` (`id`, `user_id`, `title`, `message`, `is_read`, `created_at`, `updated_at`) VALUES
(1, 1, 'New Order Created', 'Your order with ID: 6 has been created.', 0, '2024-09-10 16:16:54', '2024-09-10 16:16:54'),
(2, 1, 'New Order Created', 'Your order with ID: 7 has been created.', 0, '2024-09-11 16:21:47', '2024-09-11 16:21:47'),
(3, 1, 'New Order Created', 'Your order with ID: 8 has been created.', 0, '2024-09-12 16:21:49', '2024-09-12 16:21:49'),
(4, 1, 'New Order Created', 'Your order with ID: 9 has been created.', 0, '2024-09-13 16:21:51', '2024-09-13 16:21:51');

-- --------------------------------------------------------

--
-- Table structure for table `oauth_auth_codes`
--

CREATE TABLE `oauth_auth_codes` (
  `id` varchar(100) COLLATE utf8mb4_unicode_ci NOT NULL,
  `user_id` bigint(20) UNSIGNED NOT NULL,
  `client_id` bigint(20) UNSIGNED NOT NULL,
  `scopes` text COLLATE utf8mb4_unicode_ci,
  `revoked` tinyint(1) NOT NULL,
  `expires_at` datetime DEFAULT NULL
) ENGINE=InnoDB DEFAULT CHARSET=utf8mb4 COLLATE=utf8mb4_unicode_ci;

-- --------------------------------------------------------

--
-- Table structure for table `oauth_personal_access_clients`
--

CREATE TABLE `oauth_personal_access_clients` (
  `id` bigint(20) UNSIGNED NOT NULL,
  `client_id` bigint(20) UNSIGNED NOT NULL,
  `created_at` timestamp NULL DEFAULT NULL,
  `updated_at` timestamp NULL DEFAULT NULL
) ENGINE=InnoDB DEFAULT CHARSET=utf8mb4 COLLATE=utf8mb4_unicode_ci;

-- --------------------------------------------------------

--
-- Table structure for table `orders`
--

CREATE TABLE `orders` (
  `id` bigint(20) UNSIGNED NOT NULL,
  `user_id` bigint(20) UNSIGNED NOT NULL,
  `laundry_id` bigint(20) UNSIGNED NOT NULL,
  `delivery_address` varchar(255) COLLATE utf8mb4_unicode_ci NOT NULL,
  `latitude` decimal(10,8) NOT NULL,
  `longitude` decimal(11,8) NOT NULL,
  `delivery_type` enum('pickup','delivery') COLLATE utf8mb4_unicode_ci NOT NULL,
  `payment_method` enum('google_pay','apple_pay','cash') COLLATE utf8mb4_unicode_ci NOT NULL,
  `payment_status` enum('paid','unpaid') COLLATE utf8mb4_unicode_ci NOT NULL,
  `delivery_id` bigint(20) UNSIGNED DEFAULT NULL,
  `status` enum('new','on_pick_up','in_progress','ready','on_delivery','completed','canceled') COLLATE utf8mb4_unicode_ci NOT NULL DEFAULT 'new',
  `total` decimal(8,2) NOT NULL,
  `created_at` timestamp NULL DEFAULT NULL,
  `updated_at` timestamp NULL DEFAULT NULL
) ENGINE=InnoDB DEFAULT CHARSET=utf8mb4 COLLATE=utf8mb4_unicode_ci;

--
-- Dumping data for table `orders`
--

INSERT INTO `orders` (`id`, `user_id`, `laundry_id`, `delivery_address`, `latitude`, `longitude`, `delivery_type`, `payment_method`, `payment_status`, `delivery_id`, `status`, `total`, `created_at`, `updated_at`) VALUES
(1, 1, 1, '123 Main St', '30.04440000', '31.23570000', 'delivery', 'google_pay', 'unpaid', NULL, 'new', '0.00', '2024-09-13 15:39:17', '2024-09-13 15:39:17'),
(2, 1, 1, '123 Main St', '30.04440000', '31.23570000', 'delivery', 'google_pay', 'unpaid', NULL, 'new', '0.00', '2024-09-13 15:39:52', '2024-09-13 15:39:52'),
(3, 1, 1, '123 Main St', '30.04440000', '31.23570000', 'delivery', 'google_pay', 'unpaid', NULL, 'new', '0.00', '2024-09-13 16:14:05', '2024-09-13 16:14:05'),
(4, 1, 1, '123 Main St', '30.04440000', '31.23570000', 'delivery', 'google_pay', 'unpaid', NULL, 'new', '0.00', '2024-09-13 16:14:39', '2024-09-13 16:14:39'),
(5, 1, 1, '123 Main St', '30.04440000', '31.23570000', 'delivery', 'google_pay', 'unpaid', NULL, 'new', '0.00', '2024-09-13 16:15:48', '2024-09-13 16:15:48'),
(6, 1, 1, '123 Main St', '30.04440000', '31.23570000', 'delivery', 'google_pay', 'unpaid', NULL, 'new', '0.00', '2024-09-13 16:16:53', '2024-09-13 16:16:53'),
(7, 1, 1, '123 Main St', '30.04440000', '31.23570000', 'delivery', 'google_pay', 'unpaid', NULL, 'new', '0.00', '2024-09-13 16:21:47', '2024-09-13 16:21:47'),
(8, 1, 1, '123 Main St', '30.04440000', '31.23570000', 'delivery', 'google_pay', 'unpaid', NULL, 'new', '0.00', '2024-09-13 16:21:48', '2024-09-13 16:21:48'),
(9, 1, 1, '123 Main St', '30.04440000', '31.23570000', 'delivery', 'google_pay', 'unpaid', NULL, 'new', '0.00', '2024-09-13 16:21:50', '2024-09-13 16:21:50');

-- --------------------------------------------------------

--
-- Table structure for table `order_items`
--

CREATE TABLE `order_items` (
  `id` bigint(20) UNSIGNED NOT NULL,
  `order_id` bigint(20) UNSIGNED NOT NULL,
  `service_id` bigint(20) UNSIGNED NOT NULL,
  `quantity` int(11) NOT NULL,
  `price` decimal(8,2) NOT NULL,
  `created_at` timestamp NULL DEFAULT NULL,
  `updated_at` timestamp NULL DEFAULT NULL
) ENGINE=InnoDB DEFAULT CHARSET=utf8mb4 COLLATE=utf8mb4_unicode_ci;

--
-- Dumping data for table `order_items`
--

INSERT INTO `order_items` (`id`, `order_id`, `service_id`, `quantity`, `price`, `created_at`, `updated_at`) VALUES
(1, 1, 1, 3, '0.00', '2024-09-13 15:39:17', '2024-09-13 15:39:17'),
(2, 1, 2, 1, '0.00', '2024-09-13 15:39:17', '2024-09-13 15:39:17'),
(3, 2, 1, 3, '0.00', '2024-09-13 15:39:52', '2024-09-13 15:39:52'),
(4, 2, 2, 1, '0.00', '2024-09-13 15:39:52', '2024-09-13 15:39:52'),
(5, 3, 1, 3, '0.00', '2024-09-13 16:14:05', '2024-09-13 16:14:05'),
(6, 3, 2, 1, '0.00', '2024-09-13 16:14:05', '2024-09-13 16:14:05'),
(7, 4, 1, 3, '0.00', '2024-09-13 16:14:39', '2024-09-13 16:14:39'),
(8, 4, 2, 1, '0.00', '2024-09-13 16:14:39', '2024-09-13 16:14:39'),
(9, 5, 1, 3, '0.00', '2024-09-13 16:15:48', '2024-09-13 16:15:48'),
(10, 5, 2, 1, '0.00', '2024-09-13 16:15:48', '2024-09-13 16:15:48'),
(11, 6, 1, 3, '0.00', '2024-09-13 16:16:53', '2024-09-13 16:16:53'),
(12, 6, 2, 1, '0.00', '2024-09-13 16:16:53', '2024-09-13 16:16:53'),
(13, 7, 1, 3, '0.00', '2024-09-13 16:21:47', '2024-09-13 16:21:47'),
(14, 7, 2, 1, '0.00', '2024-09-13 16:21:47', '2024-09-13 16:21:47'),
(15, 8, 1, 3, '0.00', '2024-09-13 16:21:48', '2024-09-13 16:21:48'),
(16, 8, 2, 1, '0.00', '2024-09-13 16:21:48', '2024-09-13 16:21:48'),
(17, 9, 1, 3, '0.00', '2024-09-13 16:21:50', '2024-09-13 16:21:50'),
(18, 9, 2, 1, '0.00', '2024-09-13 16:21:50', '2024-09-13 16:21:50');

-- --------------------------------------------------------

--
-- Table structure for table `services`
--

CREATE TABLE `services` (
  `id` bigint(20) UNSIGNED NOT NULL,
  `service_category_id` bigint(20) UNSIGNED NOT NULL,
  `name` varchar(255) COLLATE utf8mb4_unicode_ci NOT NULL,
  `price` decimal(8,2) NOT NULL,
  `is_express` tinyint(1) NOT NULL DEFAULT '0',
  `description` varchar(255) COLLATE utf8mb4_unicode_ci DEFAULT NULL,
  `created_at` timestamp NULL DEFAULT NULL,
  `updated_at` timestamp NULL DEFAULT NULL
) ENGINE=InnoDB DEFAULT CHARSET=utf8mb4 COLLATE=utf8mb4_unicode_ci;

--
-- Dumping data for table `services`
--

INSERT INTO `services` (`id`, `service_category_id`, `name`, `price`, `is_express`, `description`, `created_at`, `updated_at`) VALUES
(1, 1, 'بدلة عسكرية', '0.00', 0, NULL, '2024-09-13 15:39:01', '2024-09-13 15:39:01'),
(2, 1, 'جاكيت', '0.00', 0, NULL, '2024-09-13 15:39:01', '2024-09-13 15:39:01'),
(3, 1, 'ثوب', '0.00', 0, NULL, '2024-09-13 15:39:01', '2024-09-13 15:39:01'),
(4, 1, 'ثوب بليزر', '0.00', 0, NULL, '2024-09-13 15:39:01', '2024-09-13 15:39:01'),
(5, 1, 'منشفة صغيرة', '0.00', 0, NULL, '2024-09-13 15:39:01', '2024-09-13 15:39:01'),
(6, 1, 'منشفة كبيرة', '0.00', 0, NULL, '2024-09-13 15:39:01', '2024-09-13 15:39:01'),
(7, 1, 'غترة/شال', '0.00', 0, NULL, '2024-09-13 15:39:01', '2024-09-13 15:39:01'),
(8, 1, 'جلابية', '0.00', 0, NULL, '2024-09-13 15:39:01', '2024-09-13 15:39:01'),
(9, 1, 'قفطان', '0.00', 0, NULL, '2024-09-13 15:39:01', '2024-09-13 15:39:01'),
(10, 1, 'تي شيرت', '0.00', 0, NULL, '2024-09-13 15:39:01', '2024-09-13 15:39:01'),
(11, 1, 'بدلة', '0.00', 0, NULL, '2024-09-13 15:39:01', '2024-09-13 15:39:01'),
(12, 1, 'عباءة', '0.00', 0, NULL, '2024-09-13 15:39:01', '2024-09-13 15:39:01'),
(13, 1, 'قمصان', '0.00', 0, NULL, '2024-09-13 15:39:01', '2024-09-13 15:39:01'),
(14, 1, 'قميص مخصص', '0.00', 0, NULL, '2024-09-13 15:39:01', '2024-09-13 15:39:01'),
(15, 1, 'بنطلون', '0.00', 0, NULL, '2024-09-13 15:39:01', '2024-09-13 15:39:01'),
(16, 1, 'جينز', '0.00', 0, NULL, '2024-09-13 15:39:01', '2024-09-13 15:39:01'),
(17, 1, 'منديل', '0.00', 0, NULL, '2024-09-13 15:39:01', '2024-09-13 15:39:01'),
(18, 1, 'بلوفر', '0.00', 0, NULL, '2024-09-13 15:39:01', '2024-09-13 15:39:01'),
(19, 1, 'شورت', '0.00', 0, NULL, '2024-09-13 15:39:01', '2024-09-13 15:39:01'),
(20, 1, 'بيجامة', '0.00', 0, NULL, '2024-09-13 15:39:01', '2024-09-13 15:39:01'),
(21, 1, 'بدلة سهرة', '0.00', 0, NULL, '2024-09-13 15:39:01', '2024-09-13 15:39:01'),
(22, 2, 'بدلة عسكرية', '0.00', 0, NULL, '2024-09-13 15:39:01', '2024-09-13 15:39:01'),
(23, 2, 'جاكيت', '0.00', 0, NULL, '2024-09-13 15:39:01', '2024-09-13 15:39:01'),
(24, 2, 'ثوب', '0.00', 0, NULL, '2024-09-13 15:39:01', '2024-09-13 15:39:01'),
(25, 2, 'ثوب بليزر', '0.00', 0, NULL, '2024-09-13 15:39:01', '2024-09-13 15:39:01'),
(26, 2, 'منشفة صغيرة', '0.00', 0, NULL, '2024-09-13 15:39:01', '2024-09-13 15:39:01'),
(27, 2, 'منشفة كبيرة', '0.00', 0, NULL, '2024-09-13 15:39:01', '2024-09-13 15:39:01'),
(28, 2, 'غترة/شال', '0.00', 0, NULL, '2024-09-13 15:39:01', '2024-09-13 15:39:01'),
(29, 2, 'جلابية', '0.00', 0, NULL, '2024-09-13 15:39:01', '2024-09-13 15:39:01'),
(30, 2, 'قفطان', '0.00', 0, NULL, '2024-09-13 15:39:01', '2024-09-13 15:39:01'),
(31, 2, 'تي شيرت', '0.00', 0, NULL, '2024-09-13 15:39:01', '2024-09-13 15:39:01'),
(32, 2, 'بدلة', '0.00', 0, NULL, '2024-09-13 15:39:01', '2024-09-13 15:39:01'),
(33, 2, 'عباءة', '0.00', 0, NULL, '2024-09-13 15:39:01', '2024-09-13 15:39:01'),
(34, 2, 'قمصان', '0.00', 0, NULL, '2024-09-13 15:39:01', '2024-09-13 15:39:01'),
(35, 2, 'قميص مخصص', '0.00', 0, NULL, '2024-09-13 15:39:01', '2024-09-13 15:39:01'),
(36, 2, 'بنطلون', '0.00', 0, NULL, '2024-09-13 15:39:01', '2024-09-13 15:39:01'),
(37, 2, 'جينز', '0.00', 0, NULL, '2024-09-13 15:39:01', '2024-09-13 15:39:01'),
(38, 2, 'منديل', '0.00', 0, NULL, '2024-09-13 15:39:01', '2024-09-13 15:39:01'),
(39, 2, 'بلوفر', '0.00', 0, NULL, '2024-09-13 15:39:01', '2024-09-13 15:39:01'),
(40, 2, 'شورت', '0.00', 0, NULL, '2024-09-13 15:39:01', '2024-09-13 15:39:01'),
(41, 2, 'بيجامة', '0.00', 0, NULL, '2024-09-13 15:39:01', '2024-09-13 15:39:01'),
(42, 2, 'بدلة سهرة', '0.00', 0, NULL, '2024-09-13 15:39:01', '2024-09-13 15:39:01'),
(43, 3, 'بدلة عسكرية', '0.00', 0, NULL, '2024-09-13 15:39:01', '2024-09-13 15:39:01'),
(44, 3, 'جاكيت', '0.00', 0, NULL, '2024-09-13 15:39:01', '2024-09-13 15:39:01'),
(45, 3, 'ثوب', '0.00', 0, NULL, '2024-09-13 15:39:01', '2024-09-13 15:39:01'),
(46, 3, 'ثوب بليزر', '0.00', 0, NULL, '2024-09-13 15:39:01', '2024-09-13 15:39:01'),
(47, 3, 'منشفة صغيرة', '0.00', 0, NULL, '2024-09-13 15:39:01', '2024-09-13 15:39:01'),
(48, 3, 'منشفة كبيرة', '0.00', 0, NULL, '2024-09-13 15:39:01', '2024-09-13 15:39:01'),
(49, 3, 'غترة/شال', '0.00', 0, NULL, '2024-09-13 15:39:01', '2024-09-13 15:39:01'),
(50, 3, 'جلابية', '0.00', 0, NULL, '2024-09-13 15:39:01', '2024-09-13 15:39:01'),
(51, 3, 'قفطان', '0.00', 0, NULL, '2024-09-13 15:39:01', '2024-09-13 15:39:01'),
(52, 3, 'تي شيرت', '0.00', 0, NULL, '2024-09-13 15:39:01', '2024-09-13 15:39:01'),
(53, 3, 'بدلة', '0.00', 0, NULL, '2024-09-13 15:39:01', '2024-09-13 15:39:01'),
(54, 3, 'عباءة', '0.00', 0, NULL, '2024-09-13 15:39:01', '2024-09-13 15:39:01'),
(55, 3, 'قمصان', '0.00', 0, NULL, '2024-09-13 15:39:01', '2024-09-13 15:39:01'),
(56, 3, 'قميص مخصص', '0.00', 0, NULL, '2024-09-13 15:39:01', '2024-09-13 15:39:01'),
(57, 3, 'بنطلون', '0.00', 0, NULL, '2024-09-13 15:39:01', '2024-09-13 15:39:01'),
(58, 3, 'جينز', '0.00', 0, NULL, '2024-09-13 15:39:01', '2024-09-13 15:39:01'),
(59, 3, 'منديل', '0.00', 0, NULL, '2024-09-13 15:39:01', '2024-09-13 15:39:01'),
(60, 3, 'بلوفر', '0.00', 0, NULL, '2024-09-13 15:39:01', '2024-09-13 15:39:01'),
(61, 3, 'شورت', '0.00', 0, NULL, '2024-09-13 15:39:01', '2024-09-13 15:39:01'),
(62, 3, 'بيجامة', '0.00', 0, NULL, '2024-09-13 15:39:01', '2024-09-13 15:39:01'),
(63, 3, 'بدلة سهرة', '0.00', 0, NULL, '2024-09-13 15:39:01', '2024-09-13 15:39:01'),
(64, 4, 'بطانية نفر', '0.00', 0, NULL, '2024-09-13 15:39:01', '2024-09-13 15:39:01'),
(65, 4, 'بطانية نفرين', '0.00', 0, NULL, '2024-09-13 15:39:01', '2024-09-13 15:39:01'),
(66, 4, 'مفرش نفر', '0.00', 0, NULL, '2024-09-13 15:39:01', '2024-09-13 15:39:01'),
(67, 4, 'مفرش نفرين', '0.00', 0, NULL, '2024-09-13 15:39:01', '2024-09-13 15:39:01'),
(68, 4, 'شرشف', '0.00', 0, NULL, '2024-09-13 15:39:01', '2024-09-13 15:39:01'),
(69, 4, 'مخذه', '0.00', 0, NULL, '2024-09-13 15:39:01', '2024-09-13 15:39:01'),
(70, 4, 'كيس مخذه', '0.00', 0, NULL, '2024-09-13 15:39:01', '2024-09-13 15:39:01'),
(71, 5, 'فستان زفاف', '0.00', 0, NULL, '2024-09-13 15:39:01', '2024-09-13 15:39:01'),
(72, 5, 'فستان صغير', '0.00', 0, NULL, '2024-09-13 15:39:01', '2024-09-13 15:39:01'),
(73, 5, 'فستان كبير', '0.00', 0, NULL, '2024-09-13 15:39:01', '2024-09-13 15:39:01'),
(74, 6, 'حذاء رياضي', '0.00', 0, NULL, '2024-09-13 15:39:01', '2024-09-13 15:39:01'),
(75, 6, 'حذاء جلد', '0.00', 0, NULL, '2024-09-13 15:39:01', '2024-09-13 15:39:01'),
(76, 6, 'حذاء قماش', '0.00', 0, NULL, '2024-09-13 15:39:01', '2024-09-13 15:39:01'),
(77, 7, 'بدلة عسكرية', '0.00', 0, NULL, '2024-09-13 15:39:01', '2024-09-13 15:39:01'),
(78, 7, 'جاكيت', '0.00', 0, NULL, '2024-09-13 15:39:01', '2024-09-13 15:39:01'),
(79, 7, 'ثوب', '0.00', 0, NULL, '2024-09-13 15:39:01', '2024-09-13 15:39:01'),
(80, 7, 'ثوب بليزر', '0.00', 0, NULL, '2024-09-13 15:39:01', '2024-09-13 15:39:01'),
(81, 7, 'منشفة صغيرة', '0.00', 0, NULL, '2024-09-13 15:39:01', '2024-09-13 15:39:01'),
(82, 7, 'منشفة كبيرة', '0.00', 0, NULL, '2024-09-13 15:39:01', '2024-09-13 15:39:01'),
(83, 7, 'غترة/شال', '0.00', 0, NULL, '2024-09-13 15:39:01', '2024-09-13 15:39:01'),
(84, 7, 'جلابية', '0.00', 0, NULL, '2024-09-13 15:39:01', '2024-09-13 15:39:01'),
(85, 7, 'قفطان', '0.00', 0, NULL, '2024-09-13 15:39:01', '2024-09-13 15:39:01'),
(86, 7, 'تي شيرت', '0.00', 0, NULL, '2024-09-13 15:39:01', '2024-09-13 15:39:01'),
(87, 7, 'بدلة', '0.00', 0, NULL, '2024-09-13 15:39:01', '2024-09-13 15:39:01'),
(88, 7, 'عباءة', '0.00', 0, NULL, '2024-09-13 15:39:01', '2024-09-13 15:39:01'),
(89, 7, 'قمصان', '0.00', 0, NULL, '2024-09-13 15:39:01', '2024-09-13 15:39:01'),
(90, 7, 'قميص مخصص', '0.00', 0, NULL, '2024-09-13 15:39:01', '2024-09-13 15:39:01'),
(91, 7, 'بنطلون', '0.00', 0, NULL, '2024-09-13 15:39:01', '2024-09-13 15:39:01'),
(92, 7, 'جينز', '0.00', 0, NULL, '2024-09-13 15:39:01', '2024-09-13 15:39:01'),
(93, 7, 'منديل', '0.00', 0, NULL, '2024-09-13 15:39:01', '2024-09-13 15:39:01'),
(94, 7, 'بلوفر', '0.00', 0, NULL, '2024-09-13 15:39:01', '2024-09-13 15:39:01'),
(95, 7, 'شورت', '0.00', 0, NULL, '2024-09-13 15:39:01', '2024-09-13 15:39:01'),
(96, 7, 'بيجامة', '0.00', 0, NULL, '2024-09-13 15:39:01', '2024-09-13 15:39:01'),
(97, 7, 'بدلة سهرة', '0.00', 0, NULL, '2024-09-13 15:39:01', '2024-09-13 15:39:01'),
(98, 8, 'بدلة عسكرية', '0.00', 0, NULL, '2024-09-13 15:39:01', '2024-09-13 15:39:01'),
(99, 8, 'جاكيت', '0.00', 0, NULL, '2024-09-13 15:39:01', '2024-09-13 15:39:01'),
(100, 8, 'ثوب', '0.00', 0, NULL, '2024-09-13 15:39:01', '2024-09-13 15:39:01'),
(101, 8, 'ثوب بليزر', '0.00', 0, NULL, '2024-09-13 15:39:01', '2024-09-13 15:39:01'),
(102, 8, 'منشفة صغيرة', '0.00', 0, NULL, '2024-09-13 15:39:01', '2024-09-13 15:39:01'),
(103, 8, 'منشفة كبيرة', '0.00', 0, NULL, '2024-09-13 15:39:01', '2024-09-13 15:39:01'),
(104, 8, 'غترة/شال', '0.00', 0, NULL, '2024-09-13 15:39:01', '2024-09-13 15:39:01'),
(105, 8, 'جلابية', '0.00', 0, NULL, '2024-09-13 15:39:01', '2024-09-13 15:39:01'),
(106, 8, 'قفطان', '0.00', 0, NULL, '2024-09-13 15:39:01', '2024-09-13 15:39:01'),
(107, 8, 'تي شيرت', '0.00', 0, NULL, '2024-09-13 15:39:01', '2024-09-13 15:39:01'),
(108, 8, 'بدلة', '0.00', 0, NULL, '2024-09-13 15:39:01', '2024-09-13 15:39:01'),
(109, 8, 'عباءة', '0.00', 0, NULL, '2024-09-13 15:39:01', '2024-09-13 15:39:01'),
(110, 8, 'قمصان', '0.00', 0, NULL, '2024-09-13 15:39:01', '2024-09-13 15:39:01'),
(111, 8, 'قميص مخصص', '0.00', 0, NULL, '2024-09-13 15:39:01', '2024-09-13 15:39:01'),
(112, 8, 'بنطلون', '0.00', 0, NULL, '2024-09-13 15:39:01', '2024-09-13 15:39:01'),
(113, 8, 'جينز', '0.00', 0, NULL, '2024-09-13 15:39:01', '2024-09-13 15:39:01'),
(114, 8, 'منديل', '0.00', 0, NULL, '2024-09-13 15:39:01', '2024-09-13 15:39:01'),
(115, 8, 'بلوفر', '0.00', 0, NULL, '2024-09-13 15:39:01', '2024-09-13 15:39:01'),
(116, 8, 'شورت', '0.00', 0, NULL, '2024-09-13 15:39:01', '2024-09-13 15:39:01'),
(117, 8, 'بيجامة', '0.00', 0, NULL, '2024-09-13 15:39:01', '2024-09-13 15:39:01'),
(118, 8, 'بدلة سهرة', '0.00', 0, NULL, '2024-09-13 15:39:01', '2024-09-13 15:39:01'),
(119, 9, 'بدلة عسكرية', '0.00', 0, NULL, '2024-09-13 15:39:01', '2024-09-13 15:39:01'),
(120, 9, 'جاكيت', '0.00', 0, NULL, '2024-09-13 15:39:01', '2024-09-13 15:39:01'),
(121, 9, 'ثوب', '0.00', 0, NULL, '2024-09-13 15:39:01', '2024-09-13 15:39:01'),
(122, 9, 'ثوب بليزر', '0.00', 0, NULL, '2024-09-13 15:39:01', '2024-09-13 15:39:01'),
(123, 9, 'منشفة صغيرة', '0.00', 0, NULL, '2024-09-13 15:39:01', '2024-09-13 15:39:01'),
(124, 9, 'منشفة كبيرة', '0.00', 0, NULL, '2024-09-13 15:39:01', '2024-09-13 15:39:01'),
(125, 9, 'غترة/شال', '0.00', 0, NULL, '2024-09-13 15:39:01', '2024-09-13 15:39:01'),
(126, 9, 'جلابية', '0.00', 0, NULL, '2024-09-13 15:39:01', '2024-09-13 15:39:01'),
(127, 9, 'قفطان', '0.00', 0, NULL, '2024-09-13 15:39:01', '2024-09-13 15:39:01'),
(128, 9, 'تي شيرت', '0.00', 0, NULL, '2024-09-13 15:39:01', '2024-09-13 15:39:01'),
(129, 9, 'بدلة', '0.00', 0, NULL, '2024-09-13 15:39:01', '2024-09-13 15:39:01'),
(130, 9, 'عباءة', '0.00', 0, NULL, '2024-09-13 15:39:02', '2024-09-13 15:39:02'),
(131, 9, 'قمصان', '0.00', 0, NULL, '2024-09-13 15:39:02', '2024-09-13 15:39:02'),
(132, 9, 'قميص مخصص', '0.00', 0, NULL, '2024-09-13 15:39:02', '2024-09-13 15:39:02'),
(133, 9, 'بنطلون', '0.00', 0, NULL, '2024-09-13 15:39:02', '2024-09-13 15:39:02'),
(134, 9, 'جينز', '0.00', 0, NULL, '2024-09-13 15:39:02', '2024-09-13 15:39:02'),
(135, 9, 'منديل', '0.00', 0, NULL, '2024-09-13 15:39:02', '2024-09-13 15:39:02'),
(136, 9, 'بلوفر', '0.00', 0, NULL, '2024-09-13 15:39:02', '2024-09-13 15:39:02'),
(137, 9, 'شورت', '0.00', 0, NULL, '2024-09-13 15:39:02', '2024-09-13 15:39:02'),
(138, 9, 'بيجامة', '0.00', 0, NULL, '2024-09-13 15:39:02', '2024-09-13 15:39:02'),
(139, 9, 'بدلة سهرة', '0.00', 0, NULL, '2024-09-13 15:39:02', '2024-09-13 15:39:02'),
(140, 10, 'بطانية نفر', '0.00', 0, NULL, '2024-09-13 15:39:02', '2024-09-13 15:39:02'),
(141, 10, 'بطانية نفرين', '0.00', 0, NULL, '2024-09-13 15:39:02', '2024-09-13 15:39:02'),
(142, 10, 'مفرش نفر', '0.00', 0, NULL, '2024-09-13 15:39:02', '2024-09-13 15:39:02'),
(143, 10, 'مفرش نفرين', '0.00', 0, NULL, '2024-09-13 15:39:02', '2024-09-13 15:39:02'),
(144, 10, 'شرشف', '0.00', 0, NULL, '2024-09-13 15:39:02', '2024-09-13 15:39:02'),
(145, 10, 'مخذه', '0.00', 0, NULL, '2024-09-13 15:39:02', '2024-09-13 15:39:02'),
(146, 10, 'كيس مخذه', '0.00', 0, NULL, '2024-09-13 15:39:02', '2024-09-13 15:39:02'),
(147, 11, 'فستان زفاف', '0.00', 0, NULL, '2024-09-13 15:39:02', '2024-09-13 15:39:02'),
(148, 11, 'فستان صغير', '0.00', 0, NULL, '2024-09-13 15:39:02', '2024-09-13 15:39:02'),
(149, 11, 'فستان كبير', '0.00', 0, NULL, '2024-09-13 15:39:02', '2024-09-13 15:39:02'),
(150, 12, 'حذاء رياضي', '0.00', 0, NULL, '2024-09-13 15:39:02', '2024-09-13 15:39:02'),
(151, 12, 'حذاء جلد', '0.00', 0, NULL, '2024-09-13 15:39:02', '2024-09-13 15:39:02'),
(152, 12, 'حذاء قماش', '0.00', 0, NULL, '2024-09-13 15:39:02', '2024-09-13 15:39:02'),
(153, 13, 'بدلة عسكرية', '0.00', 0, NULL, '2024-09-13 15:39:02', '2024-09-13 15:39:02'),
(154, 13, 'جاكيت', '0.00', 0, NULL, '2024-09-13 15:39:02', '2024-09-13 15:39:02'),
(155, 13, 'ثوب', '0.00', 0, NULL, '2024-09-13 15:39:02', '2024-09-13 15:39:02'),
(156, 13, 'ثوب بليزر', '0.00', 0, NULL, '2024-09-13 15:39:02', '2024-09-13 15:39:02'),
(157, 13, 'منشفة صغيرة', '0.00', 0, NULL, '2024-09-13 15:39:02', '2024-09-13 15:39:02'),
(158, 13, 'منشفة كبيرة', '0.00', 0, NULL, '2024-09-13 15:39:02', '2024-09-13 15:39:02'),
(159, 13, 'غترة/شال', '0.00', 0, NULL, '2024-09-13 15:39:02', '2024-09-13 15:39:02'),
(160, 13, 'جلابية', '0.00', 0, NULL, '2024-09-13 15:39:02', '2024-09-13 15:39:02'),
(161, 13, 'قفطان', '0.00', 0, NULL, '2024-09-13 15:39:02', '2024-09-13 15:39:02'),
(162, 13, 'تي شيرت', '0.00', 0, NULL, '2024-09-13 15:39:02', '2024-09-13 15:39:02'),
(163, 13, 'بدلة', '0.00', 0, NULL, '2024-09-13 15:39:02', '2024-09-13 15:39:02'),
(164, 13, 'عباءة', '0.00', 0, NULL, '2024-09-13 15:39:02', '2024-09-13 15:39:02'),
(165, 13, 'قمصان', '0.00', 0, NULL, '2024-09-13 15:39:02', '2024-09-13 15:39:02'),
(166, 13, 'قميص مخصص', '0.00', 0, NULL, '2024-09-13 15:39:02', '2024-09-13 15:39:02'),
(167, 13, 'بنطلون', '0.00', 0, NULL, '2024-09-13 15:39:02', '2024-09-13 15:39:02'),
(168, 13, 'جينز', '0.00', 0, NULL, '2024-09-13 15:39:02', '2024-09-13 15:39:02'),
(169, 13, 'منديل', '0.00', 0, NULL, '2024-09-13 15:39:02', '2024-09-13 15:39:02'),
(170, 13, 'بلوفر', '0.00', 0, NULL, '2024-09-13 15:39:02', '2024-09-13 15:39:02'),
(171, 13, 'شورت', '0.00', 0, NULL, '2024-09-13 15:39:02', '2024-09-13 15:39:02'),
(172, 13, 'بيجامة', '0.00', 0, NULL, '2024-09-13 15:39:02', '2024-09-13 15:39:02'),
(173, 13, 'بدلة سهرة', '0.00', 0, NULL, '2024-09-13 15:39:02', '2024-09-13 15:39:02'),
(174, 14, 'بدلة عسكرية', '0.00', 0, NULL, '2024-09-13 15:39:02', '2024-09-13 15:39:02'),
(175, 14, 'جاكيت', '0.00', 0, NULL, '2024-09-13 15:39:02', '2024-09-13 15:39:02'),
(176, 14, 'ثوب', '0.00', 0, NULL, '2024-09-13 15:39:02', '2024-09-13 15:39:02'),
(177, 14, 'ثوب بليزر', '0.00', 0, NULL, '2024-09-13 15:39:02', '2024-09-13 15:39:02'),
(178, 14, 'منشفة صغيرة', '0.00', 0, NULL, '2024-09-13 15:39:02', '2024-09-13 15:39:02'),
(179, 14, 'منشفة كبيرة', '0.00', 0, NULL, '2024-09-13 15:39:02', '2024-09-13 15:39:02'),
(180, 14, 'غترة/شال', '0.00', 0, NULL, '2024-09-13 15:39:02', '2024-09-13 15:39:02'),
(181, 14, 'جلابية', '0.00', 0, NULL, '2024-09-13 15:39:02', '2024-09-13 15:39:02'),
(182, 14, 'قفطان', '0.00', 0, NULL, '2024-09-13 15:39:02', '2024-09-13 15:39:02'),
(183, 14, 'تي شيرت', '0.00', 0, NULL, '2024-09-13 15:39:02', '2024-09-13 15:39:02'),
(184, 14, 'بدلة', '0.00', 0, NULL, '2024-09-13 15:39:02', '2024-09-13 15:39:02'),
(185, 14, 'عباءة', '0.00', 0, NULL, '2024-09-13 15:39:02', '2024-09-13 15:39:02'),
(186, 14, 'قمصان', '0.00', 0, NULL, '2024-09-13 15:39:02', '2024-09-13 15:39:02'),
(187, 14, 'قميص مخصص', '0.00', 0, NULL, '2024-09-13 15:39:02', '2024-09-13 15:39:02'),
(188, 14, 'بنطلون', '0.00', 0, NULL, '2024-09-13 15:39:02', '2024-09-13 15:39:02'),
(189, 14, 'جينز', '0.00', 0, NULL, '2024-09-13 15:39:02', '2024-09-13 15:39:02'),
(190, 14, 'منديل', '0.00', 0, NULL, '2024-09-13 15:39:02', '2024-09-13 15:39:02'),
(191, 14, 'بلوفر', '0.00', 0, NULL, '2024-09-13 15:39:02', '2024-09-13 15:39:02'),
(192, 14, 'شورت', '0.00', 0, NULL, '2024-09-13 15:39:02', '2024-09-13 15:39:02'),
(193, 14, 'بيجامة', '0.00', 0, NULL, '2024-09-13 15:39:02', '2024-09-13 15:39:02'),
(194, 14, 'بدلة سهرة', '0.00', 0, NULL, '2024-09-13 15:39:02', '2024-09-13 15:39:02'),
(195, 15, 'بدلة عسكرية', '0.00', 0, NULL, '2024-09-13 15:39:02', '2024-09-13 15:39:02'),
(196, 15, 'جاكيت', '0.00', 0, NULL, '2024-09-13 15:39:02', '2024-09-13 15:39:02'),
(197, 15, 'ثوب', '0.00', 0, NULL, '2024-09-13 15:39:02', '2024-09-13 15:39:02'),
(198, 15, 'ثوب بليزر', '0.00', 0, NULL, '2024-09-13 15:39:02', '2024-09-13 15:39:02'),
(199, 15, 'منشفة صغيرة', '0.00', 0, NULL, '2024-09-13 15:39:02', '2024-09-13 15:39:02'),
(200, 15, 'منشفة كبيرة', '0.00', 0, NULL, '2024-09-13 15:39:02', '2024-09-13 15:39:02'),
(201, 15, 'غترة/شال', '0.00', 0, NULL, '2024-09-13 15:39:02', '2024-09-13 15:39:02'),
(202, 15, 'جلابية', '0.00', 0, NULL, '2024-09-13 15:39:02', '2024-09-13 15:39:02'),
(203, 15, 'قفطان', '0.00', 0, NULL, '2024-09-13 15:39:02', '2024-09-13 15:39:02'),
(204, 15, 'تي شيرت', '0.00', 0, NULL, '2024-09-13 15:39:02', '2024-09-13 15:39:02'),
(205, 15, 'بدلة', '0.00', 0, NULL, '2024-09-13 15:39:02', '2024-09-13 15:39:02'),
(206, 15, 'عباءة', '0.00', 0, NULL, '2024-09-13 15:39:02', '2024-09-13 15:39:02'),
(207, 15, 'قمصان', '0.00', 0, NULL, '2024-09-13 15:39:02', '2024-09-13 15:39:02'),
(208, 15, 'قميص مخصص', '0.00', 0, NULL, '2024-09-13 15:39:02', '2024-09-13 15:39:02'),
(209, 15, 'بنطلون', '0.00', 0, NULL, '2024-09-13 15:39:02', '2024-09-13 15:39:02'),
(210, 15, 'جينز', '0.00', 0, NULL, '2024-09-13 15:39:02', '2024-09-13 15:39:02'),
(211, 15, 'منديل', '0.00', 0, NULL, '2024-09-13 15:39:02', '2024-09-13 15:39:02'),
(212, 15, 'بلوفر', '0.00', 0, NULL, '2024-09-13 15:39:02', '2024-09-13 15:39:02'),
(213, 15, 'شورت', '0.00', 0, NULL, '2024-09-13 15:39:02', '2024-09-13 15:39:02'),
(214, 15, 'بيجامة', '0.00', 0, NULL, '2024-09-13 15:39:02', '2024-09-13 15:39:02'),
(215, 15, 'بدلة سهرة', '0.00', 0, NULL, '2024-09-13 15:39:02', '2024-09-13 15:39:02'),
(216, 16, 'بطانية نفر', '0.00', 0, NULL, '2024-09-13 15:39:02', '2024-09-13 15:39:02'),
(217, 16, 'بطانية نفرين', '0.00', 0, NULL, '2024-09-13 15:39:02', '2024-09-13 15:39:02'),
(218, 16, 'مفرش نفر', '0.00', 0, NULL, '2024-09-13 15:39:02', '2024-09-13 15:39:02'),
(219, 16, 'مفرش نفرين', '0.00', 0, NULL, '2024-09-13 15:39:02', '2024-09-13 15:39:02'),
(220, 16, 'شرشف', '0.00', 0, NULL, '2024-09-13 15:39:02', '2024-09-13 15:39:02'),
(221, 16, 'مخذه', '0.00', 0, NULL, '2024-09-13 15:39:02', '2024-09-13 15:39:02'),
(222, 16, 'كيس مخذه', '0.00', 0, NULL, '2024-09-13 15:39:02', '2024-09-13 15:39:02'),
(223, 17, 'فستان زفاف', '0.00', 0, NULL, '2024-09-13 15:39:02', '2024-09-13 15:39:02'),
(224, 17, 'فستان صغير', '0.00', 0, NULL, '2024-09-13 15:39:02', '2024-09-13 15:39:02'),
(225, 17, 'فستان كبير', '0.00', 0, NULL, '2024-09-13 15:39:02', '2024-09-13 15:39:02'),
(226, 18, 'حذاء رياضي', '0.00', 0, NULL, '2024-09-13 15:39:02', '2024-09-13 15:39:02'),
(227, 18, 'حذاء جلد', '0.00', 0, NULL, '2024-09-13 15:39:02', '2024-09-13 15:39:02'),
(228, 18, 'حذاء قماش', '0.00', 0, NULL, '2024-09-13 15:39:02', '2024-09-13 15:39:02'),
(229, 19, 'بدلة عسكرية', '0.00', 0, NULL, '2024-09-13 15:39:02', '2024-09-13 15:39:02'),
(230, 19, 'جاكيت', '0.00', 0, NULL, '2024-09-13 15:39:02', '2024-09-13 15:39:02'),
(231, 19, 'ثوب', '0.00', 0, NULL, '2024-09-13 15:39:02', '2024-09-13 15:39:02'),
(232, 19, 'ثوب بليزر', '0.00', 0, NULL, '2024-09-13 15:39:02', '2024-09-13 15:39:02'),
(233, 19, 'منشفة صغيرة', '0.00', 0, NULL, '2024-09-13 15:39:02', '2024-09-13 15:39:02'),
(234, 19, 'منشفة كبيرة', '0.00', 0, NULL, '2024-09-13 15:39:02', '2024-09-13 15:39:02'),
(235, 19, 'غترة/شال', '0.00', 0, NULL, '2024-09-13 15:39:02', '2024-09-13 15:39:02'),
(236, 19, 'جلابية', '0.00', 0, NULL, '2024-09-13 15:39:02', '2024-09-13 15:39:02'),
(237, 19, 'قفطان', '0.00', 0, NULL, '2024-09-13 15:39:02', '2024-09-13 15:39:02'),
(238, 19, 'تي شيرت', '0.00', 0, NULL, '2024-09-13 15:39:02', '2024-09-13 15:39:02'),
(239, 19, 'بدلة', '0.00', 0, NULL, '2024-09-13 15:39:02', '2024-09-13 15:39:02'),
(240, 19, 'عباءة', '0.00', 0, NULL, '2024-09-13 15:39:02', '2024-09-13 15:39:02'),
(241, 19, 'قمصان', '0.00', 0, NULL, '2024-09-13 15:39:02', '2024-09-13 15:39:02'),
(242, 19, 'قميص مخصص', '0.00', 0, NULL, '2024-09-13 15:39:02', '2024-09-13 15:39:02'),
(243, 19, 'بنطلون', '0.00', 0, NULL, '2024-09-13 15:39:02', '2024-09-13 15:39:02'),
(244, 19, 'جينز', '0.00', 0, NULL, '2024-09-13 15:39:02', '2024-09-13 15:39:02'),
(245, 19, 'منديل', '0.00', 0, NULL, '2024-09-13 15:39:02', '2024-09-13 15:39:02'),
(246, 19, 'بلوفر', '0.00', 0, NULL, '2024-09-13 15:39:02', '2024-09-13 15:39:02'),
(247, 19, 'شورت', '0.00', 0, NULL, '2024-09-13 15:39:02', '2024-09-13 15:39:02'),
(248, 19, 'بيجامة', '0.00', 0, NULL, '2024-09-13 15:39:02', '2024-09-13 15:39:02'),
(249, 19, 'بدلة سهرة', '0.00', 0, NULL, '2024-09-13 15:39:02', '2024-09-13 15:39:02'),
(250, 20, 'بدلة عسكرية', '0.00', 0, NULL, '2024-09-13 15:39:02', '2024-09-13 15:39:02'),
(251, 20, 'جاكيت', '0.00', 0, NULL, '2024-09-13 15:39:02', '2024-09-13 15:39:02'),
(252, 20, 'ثوب', '0.00', 0, NULL, '2024-09-13 15:39:02', '2024-09-13 15:39:02'),
(253, 20, 'ثوب بليزر', '0.00', 0, NULL, '2024-09-13 15:39:02', '2024-09-13 15:39:02'),
(254, 20, 'منشفة صغيرة', '0.00', 0, NULL, '2024-09-13 15:39:02', '2024-09-13 15:39:02'),
(255, 20, 'منشفة كبيرة', '0.00', 0, NULL, '2024-09-13 15:39:02', '2024-09-13 15:39:02'),
(256, 20, 'غترة/شال', '0.00', 0, NULL, '2024-09-13 15:39:02', '2024-09-13 15:39:02'),
(257, 20, 'جلابية', '0.00', 0, NULL, '2024-09-13 15:39:02', '2024-09-13 15:39:02'),
(258, 20, 'قفطان', '0.00', 0, NULL, '2024-09-13 15:39:02', '2024-09-13 15:39:02'),
(259, 20, 'تي شيرت', '0.00', 0, NULL, '2024-09-13 15:39:02', '2024-09-13 15:39:02'),
(260, 20, 'بدلة', '0.00', 0, NULL, '2024-09-13 15:39:02', '2024-09-13 15:39:02'),
(261, 20, 'عباءة', '0.00', 0, NULL, '2024-09-13 15:39:02', '2024-09-13 15:39:02'),
(262, 20, 'قمصان', '0.00', 0, NULL, '2024-09-13 15:39:02', '2024-09-13 15:39:02'),
(263, 20, 'قميص مخصص', '0.00', 0, NULL, '2024-09-13 15:39:02', '2024-09-13 15:39:02'),
(264, 20, 'بنطلون', '0.00', 0, NULL, '2024-09-13 15:39:02', '2024-09-13 15:39:02'),
(265, 20, 'جينز', '0.00', 0, NULL, '2024-09-13 15:39:02', '2024-09-13 15:39:02'),
(266, 20, 'منديل', '0.00', 0, NULL, '2024-09-13 15:39:02', '2024-09-13 15:39:02'),
(267, 20, 'بلوفر', '0.00', 0, NULL, '2024-09-13 15:39:02', '2024-09-13 15:39:02'),
(268, 20, 'شورت', '0.00', 0, NULL, '2024-09-13 15:39:02', '2024-09-13 15:39:02'),
(269, 20, 'بيجامة', '0.00', 0, NULL, '2024-09-13 15:39:02', '2024-09-13 15:39:02'),
(270, 20, 'بدلة سهرة', '0.00', 0, NULL, '2024-09-13 15:39:02', '2024-09-13 15:39:02'),
(271, 21, 'بدلة عسكرية', '0.00', 0, NULL, '2024-09-13 15:39:02', '2024-09-13 15:39:02'),
(272, 21, 'جاكيت', '0.00', 0, NULL, '2024-09-13 15:39:02', '2024-09-13 15:39:02'),
(273, 21, 'ثوب', '0.00', 0, NULL, '2024-09-13 15:39:02', '2024-09-13 15:39:02'),
(274, 21, 'ثوب بليزر', '0.00', 0, NULL, '2024-09-13 15:39:02', '2024-09-13 15:39:02'),
(275, 21, 'منشفة صغيرة', '0.00', 0, NULL, '2024-09-13 15:39:02', '2024-09-13 15:39:02'),
(276, 21, 'منشفة كبيرة', '0.00', 0, NULL, '2024-09-13 15:39:02', '2024-09-13 15:39:02'),
(277, 21, 'غترة/شال', '0.00', 0, NULL, '2024-09-13 15:39:02', '2024-09-13 15:39:02'),
(278, 21, 'جلابية', '0.00', 0, NULL, '2024-09-13 15:39:02', '2024-09-13 15:39:02'),
(279, 21, 'قفطان', '0.00', 0, NULL, '2024-09-13 15:39:02', '2024-09-13 15:39:02'),
(280, 21, 'تي شيرت', '0.00', 0, NULL, '2024-09-13 15:39:02', '2024-09-13 15:39:02'),
(281, 21, 'بدلة', '0.00', 0, NULL, '2024-09-13 15:39:02', '2024-09-13 15:39:02'),
(282, 21, 'عباءة', '0.00', 0, NULL, '2024-09-13 15:39:02', '2024-09-13 15:39:02'),
(283, 21, 'قمصان', '0.00', 0, NULL, '2024-09-13 15:39:02', '2024-09-13 15:39:02'),
(284, 21, 'قميص مخصص', '0.00', 0, NULL, '2024-09-13 15:39:02', '2024-09-13 15:39:02'),
(285, 21, 'بنطلون', '0.00', 0, NULL, '2024-09-13 15:39:02', '2024-09-13 15:39:02'),
(286, 21, 'جينز', '0.00', 0, NULL, '2024-09-13 15:39:02', '2024-09-13 15:39:02'),
(287, 21, 'منديل', '0.00', 0, NULL, '2024-09-13 15:39:02', '2024-09-13 15:39:02'),
(288, 21, 'بلوفر', '0.00', 0, NULL, '2024-09-13 15:39:02', '2024-09-13 15:39:02'),
(289, 21, 'شورت', '0.00', 0, NULL, '2024-09-13 15:39:02', '2024-09-13 15:39:02'),
(290, 21, 'بيجامة', '0.00', 0, NULL, '2024-09-13 15:39:02', '2024-09-13 15:39:02'),
(291, 21, 'بدلة سهرة', '0.00', 0, NULL, '2024-09-13 15:39:02', '2024-09-13 15:39:02'),
(292, 22, 'بطانية نفر', '0.00', 0, NULL, '2024-09-13 15:39:02', '2024-09-13 15:39:02'),
(293, 22, 'بطانية نفرين', '0.00', 0, NULL, '2024-09-13 15:39:02', '2024-09-13 15:39:02'),
(294, 22, 'مفرش نفر', '0.00', 0, NULL, '2024-09-13 15:39:02', '2024-09-13 15:39:02'),
(295, 22, 'مفرش نفرين', '0.00', 0, NULL, '2024-09-13 15:39:02', '2024-09-13 15:39:02'),
(296, 22, 'شرشف', '0.00', 0, NULL, '2024-09-13 15:39:02', '2024-09-13 15:39:02'),
(297, 22, 'مخذه', '0.00', 0, NULL, '2024-09-13 15:39:02', '2024-09-13 15:39:02'),
(298, 22, 'كيس مخذه', '0.00', 0, NULL, '2024-09-13 15:39:02', '2024-09-13 15:39:02'),
(299, 23, 'فستان زفاف', '0.00', 0, NULL, '2024-09-13 15:39:02', '2024-09-13 15:39:02'),
(300, 23, 'فستان صغير', '0.00', 0, NULL, '2024-09-13 15:39:02', '2024-09-13 15:39:02'),
(301, 23, 'فستان كبير', '0.00', 0, NULL, '2024-09-13 15:39:02', '2024-09-13 15:39:02'),
(302, 24, 'حذاء رياضي', '0.00', 0, NULL, '2024-09-13 15:39:02', '2024-09-13 15:39:02'),
(303, 24, 'حذاء جلد', '0.00', 0, NULL, '2024-09-13 15:39:02', '2024-09-13 15:39:02'),
(304, 24, 'حذاء قماش', '0.00', 0, NULL, '2024-09-13 15:39:02', '2024-09-13 15:39:02'),
(305, 25, 'بدلة عسكرية', '0.00', 0, NULL, '2024-09-13 15:39:02', '2024-09-13 15:39:02'),
(306, 25, 'جاكيت', '0.00', 0, NULL, '2024-09-13 15:39:02', '2024-09-13 15:39:02'),
(307, 25, 'ثوب', '0.00', 0, NULL, '2024-09-13 15:39:02', '2024-09-13 15:39:02'),
(308, 25, 'ثوب بليزر', '0.00', 0, NULL, '2024-09-13 15:39:02', '2024-09-13 15:39:02'),
(309, 25, 'منشفة صغيرة', '0.00', 0, NULL, '2024-09-13 15:39:02', '2024-09-13 15:39:02'),
(310, 25, 'منشفة كبيرة', '0.00', 0, NULL, '2024-09-13 15:39:02', '2024-09-13 15:39:02'),
(311, 25, 'غترة/شال', '0.00', 0, NULL, '2024-09-13 15:39:02', '2024-09-13 15:39:02'),
(312, 25, 'جلابية', '0.00', 0, NULL, '2024-09-13 15:39:02', '2024-09-13 15:39:02'),
(313, 25, 'قفطان', '0.00', 0, NULL, '2024-09-13 15:39:02', '2024-09-13 15:39:02'),
(314, 25, 'تي شيرت', '0.00', 0, NULL, '2024-09-13 15:39:02', '2024-09-13 15:39:02'),
(315, 25, 'بدلة', '0.00', 0, NULL, '2024-09-13 15:39:02', '2024-09-13 15:39:02'),
(316, 25, 'عباءة', '0.00', 0, NULL, '2024-09-13 15:39:02', '2024-09-13 15:39:02'),
(317, 25, 'قمصان', '0.00', 0, NULL, '2024-09-13 15:39:02', '2024-09-13 15:39:02'),
(318, 25, 'قميص مخصص', '0.00', 0, NULL, '2024-09-13 15:39:02', '2024-09-13 15:39:02'),
(319, 25, 'بنطلون', '0.00', 0, NULL, '2024-09-13 15:39:02', '2024-09-13 15:39:02'),
(320, 25, 'جينز', '0.00', 0, NULL, '2024-09-13 15:39:02', '2024-09-13 15:39:02'),
(321, 25, 'منديل', '0.00', 0, NULL, '2024-09-13 15:39:02', '2024-09-13 15:39:02'),
(322, 25, 'بلوفر', '0.00', 0, NULL, '2024-09-13 15:39:02', '2024-09-13 15:39:02'),
(323, 25, 'شورت', '0.00', 0, NULL, '2024-09-13 15:39:02', '2024-09-13 15:39:02'),
(324, 25, 'بيجامة', '0.00', 0, NULL, '2024-09-13 15:39:02', '2024-09-13 15:39:02'),
(325, 25, 'بدلة سهرة', '0.00', 0, NULL, '2024-09-13 15:39:02', '2024-09-13 15:39:02'),
(326, 26, 'بدلة عسكرية', '0.00', 0, NULL, '2024-09-13 15:39:02', '2024-09-13 15:39:02'),
(327, 26, 'جاكيت', '0.00', 0, NULL, '2024-09-13 15:39:02', '2024-09-13 15:39:02'),
(328, 26, 'ثوب', '0.00', 0, NULL, '2024-09-13 15:39:02', '2024-09-13 15:39:02'),
(329, 26, 'ثوب بليزر', '0.00', 0, NULL, '2024-09-13 15:39:02', '2024-09-13 15:39:02'),
(330, 26, 'منشفة صغيرة', '0.00', 0, NULL, '2024-09-13 15:39:02', '2024-09-13 15:39:02'),
(331, 26, 'منشفة كبيرة', '0.00', 0, NULL, '2024-09-13 15:39:02', '2024-09-13 15:39:02'),
(332, 26, 'غترة/شال', '0.00', 0, NULL, '2024-09-13 15:39:02', '2024-09-13 15:39:02'),
(333, 26, 'جلابية', '0.00', 0, NULL, '2024-09-13 15:39:02', '2024-09-13 15:39:02'),
(334, 26, 'قفطان', '0.00', 0, NULL, '2024-09-13 15:39:02', '2024-09-13 15:39:02'),
(335, 26, 'تي شيرت', '0.00', 0, NULL, '2024-09-13 15:39:02', '2024-09-13 15:39:02'),
(336, 26, 'بدلة', '0.00', 0, NULL, '2024-09-13 15:39:02', '2024-09-13 15:39:02'),
(337, 26, 'عباءة', '0.00', 0, NULL, '2024-09-13 15:39:02', '2024-09-13 15:39:02'),
(338, 26, 'قمصان', '0.00', 0, NULL, '2024-09-13 15:39:02', '2024-09-13 15:39:02'),
(339, 26, 'قميص مخصص', '0.00', 0, NULL, '2024-09-13 15:39:02', '2024-09-13 15:39:02'),
(340, 26, 'بنطلون', '0.00', 0, NULL, '2024-09-13 15:39:02', '2024-09-13 15:39:02'),
(341, 26, 'جينز', '0.00', 0, NULL, '2024-09-13 15:39:02', '2024-09-13 15:39:02'),
(342, 26, 'منديل', '0.00', 0, NULL, '2024-09-13 15:39:02', '2024-09-13 15:39:02'),
(343, 26, 'بلوفر', '0.00', 0, NULL, '2024-09-13 15:39:02', '2024-09-13 15:39:02'),
(344, 26, 'شورت', '0.00', 0, NULL, '2024-09-13 15:39:02', '2024-09-13 15:39:02'),
(345, 26, 'بيجامة', '0.00', 0, NULL, '2024-09-13 15:39:02', '2024-09-13 15:39:02'),
(346, 26, 'بدلة سهرة', '0.00', 0, NULL, '2024-09-13 15:39:02', '2024-09-13 15:39:02'),
(347, 27, 'بدلة عسكرية', '0.00', 0, NULL, '2024-09-13 15:39:02', '2024-09-13 15:39:02'),
(348, 27, 'جاكيت', '0.00', 0, NULL, '2024-09-13 15:39:02', '2024-09-13 15:39:02'),
(349, 27, 'ثوب', '0.00', 0, NULL, '2024-09-13 15:39:02', '2024-09-13 15:39:02'),
(350, 27, 'ثوب بليزر', '0.00', 0, NULL, '2024-09-13 15:39:02', '2024-09-13 15:39:02'),
(351, 27, 'منشفة صغيرة', '0.00', 0, NULL, '2024-09-13 15:39:02', '2024-09-13 15:39:02'),
(352, 27, 'منشفة كبيرة', '0.00', 0, NULL, '2024-09-13 15:39:02', '2024-09-13 15:39:02'),
(353, 27, 'غترة/شال', '0.00', 0, NULL, '2024-09-13 15:39:02', '2024-09-13 15:39:02'),
(354, 27, 'جلابية', '0.00', 0, NULL, '2024-09-13 15:39:02', '2024-09-13 15:39:02'),
(355, 27, 'قفطان', '0.00', 0, NULL, '2024-09-13 15:39:02', '2024-09-13 15:39:02'),
(356, 27, 'تي شيرت', '0.00', 0, NULL, '2024-09-13 15:39:02', '2024-09-13 15:39:02'),
(357, 27, 'بدلة', '0.00', 0, NULL, '2024-09-13 15:39:02', '2024-09-13 15:39:02'),
(358, 27, 'عباءة', '0.00', 0, NULL, '2024-09-13 15:39:02', '2024-09-13 15:39:02'),
(359, 27, 'قمصان', '0.00', 0, NULL, '2024-09-13 15:39:02', '2024-09-13 15:39:02'),
(360, 27, 'قميص مخصص', '0.00', 0, NULL, '2024-09-13 15:39:02', '2024-09-13 15:39:02'),
(361, 27, 'بنطلون', '0.00', 0, NULL, '2024-09-13 15:39:02', '2024-09-13 15:39:02'),
(362, 27, 'جينز', '0.00', 0, NULL, '2024-09-13 15:39:02', '2024-09-13 15:39:02'),
(363, 27, 'منديل', '0.00', 0, NULL, '2024-09-13 15:39:02', '2024-09-13 15:39:02'),
(364, 27, 'بلوفر', '0.00', 0, NULL, '2024-09-13 15:39:02', '2024-09-13 15:39:02'),
(365, 27, 'شورت', '0.00', 0, NULL, '2024-09-13 15:39:02', '2024-09-13 15:39:02'),
(366, 27, 'بيجامة', '0.00', 0, NULL, '2024-09-13 15:39:02', '2024-09-13 15:39:02'),
(367, 27, 'بدلة سهرة', '0.00', 0, NULL, '2024-09-13 15:39:02', '2024-09-13 15:39:02'),
(368, 28, 'بطانية نفر', '0.00', 0, NULL, '2024-09-13 15:39:02', '2024-09-13 15:39:02'),
(369, 28, 'بطانية نفرين', '0.00', 0, NULL, '2024-09-13 15:39:02', '2024-09-13 15:39:02'),
(370, 28, 'مفرش نفر', '0.00', 0, NULL, '2024-09-13 15:39:02', '2024-09-13 15:39:02'),
(371, 28, 'مفرش نفرين', '0.00', 0, NULL, '2024-09-13 15:39:02', '2024-09-13 15:39:02'),
(372, 28, 'شرشف', '0.00', 0, NULL, '2024-09-13 15:39:02', '2024-09-13 15:39:02'),
(373, 28, 'مخذه', '0.00', 0, NULL, '2024-09-13 15:39:02', '2024-09-13 15:39:02'),
(374, 28, 'كيس مخذه', '0.00', 0, NULL, '2024-09-13 15:39:02', '2024-09-13 15:39:02'),
(375, 29, 'فستان زفاف', '0.00', 0, NULL, '2024-09-13 15:39:02', '2024-09-13 15:39:02'),
(376, 29, 'فستان صغير', '0.00', 0, NULL, '2024-09-13 15:39:02', '2024-09-13 15:39:02'),
(377, 29, 'فستان كبير', '0.00', 0, NULL, '2024-09-13 15:39:02', '2024-09-13 15:39:02'),
(378, 30, 'حذاء رياضي', '0.00', 0, NULL, '2024-09-13 15:39:02', '2024-09-13 15:39:02'),
(379, 30, 'حذاء جلد', '0.00', 0, NULL, '2024-09-13 15:39:02', '2024-09-13 15:39:02'),
(380, 30, 'حذاء قماش', '0.00', 0, NULL, '2024-09-13 15:39:02', '2024-09-13 15:39:02'),
(381, 31, 'بدلة عسكرية', '0.00', 0, NULL, '2024-09-13 15:39:02', '2024-09-13 15:39:02'),
(382, 31, 'جاكيت', '0.00', 0, NULL, '2024-09-13 15:39:02', '2024-09-13 15:39:02'),
(383, 31, 'ثوب', '0.00', 0, NULL, '2024-09-13 15:39:02', '2024-09-13 15:39:02'),
(384, 31, 'ثوب بليزر', '0.00', 0, NULL, '2024-09-13 15:39:02', '2024-09-13 15:39:02'),
(385, 31, 'منشفة صغيرة', '0.00', 0, NULL, '2024-09-13 15:39:02', '2024-09-13 15:39:02'),
(386, 31, 'منشفة كبيرة', '0.00', 0, NULL, '2024-09-13 15:39:02', '2024-09-13 15:39:02'),
(387, 31, 'غترة/شال', '0.00', 0, NULL, '2024-09-13 15:39:02', '2024-09-13 15:39:02'),
(388, 31, 'جلابية', '0.00', 0, NULL, '2024-09-13 15:39:02', '2024-09-13 15:39:02'),
(389, 31, 'قفطان', '0.00', 0, NULL, '2024-09-13 15:39:02', '2024-09-13 15:39:02'),
(390, 31, 'تي شيرت', '0.00', 0, NULL, '2024-09-13 15:39:02', '2024-09-13 15:39:02'),
(391, 31, 'بدلة', '0.00', 0, NULL, '2024-09-13 15:39:02', '2024-09-13 15:39:02'),
(392, 31, 'عباءة', '0.00', 0, NULL, '2024-09-13 15:39:02', '2024-09-13 15:39:02'),
(393, 31, 'قمصان', '0.00', 0, NULL, '2024-09-13 15:39:02', '2024-09-13 15:39:02'),
(394, 31, 'قميص مخصص', '0.00', 0, NULL, '2024-09-13 15:39:02', '2024-09-13 15:39:02'),
(395, 31, 'بنطلون', '0.00', 0, NULL, '2024-09-13 15:39:02', '2024-09-13 15:39:02'),
(396, 31, 'جينز', '0.00', 0, NULL, '2024-09-13 15:39:02', '2024-09-13 15:39:02'),
(397, 31, 'منديل', '0.00', 0, NULL, '2024-09-13 15:39:02', '2024-09-13 15:39:02'),
(398, 31, 'بلوفر', '0.00', 0, NULL, '2024-09-13 15:39:02', '2024-09-13 15:39:02'),
(399, 31, 'شورت', '0.00', 0, NULL, '2024-09-13 15:39:02', '2024-09-13 15:39:02'),
(400, 31, 'بيجامة', '0.00', 0, NULL, '2024-09-13 15:39:02', '2024-09-13 15:39:02'),
(401, 31, 'بدلة سهرة', '0.00', 0, NULL, '2024-09-13 15:39:02', '2024-09-13 15:39:02'),
(402, 32, 'بدلة عسكرية', '0.00', 0, NULL, '2024-09-13 15:39:02', '2024-09-13 15:39:02'),
(403, 32, 'جاكيت', '0.00', 0, NULL, '2024-09-13 15:39:02', '2024-09-13 15:39:02'),
(404, 32, 'ثوب', '0.00', 0, NULL, '2024-09-13 15:39:02', '2024-09-13 15:39:02'),
(405, 32, 'ثوب بليزر', '0.00', 0, NULL, '2024-09-13 15:39:02', '2024-09-13 15:39:02'),
(406, 32, 'منشفة صغيرة', '0.00', 0, NULL, '2024-09-13 15:39:02', '2024-09-13 15:39:02'),
(407, 32, 'منشفة كبيرة', '0.00', 0, NULL, '2024-09-13 15:39:02', '2024-09-13 15:39:02'),
(408, 32, 'غترة/شال', '0.00', 0, NULL, '2024-09-13 15:39:02', '2024-09-13 15:39:02'),
(409, 32, 'جلابية', '0.00', 0, NULL, '2024-09-13 15:39:02', '2024-09-13 15:39:02'),
(410, 32, 'قفطان', '0.00', 0, NULL, '2024-09-13 15:39:02', '2024-09-13 15:39:02'),
(411, 32, 'تي شيرت', '0.00', 0, NULL, '2024-09-13 15:39:02', '2024-09-13 15:39:02'),
(412, 32, 'بدلة', '0.00', 0, NULL, '2024-09-13 15:39:02', '2024-09-13 15:39:02'),
(413, 32, 'عباءة', '0.00', 0, NULL, '2024-09-13 15:39:02', '2024-09-13 15:39:02'),
(414, 32, 'قمصان', '0.00', 0, NULL, '2024-09-13 15:39:02', '2024-09-13 15:39:02'),
(415, 32, 'قميص مخصص', '0.00', 0, NULL, '2024-09-13 15:39:02', '2024-09-13 15:39:02'),
(416, 32, 'بنطلون', '0.00', 0, NULL, '2024-09-13 15:39:02', '2024-09-13 15:39:02'),
(417, 32, 'جينز', '0.00', 0, NULL, '2024-09-13 15:39:02', '2024-09-13 15:39:02'),
(418, 32, 'منديل', '0.00', 0, NULL, '2024-09-13 15:39:02', '2024-09-13 15:39:02'),
(419, 32, 'بلوفر', '0.00', 0, NULL, '2024-09-13 15:39:02', '2024-09-13 15:39:02'),
(420, 32, 'شورت', '0.00', 0, NULL, '2024-09-13 15:39:02', '2024-09-13 15:39:02'),
(421, 32, 'بيجامة', '0.00', 0, NULL, '2024-09-13 15:39:02', '2024-09-13 15:39:02'),
(422, 32, 'بدلة سهرة', '0.00', 0, NULL, '2024-09-13 15:39:02', '2024-09-13 15:39:02'),
(423, 33, 'بدلة عسكرية', '0.00', 0, NULL, '2024-09-13 15:39:02', '2024-09-13 15:39:02'),
(424, 33, 'جاكيت', '0.00', 0, NULL, '2024-09-13 15:39:02', '2024-09-13 15:39:02'),
(425, 33, 'ثوب', '0.00', 0, NULL, '2024-09-13 15:39:02', '2024-09-13 15:39:02'),
(426, 33, 'ثوب بليزر', '0.00', 0, NULL, '2024-09-13 15:39:02', '2024-09-13 15:39:02'),
(427, 33, 'منشفة صغيرة', '0.00', 0, NULL, '2024-09-13 15:39:02', '2024-09-13 15:39:02'),
(428, 33, 'منشفة كبيرة', '0.00', 0, NULL, '2024-09-13 15:39:02', '2024-09-13 15:39:02'),
(429, 33, 'غترة/شال', '0.00', 0, NULL, '2024-09-13 15:39:02', '2024-09-13 15:39:02'),
(430, 33, 'جلابية', '0.00', 0, NULL, '2024-09-13 15:39:02', '2024-09-13 15:39:02'),
(431, 33, 'قفطان', '0.00', 0, NULL, '2024-09-13 15:39:02', '2024-09-13 15:39:02'),
(432, 33, 'تي شيرت', '0.00', 0, NULL, '2024-09-13 15:39:02', '2024-09-13 15:39:02'),
(433, 33, 'بدلة', '0.00', 0, NULL, '2024-09-13 15:39:02', '2024-09-13 15:39:02'),
(434, 33, 'عباءة', '0.00', 0, NULL, '2024-09-13 15:39:02', '2024-09-13 15:39:02'),
(435, 33, 'قمصان', '0.00', 0, NULL, '2024-09-13 15:39:02', '2024-09-13 15:39:02'),
(436, 33, 'قميص مخصص', '0.00', 0, NULL, '2024-09-13 15:39:02', '2024-09-13 15:39:02'),
(437, 33, 'بنطلون', '0.00', 0, NULL, '2024-09-13 15:39:02', '2024-09-13 15:39:02'),
(438, 33, 'جينز', '0.00', 0, NULL, '2024-09-13 15:39:02', '2024-09-13 15:39:02'),
(439, 33, 'منديل', '0.00', 0, NULL, '2024-09-13 15:39:02', '2024-09-13 15:39:02'),
(440, 33, 'بلوفر', '0.00', 0, NULL, '2024-09-13 15:39:02', '2024-09-13 15:39:02'),
(441, 33, 'شورت', '0.00', 0, NULL, '2024-09-13 15:39:02', '2024-09-13 15:39:02'),
(442, 33, 'بيجامة', '0.00', 0, NULL, '2024-09-13 15:39:02', '2024-09-13 15:39:02'),
(443, 33, 'بدلة سهرة', '0.00', 0, NULL, '2024-09-13 15:39:02', '2024-09-13 15:39:02'),
(444, 34, 'بطانية نفر', '0.00', 0, NULL, '2024-09-13 15:39:02', '2024-09-13 15:39:02'),
(445, 34, 'بطانية نفرين', '0.00', 0, NULL, '2024-09-13 15:39:02', '2024-09-13 15:39:02'),
(446, 34, 'مفرش نفر', '0.00', 0, NULL, '2024-09-13 15:39:02', '2024-09-13 15:39:02'),
(447, 34, 'مفرش نفرين', '0.00', 0, NULL, '2024-09-13 15:39:02', '2024-09-13 15:39:02'),
(448, 34, 'شرشف', '0.00', 0, NULL, '2024-09-13 15:39:02', '2024-09-13 15:39:02'),
(449, 34, 'مخذه', '0.00', 0, NULL, '2024-09-13 15:39:02', '2024-09-13 15:39:02'),
(450, 34, 'كيس مخذه', '0.00', 0, NULL, '2024-09-13 15:39:02', '2024-09-13 15:39:02'),
(451, 35, 'فستان زفاف', '0.00', 0, NULL, '2024-09-13 15:39:02', '2024-09-13 15:39:02'),
(452, 35, 'فستان صغير', '0.00', 0, NULL, '2024-09-13 15:39:02', '2024-09-13 15:39:02'),
(453, 35, 'فستان كبير', '0.00', 0, NULL, '2024-09-13 15:39:02', '2024-09-13 15:39:02'),
(454, 36, 'حذاء رياضي', '0.00', 0, NULL, '2024-09-13 15:39:02', '2024-09-13 15:39:02'),
(455, 36, 'حذاء جلد', '0.00', 0, NULL, '2024-09-13 15:39:02', '2024-09-13 15:39:02'),
(456, 36, 'حذاء قماش', '0.00', 0, NULL, '2024-09-13 15:39:02', '2024-09-13 15:39:02'),
(457, 37, 'بدلة عسكرية', '0.00', 0, NULL, '2024-09-13 15:39:02', '2024-09-13 15:39:02'),
(458, 37, 'جاكيت', '0.00', 0, NULL, '2024-09-13 15:39:02', '2024-09-13 15:39:02'),
(459, 37, 'ثوب', '0.00', 0, NULL, '2024-09-13 15:39:02', '2024-09-13 15:39:02'),
(460, 37, 'ثوب بليزر', '0.00', 0, NULL, '2024-09-13 15:39:02', '2024-09-13 15:39:02'),
(461, 37, 'منشفة صغيرة', '0.00', 0, NULL, '2024-09-13 15:39:02', '2024-09-13 15:39:02'),
(462, 37, 'منشفة كبيرة', '0.00', 0, NULL, '2024-09-13 15:39:02', '2024-09-13 15:39:02'),
(463, 37, 'غترة/شال', '0.00', 0, NULL, '2024-09-13 15:39:02', '2024-09-13 15:39:02'),
(464, 37, 'جلابية', '0.00', 0, NULL, '2024-09-13 15:39:02', '2024-09-13 15:39:02'),
(465, 37, 'قفطان', '0.00', 0, NULL, '2024-09-13 15:39:02', '2024-09-13 15:39:02'),
(466, 37, 'تي شيرت', '0.00', 0, NULL, '2024-09-13 15:39:02', '2024-09-13 15:39:02'),
(467, 37, 'بدلة', '0.00', 0, NULL, '2024-09-13 15:39:02', '2024-09-13 15:39:02'),
(468, 37, 'عباءة', '0.00', 0, NULL, '2024-09-13 15:39:02', '2024-09-13 15:39:02'),
(469, 37, 'قمصان', '0.00', 0, NULL, '2024-09-13 15:39:02', '2024-09-13 15:39:02'),
(470, 37, 'قميص مخصص', '0.00', 0, NULL, '2024-09-13 15:39:02', '2024-09-13 15:39:02'),
(471, 37, 'بنطلون', '0.00', 0, NULL, '2024-09-13 15:39:02', '2024-09-13 15:39:02'),
(472, 37, 'جينز', '0.00', 0, NULL, '2024-09-13 15:39:02', '2024-09-13 15:39:02'),
(473, 37, 'منديل', '0.00', 0, NULL, '2024-09-13 15:39:02', '2024-09-13 15:39:02'),
(474, 37, 'بلوفر', '0.00', 0, NULL, '2024-09-13 15:39:02', '2024-09-13 15:39:02'),
(475, 37, 'شورت', '0.00', 0, NULL, '2024-09-13 15:39:02', '2024-09-13 15:39:02'),
(476, 37, 'بيجامة', '0.00', 0, NULL, '2024-09-13 15:39:02', '2024-09-13 15:39:02'),
(477, 37, 'بدلة سهرة', '0.00', 0, NULL, '2024-09-13 15:39:02', '2024-09-13 15:39:02'),
(478, 38, 'بدلة عسكرية', '0.00', 0, NULL, '2024-09-13 15:39:02', '2024-09-13 15:39:02'),
(479, 38, 'جاكيت', '0.00', 0, NULL, '2024-09-13 15:39:02', '2024-09-13 15:39:02'),
(480, 38, 'ثوب', '0.00', 0, NULL, '2024-09-13 15:39:02', '2024-09-13 15:39:02'),
(481, 38, 'ثوب بليزر', '0.00', 0, NULL, '2024-09-13 15:39:02', '2024-09-13 15:39:02'),
(482, 38, 'منشفة صغيرة', '0.00', 0, NULL, '2024-09-13 15:39:02', '2024-09-13 15:39:02'),
(483, 38, 'منشفة كبيرة', '0.00', 0, NULL, '2024-09-13 15:39:02', '2024-09-13 15:39:02'),
(484, 38, 'غترة/شال', '0.00', 0, NULL, '2024-09-13 15:39:02', '2024-09-13 15:39:02'),
(485, 38, 'جلابية', '0.00', 0, NULL, '2024-09-13 15:39:02', '2024-09-13 15:39:02'),
(486, 38, 'قفطان', '0.00', 0, NULL, '2024-09-13 15:39:02', '2024-09-13 15:39:02'),
(487, 38, 'تي شيرت', '0.00', 0, NULL, '2024-09-13 15:39:02', '2024-09-13 15:39:02'),
(488, 38, 'بدلة', '0.00', 0, NULL, '2024-09-13 15:39:02', '2024-09-13 15:39:02'),
(489, 38, 'عباءة', '0.00', 0, NULL, '2024-09-13 15:39:02', '2024-09-13 15:39:02'),
(490, 38, 'قمصان', '0.00', 0, NULL, '2024-09-13 15:39:02', '2024-09-13 15:39:02'),
(491, 38, 'قميص مخصص', '0.00', 0, NULL, '2024-09-13 15:39:02', '2024-09-13 15:39:02'),
(492, 38, 'بنطلون', '0.00', 0, NULL, '2024-09-13 15:39:02', '2024-09-13 15:39:02'),
(493, 38, 'جينز', '0.00', 0, NULL, '2024-09-13 15:39:02', '2024-09-13 15:39:02'),
(494, 38, 'منديل', '0.00', 0, NULL, '2024-09-13 15:39:02', '2024-09-13 15:39:02'),
(495, 38, 'بلوفر', '0.00', 0, NULL, '2024-09-13 15:39:02', '2024-09-13 15:39:02'),
(496, 38, 'شورت', '0.00', 0, NULL, '2024-09-13 15:39:02', '2024-09-13 15:39:02'),
(497, 38, 'بيجامة', '0.00', 0, NULL, '2024-09-13 15:39:02', '2024-09-13 15:39:02'),
(498, 38, 'بدلة سهرة', '0.00', 0, NULL, '2024-09-13 15:39:02', '2024-09-13 15:39:02'),
(499, 39, 'بدلة عسكرية', '0.00', 0, NULL, '2024-09-13 15:39:02', '2024-09-13 15:39:02'),
(500, 39, 'جاكيت', '0.00', 0, NULL, '2024-09-13 15:39:02', '2024-09-13 15:39:02'),
(501, 39, 'ثوب', '0.00', 0, NULL, '2024-09-13 15:39:02', '2024-09-13 15:39:02'),
(502, 39, 'ثوب بليزر', '0.00', 0, NULL, '2024-09-13 15:39:02', '2024-09-13 15:39:02'),
(503, 39, 'منشفة صغيرة', '0.00', 0, NULL, '2024-09-13 15:39:02', '2024-09-13 15:39:02'),
(504, 39, 'منشفة كبيرة', '0.00', 0, NULL, '2024-09-13 15:39:02', '2024-09-13 15:39:02'),
(505, 39, 'غترة/شال', '0.00', 0, NULL, '2024-09-13 15:39:02', '2024-09-13 15:39:02'),
(506, 39, 'جلابية', '0.00', 0, NULL, '2024-09-13 15:39:02', '2024-09-13 15:39:02'),
(507, 39, 'قفطان', '0.00', 0, NULL, '2024-09-13 15:39:02', '2024-09-13 15:39:02'),
(508, 39, 'تي شيرت', '0.00', 0, NULL, '2024-09-13 15:39:02', '2024-09-13 15:39:02'),
(509, 39, 'بدلة', '0.00', 0, NULL, '2024-09-13 15:39:02', '2024-09-13 15:39:02'),
(510, 39, 'عباءة', '0.00', 0, NULL, '2024-09-13 15:39:02', '2024-09-13 15:39:02'),
(511, 39, 'قمصان', '0.00', 0, NULL, '2024-09-13 15:39:02', '2024-09-13 15:39:02'),
(512, 39, 'قميص مخصص', '0.00', 0, NULL, '2024-09-13 15:39:02', '2024-09-13 15:39:02'),
(513, 39, 'بنطلون', '0.00', 0, NULL, '2024-09-13 15:39:02', '2024-09-13 15:39:02'),
(514, 39, 'جينز', '0.00', 0, NULL, '2024-09-13 15:39:02', '2024-09-13 15:39:02'),
(515, 39, 'منديل', '0.00', 0, NULL, '2024-09-13 15:39:02', '2024-09-13 15:39:02'),
(516, 39, 'بلوفر', '0.00', 0, NULL, '2024-09-13 15:39:02', '2024-09-13 15:39:02'),
(517, 39, 'شورت', '0.00', 0, NULL, '2024-09-13 15:39:02', '2024-09-13 15:39:02'),
(518, 39, 'بيجامة', '0.00', 0, NULL, '2024-09-13 15:39:02', '2024-09-13 15:39:02'),
(519, 39, 'بدلة سهرة', '0.00', 0, NULL, '2024-09-13 15:39:02', '2024-09-13 15:39:02'),
(520, 40, 'بطانية نفر', '0.00', 0, NULL, '2024-09-13 15:39:02', '2024-09-13 15:39:02'),
(521, 40, 'بطانية نفرين', '0.00', 0, NULL, '2024-09-13 15:39:02', '2024-09-13 15:39:02'),
(522, 40, 'مفرش نفر', '0.00', 0, NULL, '2024-09-13 15:39:02', '2024-09-13 15:39:02'),
(523, 40, 'مفرش نفرين', '0.00', 0, NULL, '2024-09-13 15:39:02', '2024-09-13 15:39:02'),
(524, 40, 'شرشف', '0.00', 0, NULL, '2024-09-13 15:39:02', '2024-09-13 15:39:02'),
(525, 40, 'مخذه', '0.00', 0, NULL, '2024-09-13 15:39:02', '2024-09-13 15:39:02'),
(526, 40, 'كيس مخذه', '0.00', 0, NULL, '2024-09-13 15:39:02', '2024-09-13 15:39:02'),
(527, 41, 'فستان زفاف', '0.00', 0, NULL, '2024-09-13 15:39:02', '2024-09-13 15:39:02'),
(528, 41, 'فستان صغير', '0.00', 0, NULL, '2024-09-13 15:39:02', '2024-09-13 15:39:02'),
(529, 41, 'فستان كبير', '0.00', 0, NULL, '2024-09-13 15:39:02', '2024-09-13 15:39:02'),
(530, 42, 'حذاء رياضي', '0.00', 0, NULL, '2024-09-13 15:39:02', '2024-09-13 15:39:02'),
(531, 42, 'حذاء جلد', '0.00', 0, NULL, '2024-09-13 15:39:02', '2024-09-13 15:39:02'),
(532, 42, 'حذاء قماش', '0.00', 0, NULL, '2024-09-13 15:39:02', '2024-09-13 15:39:02'),
(533, 43, 'بدلة عسكرية', '0.00', 0, NULL, '2024-09-13 15:39:02', '2024-09-13 15:39:02'),
(534, 43, 'جاكيت', '0.00', 0, NULL, '2024-09-13 15:39:02', '2024-09-13 15:39:02'),
(535, 43, 'ثوب', '0.00', 0, NULL, '2024-09-13 15:39:02', '2024-09-13 15:39:02'),
(536, 43, 'ثوب بليزر', '0.00', 0, NULL, '2024-09-13 15:39:02', '2024-09-13 15:39:02'),
(537, 43, 'منشفة صغيرة', '0.00', 0, NULL, '2024-09-13 15:39:02', '2024-09-13 15:39:02'),
(538, 43, 'منشفة كبيرة', '0.00', 0, NULL, '2024-09-13 15:39:02', '2024-09-13 15:39:02'),
(539, 43, 'غترة/شال', '0.00', 0, NULL, '2024-09-13 15:39:02', '2024-09-13 15:39:02'),
(540, 43, 'جلابية', '0.00', 0, NULL, '2024-09-13 15:39:02', '2024-09-13 15:39:02'),
(541, 43, 'قفطان', '0.00', 0, NULL, '2024-09-13 15:39:02', '2024-09-13 15:39:02'),
(542, 43, 'تي شيرت', '0.00', 0, NULL, '2024-09-13 15:39:02', '2024-09-13 15:39:02'),
(543, 43, 'بدلة', '0.00', 0, NULL, '2024-09-13 15:39:02', '2024-09-13 15:39:02'),
(544, 43, 'عباءة', '0.00', 0, NULL, '2024-09-13 15:39:02', '2024-09-13 15:39:02'),
(545, 43, 'قمصان', '0.00', 0, NULL, '2024-09-13 15:39:02', '2024-09-13 15:39:02'),
(546, 43, 'قميص مخصص', '0.00', 0, NULL, '2024-09-13 15:39:02', '2024-09-13 15:39:02'),
(547, 43, 'بنطلون', '0.00', 0, NULL, '2024-09-13 15:39:02', '2024-09-13 15:39:02'),
(548, 43, 'جينز', '0.00', 0, NULL, '2024-09-13 15:39:02', '2024-09-13 15:39:02'),
(549, 43, 'منديل', '0.00', 0, NULL, '2024-09-13 15:39:02', '2024-09-13 15:39:02'),
(550, 43, 'بلوفر', '0.00', 0, NULL, '2024-09-13 15:39:02', '2024-09-13 15:39:02'),
(551, 43, 'شورت', '0.00', 0, NULL, '2024-09-13 15:39:02', '2024-09-13 15:39:02'),
(552, 43, 'بيجامة', '0.00', 0, NULL, '2024-09-13 15:39:02', '2024-09-13 15:39:02'),
(553, 43, 'بدلة سهرة', '0.00', 0, NULL, '2024-09-13 15:39:02', '2024-09-13 15:39:02'),
(554, 44, 'بدلة عسكرية', '0.00', 0, NULL, '2024-09-13 15:39:02', '2024-09-13 15:39:02'),
(555, 44, 'جاكيت', '0.00', 0, NULL, '2024-09-13 15:39:02', '2024-09-13 15:39:02'),
(556, 44, 'ثوب', '0.00', 0, NULL, '2024-09-13 15:39:02', '2024-09-13 15:39:02'),
(557, 44, 'ثوب بليزر', '0.00', 0, NULL, '2024-09-13 15:39:02', '2024-09-13 15:39:02'),
(558, 44, 'منشفة صغيرة', '0.00', 0, NULL, '2024-09-13 15:39:02', '2024-09-13 15:39:02'),
(559, 44, 'منشفة كبيرة', '0.00', 0, NULL, '2024-09-13 15:39:02', '2024-09-13 15:39:02'),
(560, 44, 'غترة/شال', '0.00', 0, NULL, '2024-09-13 15:39:02', '2024-09-13 15:39:02'),
(561, 44, 'جلابية', '0.00', 0, NULL, '2024-09-13 15:39:02', '2024-09-13 15:39:02'),
(562, 44, 'قفطان', '0.00', 0, NULL, '2024-09-13 15:39:02', '2024-09-13 15:39:02'),
(563, 44, 'تي شيرت', '0.00', 0, NULL, '2024-09-13 15:39:02', '2024-09-13 15:39:02'),
(564, 44, 'بدلة', '0.00', 0, NULL, '2024-09-13 15:39:02', '2024-09-13 15:39:02'),
(565, 44, 'عباءة', '0.00', 0, NULL, '2024-09-13 15:39:02', '2024-09-13 15:39:02'),
(566, 44, 'قمصان', '0.00', 0, NULL, '2024-09-13 15:39:02', '2024-09-13 15:39:02'),
(567, 44, 'قميص مخصص', '0.00', 0, NULL, '2024-09-13 15:39:02', '2024-09-13 15:39:02'),
(568, 44, 'بنطلون', '0.00', 0, NULL, '2024-09-13 15:39:02', '2024-09-13 15:39:02'),
(569, 44, 'جينز', '0.00', 0, NULL, '2024-09-13 15:39:02', '2024-09-13 15:39:02'),
(570, 44, 'منديل', '0.00', 0, NULL, '2024-09-13 15:39:02', '2024-09-13 15:39:02'),
(571, 44, 'بلوفر', '0.00', 0, NULL, '2024-09-13 15:39:02', '2024-09-13 15:39:02'),
(572, 44, 'شورت', '0.00', 0, NULL, '2024-09-13 15:39:02', '2024-09-13 15:39:02'),
(573, 44, 'بيجامة', '0.00', 0, NULL, '2024-09-13 15:39:02', '2024-09-13 15:39:02'),
(574, 44, 'بدلة سهرة', '0.00', 0, NULL, '2024-09-13 15:39:02', '2024-09-13 15:39:02'),
(575, 45, 'بدلة عسكرية', '0.00', 0, NULL, '2024-09-13 15:39:02', '2024-09-13 15:39:02'),
(576, 45, 'جاكيت', '0.00', 0, NULL, '2024-09-13 15:39:02', '2024-09-13 15:39:02'),
(577, 45, 'ثوب', '0.00', 0, NULL, '2024-09-13 15:39:02', '2024-09-13 15:39:02'),
(578, 45, 'ثوب بليزر', '0.00', 0, NULL, '2024-09-13 15:39:02', '2024-09-13 15:39:02'),
(579, 45, 'منشفة صغيرة', '0.00', 0, NULL, '2024-09-13 15:39:02', '2024-09-13 15:39:02'),
(580, 45, 'منشفة كبيرة', '0.00', 0, NULL, '2024-09-13 15:39:02', '2024-09-13 15:39:02'),
(581, 45, 'غترة/شال', '0.00', 0, NULL, '2024-09-13 15:39:02', '2024-09-13 15:39:02'),
(582, 45, 'جلابية', '0.00', 0, NULL, '2024-09-13 15:39:02', '2024-09-13 15:39:02'),
(583, 45, 'قفطان', '0.00', 0, NULL, '2024-09-13 15:39:02', '2024-09-13 15:39:02'),
(584, 45, 'تي شيرت', '0.00', 0, NULL, '2024-09-13 15:39:02', '2024-09-13 15:39:02'),
(585, 45, 'بدلة', '0.00', 0, NULL, '2024-09-13 15:39:02', '2024-09-13 15:39:02'),
(586, 45, 'عباءة', '0.00', 0, NULL, '2024-09-13 15:39:02', '2024-09-13 15:39:02'),
(587, 45, 'قمصان', '0.00', 0, NULL, '2024-09-13 15:39:02', '2024-09-13 15:39:02'),
(588, 45, 'قميص مخصص', '0.00', 0, NULL, '2024-09-13 15:39:02', '2024-09-13 15:39:02'),
(589, 45, 'بنطلون', '0.00', 0, NULL, '2024-09-13 15:39:02', '2024-09-13 15:39:02'),
(590, 45, 'جينز', '0.00', 0, NULL, '2024-09-13 15:39:02', '2024-09-13 15:39:02'),
(591, 45, 'منديل', '0.00', 0, NULL, '2024-09-13 15:39:02', '2024-09-13 15:39:02'),
(592, 45, 'بلوفر', '0.00', 0, NULL, '2024-09-13 15:39:02', '2024-09-13 15:39:02'),
(593, 45, 'شورت', '0.00', 0, NULL, '2024-09-13 15:39:02', '2024-09-13 15:39:02'),
(594, 45, 'بيجامة', '0.00', 0, NULL, '2024-09-13 15:39:02', '2024-09-13 15:39:02'),
(595, 45, 'بدلة سهرة', '0.00', 0, NULL, '2024-09-13 15:39:02', '2024-09-13 15:39:02'),
(596, 46, 'بطانية نفر', '0.00', 0, NULL, '2024-09-13 15:39:02', '2024-09-13 15:39:02'),
(597, 46, 'بطانية نفرين', '0.00', 0, NULL, '2024-09-13 15:39:02', '2024-09-13 15:39:02'),
(598, 46, 'مفرش نفر', '0.00', 0, NULL, '2024-09-13 15:39:02', '2024-09-13 15:39:02'),
(599, 46, 'مفرش نفرين', '0.00', 0, NULL, '2024-09-13 15:39:02', '2024-09-13 15:39:02'),
(600, 46, 'شرشف', '0.00', 0, NULL, '2024-09-13 15:39:02', '2024-09-13 15:39:02'),
(601, 46, 'مخذه', '0.00', 0, NULL, '2024-09-13 15:39:02', '2024-09-13 15:39:02'),
(602, 46, 'كيس مخذه', '0.00', 0, NULL, '2024-09-13 15:39:02', '2024-09-13 15:39:02'),
(603, 47, 'فستان زفاف', '0.00', 0, NULL, '2024-09-13 15:39:02', '2024-09-13 15:39:02'),
(604, 47, 'فستان صغير', '0.00', 0, NULL, '2024-09-13 15:39:02', '2024-09-13 15:39:02');
INSERT INTO `services` (`id`, `service_category_id`, `name`, `price`, `is_express`, `description`, `created_at`, `updated_at`) VALUES
(605, 47, 'فستان كبير', '0.00', 0, NULL, '2024-09-13 15:39:02', '2024-09-13 15:39:02'),
(606, 48, 'حذاء رياضي', '0.00', 0, NULL, '2024-09-13 15:39:02', '2024-09-13 15:39:02'),
(607, 48, 'حذاء جلد', '0.00', 0, NULL, '2024-09-13 15:39:02', '2024-09-13 15:39:02'),
(608, 48, 'حذاء قماش', '0.00', 0, NULL, '2024-09-13 15:39:02', '2024-09-13 15:39:02'),
(609, 49, 'بدلة عسكرية', '0.00', 0, NULL, '2024-09-13 15:39:02', '2024-09-13 15:39:02'),
(610, 49, 'جاكيت', '0.00', 0, NULL, '2024-09-13 15:39:02', '2024-09-13 15:39:02'),
(611, 49, 'ثوب', '0.00', 0, NULL, '2024-09-13 15:39:02', '2024-09-13 15:39:02'),
(612, 49, 'ثوب بليزر', '0.00', 0, NULL, '2024-09-13 15:39:02', '2024-09-13 15:39:02'),
(613, 49, 'منشفة صغيرة', '0.00', 0, NULL, '2024-09-13 15:39:02', '2024-09-13 15:39:02'),
(614, 49, 'منشفة كبيرة', '0.00', 0, NULL, '2024-09-13 15:39:02', '2024-09-13 15:39:02'),
(615, 49, 'غترة/شال', '0.00', 0, NULL, '2024-09-13 15:39:02', '2024-09-13 15:39:02'),
(616, 49, 'جلابية', '0.00', 0, NULL, '2024-09-13 15:39:02', '2024-09-13 15:39:02'),
(617, 49, 'قفطان', '0.00', 0, NULL, '2024-09-13 15:39:02', '2024-09-13 15:39:02'),
(618, 49, 'تي شيرت', '0.00', 0, NULL, '2024-09-13 15:39:02', '2024-09-13 15:39:02'),
(619, 49, 'بدلة', '0.00', 0, NULL, '2024-09-13 15:39:02', '2024-09-13 15:39:02'),
(620, 49, 'عباءة', '0.00', 0, NULL, '2024-09-13 15:39:02', '2024-09-13 15:39:02'),
(621, 49, 'قمصان', '0.00', 0, NULL, '2024-09-13 15:39:02', '2024-09-13 15:39:02'),
(622, 49, 'قميص مخصص', '0.00', 0, NULL, '2024-09-13 15:39:02', '2024-09-13 15:39:02'),
(623, 49, 'بنطلون', '0.00', 0, NULL, '2024-09-13 15:39:02', '2024-09-13 15:39:02'),
(624, 49, 'جينز', '0.00', 0, NULL, '2024-09-13 15:39:02', '2024-09-13 15:39:02'),
(625, 49, 'منديل', '0.00', 0, NULL, '2024-09-13 15:39:02', '2024-09-13 15:39:02'),
(626, 49, 'بلوفر', '0.00', 0, NULL, '2024-09-13 15:39:02', '2024-09-13 15:39:02'),
(627, 49, 'شورت', '0.00', 0, NULL, '2024-09-13 15:39:02', '2024-09-13 15:39:02'),
(628, 49, 'بيجامة', '0.00', 0, NULL, '2024-09-13 15:39:02', '2024-09-13 15:39:02'),
(629, 49, 'بدلة سهرة', '0.00', 0, NULL, '2024-09-13 15:39:02', '2024-09-13 15:39:02'),
(630, 50, 'بدلة عسكرية', '0.00', 0, NULL, '2024-09-13 15:39:02', '2024-09-13 15:39:02'),
(631, 50, 'جاكيت', '0.00', 0, NULL, '2024-09-13 15:39:02', '2024-09-13 15:39:02'),
(632, 50, 'ثوب', '0.00', 0, NULL, '2024-09-13 15:39:02', '2024-09-13 15:39:02'),
(633, 50, 'ثوب بليزر', '0.00', 0, NULL, '2024-09-13 15:39:02', '2024-09-13 15:39:02'),
(634, 50, 'منشفة صغيرة', '0.00', 0, NULL, '2024-09-13 15:39:02', '2024-09-13 15:39:02'),
(635, 50, 'منشفة كبيرة', '0.00', 0, NULL, '2024-09-13 15:39:02', '2024-09-13 15:39:02'),
(636, 50, 'غترة/شال', '0.00', 0, NULL, '2024-09-13 15:39:02', '2024-09-13 15:39:02'),
(637, 50, 'جلابية', '0.00', 0, NULL, '2024-09-13 15:39:02', '2024-09-13 15:39:02'),
(638, 50, 'قفطان', '0.00', 0, NULL, '2024-09-13 15:39:02', '2024-09-13 15:39:02'),
(639, 50, 'تي شيرت', '0.00', 0, NULL, '2024-09-13 15:39:02', '2024-09-13 15:39:02'),
(640, 50, 'بدلة', '0.00', 0, NULL, '2024-09-13 15:39:02', '2024-09-13 15:39:02'),
(641, 50, 'عباءة', '0.00', 0, NULL, '2024-09-13 15:39:02', '2024-09-13 15:39:02'),
(642, 50, 'قمصان', '0.00', 0, NULL, '2024-09-13 15:39:02', '2024-09-13 15:39:02'),
(643, 50, 'قميص مخصص', '0.00', 0, NULL, '2024-09-13 15:39:02', '2024-09-13 15:39:02'),
(644, 50, 'بنطلون', '0.00', 0, NULL, '2024-09-13 15:39:02', '2024-09-13 15:39:02'),
(645, 50, 'جينز', '0.00', 0, NULL, '2024-09-13 15:39:02', '2024-09-13 15:39:02'),
(646, 50, 'منديل', '0.00', 0, NULL, '2024-09-13 15:39:02', '2024-09-13 15:39:02'),
(647, 50, 'بلوفر', '0.00', 0, NULL, '2024-09-13 15:39:02', '2024-09-13 15:39:02'),
(648, 50, 'شورت', '0.00', 0, NULL, '2024-09-13 15:39:02', '2024-09-13 15:39:02'),
(649, 50, 'بيجامة', '0.00', 0, NULL, '2024-09-13 15:39:02', '2024-09-13 15:39:02'),
(650, 50, 'بدلة سهرة', '0.00', 0, NULL, '2024-09-13 15:39:02', '2024-09-13 15:39:02'),
(651, 51, 'بدلة عسكرية', '0.00', 0, NULL, '2024-09-13 15:39:02', '2024-09-13 15:39:02'),
(652, 51, 'جاكيت', '0.00', 0, NULL, '2024-09-13 15:39:02', '2024-09-13 15:39:02'),
(653, 51, 'ثوب', '0.00', 0, NULL, '2024-09-13 15:39:02', '2024-09-13 15:39:02'),
(654, 51, 'ثوب بليزر', '0.00', 0, NULL, '2024-09-13 15:39:02', '2024-09-13 15:39:02'),
(655, 51, 'منشفة صغيرة', '0.00', 0, NULL, '2024-09-13 15:39:02', '2024-09-13 15:39:02'),
(656, 51, 'منشفة كبيرة', '0.00', 0, NULL, '2024-09-13 15:39:02', '2024-09-13 15:39:02'),
(657, 51, 'غترة/شال', '0.00', 0, NULL, '2024-09-13 15:39:02', '2024-09-13 15:39:02'),
(658, 51, 'جلابية', '0.00', 0, NULL, '2024-09-13 15:39:02', '2024-09-13 15:39:02'),
(659, 51, 'قفطان', '0.00', 0, NULL, '2024-09-13 15:39:02', '2024-09-13 15:39:02'),
(660, 51, 'تي شيرت', '0.00', 0, NULL, '2024-09-13 15:39:02', '2024-09-13 15:39:02'),
(661, 51, 'بدلة', '0.00', 0, NULL, '2024-09-13 15:39:02', '2024-09-13 15:39:02'),
(662, 51, 'عباءة', '0.00', 0, NULL, '2024-09-13 15:39:02', '2024-09-13 15:39:02'),
(663, 51, 'قمصان', '0.00', 0, NULL, '2024-09-13 15:39:02', '2024-09-13 15:39:02'),
(664, 51, 'قميص مخصص', '0.00', 0, NULL, '2024-09-13 15:39:02', '2024-09-13 15:39:02'),
(665, 51, 'بنطلون', '0.00', 0, NULL, '2024-09-13 15:39:02', '2024-09-13 15:39:02'),
(666, 51, 'جينز', '0.00', 0, NULL, '2024-09-13 15:39:02', '2024-09-13 15:39:02'),
(667, 51, 'منديل', '0.00', 0, NULL, '2024-09-13 15:39:02', '2024-09-13 15:39:02'),
(668, 51, 'بلوفر', '0.00', 0, NULL, '2024-09-13 15:39:02', '2024-09-13 15:39:02'),
(669, 51, 'شورت', '0.00', 0, NULL, '2024-09-13 15:39:02', '2024-09-13 15:39:02'),
(670, 51, 'بيجامة', '0.00', 0, NULL, '2024-09-13 15:39:02', '2024-09-13 15:39:02'),
(671, 51, 'بدلة سهرة', '0.00', 0, NULL, '2024-09-13 15:39:02', '2024-09-13 15:39:02'),
(672, 52, 'بطانية نفر', '0.00', 0, NULL, '2024-09-13 15:39:02', '2024-09-13 15:39:02'),
(673, 52, 'بطانية نفرين', '0.00', 0, NULL, '2024-09-13 15:39:02', '2024-09-13 15:39:02'),
(674, 52, 'مفرش نفر', '0.00', 0, NULL, '2024-09-13 15:39:02', '2024-09-13 15:39:02'),
(675, 52, 'مفرش نفرين', '0.00', 0, NULL, '2024-09-13 15:39:02', '2024-09-13 15:39:02'),
(676, 52, 'شرشف', '0.00', 0, NULL, '2024-09-13 15:39:02', '2024-09-13 15:39:02'),
(677, 52, 'مخذه', '0.00', 0, NULL, '2024-09-13 15:39:02', '2024-09-13 15:39:02'),
(678, 52, 'كيس مخذه', '0.00', 0, NULL, '2024-09-13 15:39:02', '2024-09-13 15:39:02'),
(679, 53, 'فستان زفاف', '0.00', 0, NULL, '2024-09-13 15:39:02', '2024-09-13 15:39:02'),
(680, 53, 'فستان صغير', '0.00', 0, NULL, '2024-09-13 15:39:02', '2024-09-13 15:39:02'),
(681, 53, 'فستان كبير', '0.00', 0, NULL, '2024-09-13 15:39:02', '2024-09-13 15:39:02'),
(682, 54, 'حذاء رياضي', '0.00', 0, NULL, '2024-09-13 15:39:02', '2024-09-13 15:39:02'),
(683, 54, 'حذاء جلد', '0.00', 0, NULL, '2024-09-13 15:39:02', '2024-09-13 15:39:02'),
(684, 54, 'حذاء قماش', '0.00', 0, NULL, '2024-09-13 15:39:02', '2024-09-13 15:39:02'),
(685, 55, 'بدلة عسكرية', '0.00', 0, NULL, '2024-09-13 15:39:02', '2024-09-13 15:39:02'),
(686, 55, 'جاكيت', '0.00', 0, NULL, '2024-09-13 15:39:02', '2024-09-13 15:39:02'),
(687, 55, 'ثوب', '0.00', 0, NULL, '2024-09-13 15:39:02', '2024-09-13 15:39:02'),
(688, 55, 'ثوب بليزر', '0.00', 0, NULL, '2024-09-13 15:39:02', '2024-09-13 15:39:02'),
(689, 55, 'منشفة صغيرة', '0.00', 0, NULL, '2024-09-13 15:39:02', '2024-09-13 15:39:02'),
(690, 55, 'منشفة كبيرة', '0.00', 0, NULL, '2024-09-13 15:39:02', '2024-09-13 15:39:02'),
(691, 55, 'غترة/شال', '0.00', 0, NULL, '2024-09-13 15:39:02', '2024-09-13 15:39:02'),
(692, 55, 'جلابية', '0.00', 0, NULL, '2024-09-13 15:39:02', '2024-09-13 15:39:02'),
(693, 55, 'قفطان', '0.00', 0, NULL, '2024-09-13 15:39:02', '2024-09-13 15:39:02'),
(694, 55, 'تي شيرت', '0.00', 0, NULL, '2024-09-13 15:39:02', '2024-09-13 15:39:02'),
(695, 55, 'بدلة', '0.00', 0, NULL, '2024-09-13 15:39:02', '2024-09-13 15:39:02'),
(696, 55, 'عباءة', '0.00', 0, NULL, '2024-09-13 15:39:02', '2024-09-13 15:39:02'),
(697, 55, 'قمصان', '0.00', 0, NULL, '2024-09-13 15:39:02', '2024-09-13 15:39:02'),
(698, 55, 'قميص مخصص', '0.00', 0, NULL, '2024-09-13 15:39:02', '2024-09-13 15:39:02'),
(699, 55, 'بنطلون', '0.00', 0, NULL, '2024-09-13 15:39:02', '2024-09-13 15:39:02'),
(700, 55, 'جينز', '0.00', 0, NULL, '2024-09-13 15:39:02', '2024-09-13 15:39:02'),
(701, 55, 'منديل', '0.00', 0, NULL, '2024-09-13 15:39:02', '2024-09-13 15:39:02'),
(702, 55, 'بلوفر', '0.00', 0, NULL, '2024-09-13 15:39:02', '2024-09-13 15:39:02'),
(703, 55, 'شورت', '0.00', 0, NULL, '2024-09-13 15:39:02', '2024-09-13 15:39:02'),
(704, 55, 'بيجامة', '0.00', 0, NULL, '2024-09-13 15:39:02', '2024-09-13 15:39:02'),
(705, 55, 'بدلة سهرة', '0.00', 0, NULL, '2024-09-13 15:39:02', '2024-09-13 15:39:02'),
(706, 56, 'بدلة عسكرية', '0.00', 0, NULL, '2024-09-13 15:39:02', '2024-09-13 15:39:02'),
(707, 56, 'جاكيت', '0.00', 0, NULL, '2024-09-13 15:39:02', '2024-09-13 15:39:02'),
(708, 56, 'ثوب', '0.00', 0, NULL, '2024-09-13 15:39:02', '2024-09-13 15:39:02'),
(709, 56, 'ثوب بليزر', '0.00', 0, NULL, '2024-09-13 15:39:02', '2024-09-13 15:39:02'),
(710, 56, 'منشفة صغيرة', '0.00', 0, NULL, '2024-09-13 15:39:02', '2024-09-13 15:39:02'),
(711, 56, 'منشفة كبيرة', '0.00', 0, NULL, '2024-09-13 15:39:02', '2024-09-13 15:39:02'),
(712, 56, 'غترة/شال', '0.00', 0, NULL, '2024-09-13 15:39:02', '2024-09-13 15:39:02'),
(713, 56, 'جلابية', '0.00', 0, NULL, '2024-09-13 15:39:02', '2024-09-13 15:39:02'),
(714, 56, 'قفطان', '0.00', 0, NULL, '2024-09-13 15:39:02', '2024-09-13 15:39:02'),
(715, 56, 'تي شيرت', '0.00', 0, NULL, '2024-09-13 15:39:02', '2024-09-13 15:39:02'),
(716, 56, 'بدلة', '0.00', 0, NULL, '2024-09-13 15:39:02', '2024-09-13 15:39:02'),
(717, 56, 'عباءة', '0.00', 0, NULL, '2024-09-13 15:39:02', '2024-09-13 15:39:02'),
(718, 56, 'قمصان', '0.00', 0, NULL, '2024-09-13 15:39:02', '2024-09-13 15:39:02'),
(719, 56, 'قميص مخصص', '0.00', 0, NULL, '2024-09-13 15:39:02', '2024-09-13 15:39:02'),
(720, 56, 'بنطلون', '0.00', 0, NULL, '2024-09-13 15:39:02', '2024-09-13 15:39:02'),
(721, 56, 'جينز', '0.00', 0, NULL, '2024-09-13 15:39:02', '2024-09-13 15:39:02'),
(722, 56, 'منديل', '0.00', 0, NULL, '2024-09-13 15:39:02', '2024-09-13 15:39:02'),
(723, 56, 'بلوفر', '0.00', 0, NULL, '2024-09-13 15:39:02', '2024-09-13 15:39:02'),
(724, 56, 'شورت', '0.00', 0, NULL, '2024-09-13 15:39:02', '2024-09-13 15:39:02'),
(725, 56, 'بيجامة', '0.00', 0, NULL, '2024-09-13 15:39:02', '2024-09-13 15:39:02'),
(726, 56, 'بدلة سهرة', '0.00', 0, NULL, '2024-09-13 15:39:02', '2024-09-13 15:39:02'),
(727, 57, 'بدلة عسكرية', '0.00', 0, NULL, '2024-09-13 15:39:02', '2024-09-13 15:39:02'),
(728, 57, 'جاكيت', '0.00', 0, NULL, '2024-09-13 15:39:02', '2024-09-13 15:39:02'),
(729, 57, 'ثوب', '0.00', 0, NULL, '2024-09-13 15:39:02', '2024-09-13 15:39:02'),
(730, 57, 'ثوب بليزر', '0.00', 0, NULL, '2024-09-13 15:39:02', '2024-09-13 15:39:02'),
(731, 57, 'منشفة صغيرة', '0.00', 0, NULL, '2024-09-13 15:39:02', '2024-09-13 15:39:02'),
(732, 57, 'منشفة كبيرة', '0.00', 0, NULL, '2024-09-13 15:39:02', '2024-09-13 15:39:02'),
(733, 57, 'غترة/شال', '0.00', 0, NULL, '2024-09-13 15:39:02', '2024-09-13 15:39:02'),
(734, 57, 'جلابية', '0.00', 0, NULL, '2024-09-13 15:39:02', '2024-09-13 15:39:02'),
(735, 57, 'قفطان', '0.00', 0, NULL, '2024-09-13 15:39:02', '2024-09-13 15:39:02'),
(736, 57, 'تي شيرت', '0.00', 0, NULL, '2024-09-13 15:39:02', '2024-09-13 15:39:02'),
(737, 57, 'بدلة', '0.00', 0, NULL, '2024-09-13 15:39:02', '2024-09-13 15:39:02'),
(738, 57, 'عباءة', '0.00', 0, NULL, '2024-09-13 15:39:02', '2024-09-13 15:39:02'),
(739, 57, 'قمصان', '0.00', 0, NULL, '2024-09-13 15:39:02', '2024-09-13 15:39:02'),
(740, 57, 'قميص مخصص', '0.00', 0, NULL, '2024-09-13 15:39:02', '2024-09-13 15:39:02'),
(741, 57, 'بنطلون', '0.00', 0, NULL, '2024-09-13 15:39:02', '2024-09-13 15:39:02'),
(742, 57, 'جينز', '0.00', 0, NULL, '2024-09-13 15:39:02', '2024-09-13 15:39:02'),
(743, 57, 'منديل', '0.00', 0, NULL, '2024-09-13 15:39:02', '2024-09-13 15:39:02'),
(744, 57, 'بلوفر', '0.00', 0, NULL, '2024-09-13 15:39:02', '2024-09-13 15:39:02'),
(745, 57, 'شورت', '0.00', 0, NULL, '2024-09-13 15:39:02', '2024-09-13 15:39:02'),
(746, 57, 'بيجامة', '0.00', 0, NULL, '2024-09-13 15:39:02', '2024-09-13 15:39:02'),
(747, 57, 'بدلة سهرة', '0.00', 0, NULL, '2024-09-13 15:39:02', '2024-09-13 15:39:02'),
(748, 58, 'بطانية نفر', '0.00', 0, NULL, '2024-09-13 15:39:02', '2024-09-13 15:39:02'),
(749, 58, 'بطانية نفرين', '0.00', 0, NULL, '2024-09-13 15:39:02', '2024-09-13 15:39:02'),
(750, 58, 'مفرش نفر', '0.00', 0, NULL, '2024-09-13 15:39:02', '2024-09-13 15:39:02'),
(751, 58, 'مفرش نفرين', '0.00', 0, NULL, '2024-09-13 15:39:02', '2024-09-13 15:39:02'),
(752, 58, 'شرشف', '0.00', 0, NULL, '2024-09-13 15:39:02', '2024-09-13 15:39:02'),
(753, 58, 'مخذه', '0.00', 0, NULL, '2024-09-13 15:39:02', '2024-09-13 15:39:02'),
(754, 58, 'كيس مخذه', '0.00', 0, NULL, '2024-09-13 15:39:02', '2024-09-13 15:39:02'),
(755, 59, 'فستان زفاف', '0.00', 0, NULL, '2024-09-13 15:39:02', '2024-09-13 15:39:02'),
(756, 59, 'فستان صغير', '0.00', 0, NULL, '2024-09-13 15:39:02', '2024-09-13 15:39:02'),
(757, 59, 'فستان كبير', '0.00', 0, NULL, '2024-09-13 15:39:02', '2024-09-13 15:39:02'),
(758, 60, 'حذاء رياضي', '0.00', 0, NULL, '2024-09-13 15:39:02', '2024-09-13 15:39:02'),
(759, 60, 'حذاء جلد', '0.00', 0, NULL, '2024-09-13 15:39:02', '2024-09-13 15:39:02'),
(760, 60, 'حذاء قماش', '0.00', 0, NULL, '2024-09-13 15:39:02', '2024-09-13 15:39:02'),
(761, 61, 'بدلة عسكرية', '0.00', 0, NULL, '2024-09-13 15:39:02', '2024-09-13 15:39:02'),
(762, 61, 'جاكيت', '0.00', 0, NULL, '2024-09-13 15:39:02', '2024-09-13 15:39:02'),
(763, 61, 'ثوب', '0.00', 0, NULL, '2024-09-13 15:39:02', '2024-09-13 15:39:02'),
(764, 61, 'ثوب بليزر', '0.00', 0, NULL, '2024-09-13 15:39:02', '2024-09-13 15:39:02'),
(765, 61, 'منشفة صغيرة', '0.00', 0, NULL, '2024-09-13 15:39:02', '2024-09-13 15:39:02'),
(766, 61, 'منشفة كبيرة', '0.00', 0, NULL, '2024-09-13 15:39:02', '2024-09-13 15:39:02'),
(767, 61, 'غترة/شال', '0.00', 0, NULL, '2024-09-13 15:39:02', '2024-09-13 15:39:02'),
(768, 61, 'جلابية', '0.00', 0, NULL, '2024-09-13 15:39:02', '2024-09-13 15:39:02'),
(769, 61, 'قفطان', '0.00', 0, NULL, '2024-09-13 15:39:02', '2024-09-13 15:39:02'),
(770, 61, 'تي شيرت', '0.00', 0, NULL, '2024-09-13 15:39:02', '2024-09-13 15:39:02'),
(771, 61, 'بدلة', '0.00', 0, NULL, '2024-09-13 15:39:02', '2024-09-13 15:39:02'),
(772, 61, 'عباءة', '0.00', 0, NULL, '2024-09-13 15:39:02', '2024-09-13 15:39:02'),
(773, 61, 'قمصان', '0.00', 0, NULL, '2024-09-13 15:39:02', '2024-09-13 15:39:02'),
(774, 61, 'قميص مخصص', '0.00', 0, NULL, '2024-09-13 15:39:02', '2024-09-13 15:39:02'),
(775, 61, 'بنطلون', '0.00', 0, NULL, '2024-09-13 15:39:02', '2024-09-13 15:39:02'),
(776, 61, 'جينز', '0.00', 0, NULL, '2024-09-13 15:39:02', '2024-09-13 15:39:02'),
(777, 61, 'منديل', '0.00', 0, NULL, '2024-09-13 15:39:02', '2024-09-13 15:39:02'),
(778, 61, 'بلوفر', '0.00', 0, NULL, '2024-09-13 15:39:02', '2024-09-13 15:39:02'),
(779, 61, 'شورت', '0.00', 0, NULL, '2024-09-13 15:39:02', '2024-09-13 15:39:02'),
(780, 61, 'بيجامة', '0.00', 0, NULL, '2024-09-13 15:39:02', '2024-09-13 15:39:02'),
(781, 61, 'بدلة سهرة', '0.00', 0, NULL, '2024-09-13 15:39:02', '2024-09-13 15:39:02'),
(782, 62, 'بدلة عسكرية', '0.00', 0, NULL, '2024-09-13 15:39:02', '2024-09-13 15:39:02'),
(783, 62, 'جاكيت', '0.00', 0, NULL, '2024-09-13 15:39:02', '2024-09-13 15:39:02'),
(784, 62, 'ثوب', '0.00', 0, NULL, '2024-09-13 15:39:02', '2024-09-13 15:39:02'),
(785, 62, 'ثوب بليزر', '0.00', 0, NULL, '2024-09-13 15:39:02', '2024-09-13 15:39:02'),
(786, 62, 'منشفة صغيرة', '0.00', 0, NULL, '2024-09-13 15:39:02', '2024-09-13 15:39:02'),
(787, 62, 'منشفة كبيرة', '0.00', 0, NULL, '2024-09-13 15:39:02', '2024-09-13 15:39:02'),
(788, 62, 'غترة/شال', '0.00', 0, NULL, '2024-09-13 15:39:02', '2024-09-13 15:39:02'),
(789, 62, 'جلابية', '0.00', 0, NULL, '2024-09-13 15:39:02', '2024-09-13 15:39:02'),
(790, 62, 'قفطان', '0.00', 0, NULL, '2024-09-13 15:39:02', '2024-09-13 15:39:02'),
(791, 62, 'تي شيرت', '0.00', 0, NULL, '2024-09-13 15:39:02', '2024-09-13 15:39:02'),
(792, 62, 'بدلة', '0.00', 0, NULL, '2024-09-13 15:39:02', '2024-09-13 15:39:02'),
(793, 62, 'عباءة', '0.00', 0, NULL, '2024-09-13 15:39:02', '2024-09-13 15:39:02'),
(794, 62, 'قمصان', '0.00', 0, NULL, '2024-09-13 15:39:02', '2024-09-13 15:39:02'),
(795, 62, 'قميص مخصص', '0.00', 0, NULL, '2024-09-13 15:39:02', '2024-09-13 15:39:02'),
(796, 62, 'بنطلون', '0.00', 0, NULL, '2024-09-13 15:39:02', '2024-09-13 15:39:02'),
(797, 62, 'جينز', '0.00', 0, NULL, '2024-09-13 15:39:02', '2024-09-13 15:39:02'),
(798, 62, 'منديل', '0.00', 0, NULL, '2024-09-13 15:39:02', '2024-09-13 15:39:02'),
(799, 62, 'بلوفر', '0.00', 0, NULL, '2024-09-13 15:39:02', '2024-09-13 15:39:02'),
(800, 62, 'شورت', '0.00', 0, NULL, '2024-09-13 15:39:02', '2024-09-13 15:39:02'),
(801, 62, 'بيجامة', '0.00', 0, NULL, '2024-09-13 15:39:02', '2024-09-13 15:39:02'),
(802, 62, 'بدلة سهرة', '0.00', 0, NULL, '2024-09-13 15:39:02', '2024-09-13 15:39:02'),
(803, 63, 'بدلة عسكرية', '0.00', 0, NULL, '2024-09-13 15:39:02', '2024-09-13 15:39:02'),
(804, 63, 'جاكيت', '0.00', 0, NULL, '2024-09-13 15:39:02', '2024-09-13 15:39:02'),
(805, 63, 'ثوب', '0.00', 0, NULL, '2024-09-13 15:39:02', '2024-09-13 15:39:02'),
(806, 63, 'ثوب بليزر', '0.00', 0, NULL, '2024-09-13 15:39:02', '2024-09-13 15:39:02'),
(807, 63, 'منشفة صغيرة', '0.00', 0, NULL, '2024-09-13 15:39:02', '2024-09-13 15:39:02'),
(808, 63, 'منشفة كبيرة', '0.00', 0, NULL, '2024-09-13 15:39:02', '2024-09-13 15:39:02'),
(809, 63, 'غترة/شال', '0.00', 0, NULL, '2024-09-13 15:39:02', '2024-09-13 15:39:02'),
(810, 63, 'جلابية', '0.00', 0, NULL, '2024-09-13 15:39:02', '2024-09-13 15:39:02'),
(811, 63, 'قفطان', '0.00', 0, NULL, '2024-09-13 15:39:02', '2024-09-13 15:39:02'),
(812, 63, 'تي شيرت', '0.00', 0, NULL, '2024-09-13 15:39:02', '2024-09-13 15:39:02'),
(813, 63, 'بدلة', '0.00', 0, NULL, '2024-09-13 15:39:02', '2024-09-13 15:39:02'),
(814, 63, 'عباءة', '0.00', 0, NULL, '2024-09-13 15:39:02', '2024-09-13 15:39:02'),
(815, 63, 'قمصان', '0.00', 0, NULL, '2024-09-13 15:39:02', '2024-09-13 15:39:02'),
(816, 63, 'قميص مخصص', '0.00', 0, NULL, '2024-09-13 15:39:02', '2024-09-13 15:39:02'),
(817, 63, 'بنطلون', '0.00', 0, NULL, '2024-09-13 15:39:02', '2024-09-13 15:39:02'),
(818, 63, 'جينز', '0.00', 0, NULL, '2024-09-13 15:39:02', '2024-09-13 15:39:02'),
(819, 63, 'منديل', '0.00', 0, NULL, '2024-09-13 15:39:02', '2024-09-13 15:39:02'),
(820, 63, 'بلوفر', '0.00', 0, NULL, '2024-09-13 15:39:02', '2024-09-13 15:39:02'),
(821, 63, 'شورت', '0.00', 0, NULL, '2024-09-13 15:39:02', '2024-09-13 15:39:02'),
(822, 63, 'بيجامة', '0.00', 0, NULL, '2024-09-13 15:39:02', '2024-09-13 15:39:02'),
(823, 63, 'بدلة سهرة', '0.00', 0, NULL, '2024-09-13 15:39:02', '2024-09-13 15:39:02'),
(824, 64, 'بطانية نفر', '0.00', 0, NULL, '2024-09-13 15:39:02', '2024-09-13 15:39:02'),
(825, 64, 'بطانية نفرين', '0.00', 0, NULL, '2024-09-13 15:39:02', '2024-09-13 15:39:02'),
(826, 64, 'مفرش نفر', '0.00', 0, NULL, '2024-09-13 15:39:02', '2024-09-13 15:39:02'),
(827, 64, 'مفرش نفرين', '0.00', 0, NULL, '2024-09-13 15:39:02', '2024-09-13 15:39:02'),
(828, 64, 'شرشف', '0.00', 0, NULL, '2024-09-13 15:39:02', '2024-09-13 15:39:02'),
(829, 64, 'مخذه', '0.00', 0, NULL, '2024-09-13 15:39:02', '2024-09-13 15:39:02'),
(830, 64, 'كيس مخذه', '0.00', 0, NULL, '2024-09-13 15:39:02', '2024-09-13 15:39:02'),
(831, 65, 'فستان زفاف', '0.00', 0, NULL, '2024-09-13 15:39:02', '2024-09-13 15:39:02'),
(832, 65, 'فستان صغير', '0.00', 0, NULL, '2024-09-13 15:39:02', '2024-09-13 15:39:02'),
(833, 65, 'فستان كبير', '0.00', 0, NULL, '2024-09-13 15:39:02', '2024-09-13 15:39:02'),
(834, 66, 'حذاء رياضي', '0.00', 0, NULL, '2024-09-13 15:39:02', '2024-09-13 15:39:02'),
(835, 66, 'حذاء جلد', '0.00', 0, NULL, '2024-09-13 15:39:02', '2024-09-13 15:39:02'),
(836, 66, 'حذاء قماش', '0.00', 0, NULL, '2024-09-13 15:39:02', '2024-09-13 15:39:02'),
(837, 67, 'بدلة عسكرية', '0.00', 0, NULL, '2024-09-13 15:39:02', '2024-09-13 15:39:02'),
(838, 67, 'جاكيت', '0.00', 0, NULL, '2024-09-13 15:39:02', '2024-09-13 15:39:02'),
(839, 67, 'ثوب', '0.00', 0, NULL, '2024-09-13 15:39:02', '2024-09-13 15:39:02'),
(840, 67, 'ثوب بليزر', '0.00', 0, NULL, '2024-09-13 15:39:02', '2024-09-13 15:39:02'),
(841, 67, 'منشفة صغيرة', '0.00', 0, NULL, '2024-09-13 15:39:02', '2024-09-13 15:39:02'),
(842, 67, 'منشفة كبيرة', '0.00', 0, NULL, '2024-09-13 15:39:02', '2024-09-13 15:39:02'),
(843, 67, 'غترة/شال', '0.00', 0, NULL, '2024-09-13 15:39:02', '2024-09-13 15:39:02'),
(844, 67, 'جلابية', '0.00', 0, NULL, '2024-09-13 15:39:02', '2024-09-13 15:39:02'),
(845, 67, 'قفطان', '0.00', 0, NULL, '2024-09-13 15:39:02', '2024-09-13 15:39:02'),
(846, 67, 'تي شيرت', '0.00', 0, NULL, '2024-09-13 15:39:02', '2024-09-13 15:39:02'),
(847, 67, 'بدلة', '0.00', 0, NULL, '2024-09-13 15:39:02', '2024-09-13 15:39:02'),
(848, 67, 'عباءة', '0.00', 0, NULL, '2024-09-13 15:39:02', '2024-09-13 15:39:02'),
(849, 67, 'قمصان', '0.00', 0, NULL, '2024-09-13 15:39:02', '2024-09-13 15:39:02'),
(850, 67, 'قميص مخصص', '0.00', 0, NULL, '2024-09-13 15:39:02', '2024-09-13 15:39:02'),
(851, 67, 'بنطلون', '0.00', 0, NULL, '2024-09-13 15:39:02', '2024-09-13 15:39:02'),
(852, 67, 'جينز', '0.00', 0, NULL, '2024-09-13 15:39:02', '2024-09-13 15:39:02'),
(853, 67, 'منديل', '0.00', 0, NULL, '2024-09-13 15:39:02', '2024-09-13 15:39:02'),
(854, 67, 'بلوفر', '0.00', 0, NULL, '2024-09-13 15:39:02', '2024-09-13 15:39:02'),
(855, 67, 'شورت', '0.00', 0, NULL, '2024-09-13 15:39:02', '2024-09-13 15:39:02'),
(856, 67, 'بيجامة', '0.00', 0, NULL, '2024-09-13 15:39:02', '2024-09-13 15:39:02'),
(857, 67, 'بدلة سهرة', '0.00', 0, NULL, '2024-09-13 15:39:02', '2024-09-13 15:39:02'),
(858, 68, 'بدلة عسكرية', '0.00', 0, NULL, '2024-09-13 15:39:02', '2024-09-13 15:39:02'),
(859, 68, 'جاكيت', '0.00', 0, NULL, '2024-09-13 15:39:02', '2024-09-13 15:39:02'),
(860, 68, 'ثوب', '0.00', 0, NULL, '2024-09-13 15:39:02', '2024-09-13 15:39:02'),
(861, 68, 'ثوب بليزر', '0.00', 0, NULL, '2024-09-13 15:39:02', '2024-09-13 15:39:02'),
(862, 68, 'منشفة صغيرة', '0.00', 0, NULL, '2024-09-13 15:39:02', '2024-09-13 15:39:02'),
(863, 68, 'منشفة كبيرة', '0.00', 0, NULL, '2024-09-13 15:39:02', '2024-09-13 15:39:02'),
(864, 68, 'غترة/شال', '0.00', 0, NULL, '2024-09-13 15:39:02', '2024-09-13 15:39:02'),
(865, 68, 'جلابية', '0.00', 0, NULL, '2024-09-13 15:39:02', '2024-09-13 15:39:02'),
(866, 68, 'قفطان', '0.00', 0, NULL, '2024-09-13 15:39:02', '2024-09-13 15:39:02'),
(867, 68, 'تي شيرت', '0.00', 0, NULL, '2024-09-13 15:39:02', '2024-09-13 15:39:02'),
(868, 68, 'بدلة', '0.00', 0, NULL, '2024-09-13 15:39:02', '2024-09-13 15:39:02'),
(869, 68, 'عباءة', '0.00', 0, NULL, '2024-09-13 15:39:02', '2024-09-13 15:39:02'),
(870, 68, 'قمصان', '0.00', 0, NULL, '2024-09-13 15:39:02', '2024-09-13 15:39:02'),
(871, 68, 'قميص مخصص', '0.00', 0, NULL, '2024-09-13 15:39:02', '2024-09-13 15:39:02'),
(872, 68, 'بنطلون', '0.00', 0, NULL, '2024-09-13 15:39:02', '2024-09-13 15:39:02'),
(873, 68, 'جينز', '0.00', 0, NULL, '2024-09-13 15:39:02', '2024-09-13 15:39:02'),
(874, 68, 'منديل', '0.00', 0, NULL, '2024-09-13 15:39:02', '2024-09-13 15:39:02'),
(875, 68, 'بلوفر', '0.00', 0, NULL, '2024-09-13 15:39:02', '2024-09-13 15:39:02'),
(876, 68, 'شورت', '0.00', 0, NULL, '2024-09-13 15:39:02', '2024-09-13 15:39:02'),
(877, 68, 'بيجامة', '0.00', 0, NULL, '2024-09-13 15:39:02', '2024-09-13 15:39:02'),
(878, 68, 'بدلة سهرة', '0.00', 0, NULL, '2024-09-13 15:39:02', '2024-09-13 15:39:02'),
(879, 69, 'بدلة عسكرية', '0.00', 0, NULL, '2024-09-13 15:39:02', '2024-09-13 15:39:02'),
(880, 69, 'جاكيت', '0.00', 0, NULL, '2024-09-13 15:39:02', '2024-09-13 15:39:02'),
(881, 69, 'ثوب', '0.00', 0, NULL, '2024-09-13 15:39:02', '2024-09-13 15:39:02'),
(882, 69, 'ثوب بليزر', '0.00', 0, NULL, '2024-09-13 15:39:02', '2024-09-13 15:39:02'),
(883, 69, 'منشفة صغيرة', '0.00', 0, NULL, '2024-09-13 15:39:02', '2024-09-13 15:39:02'),
(884, 69, 'منشفة كبيرة', '0.00', 0, NULL, '2024-09-13 15:39:02', '2024-09-13 15:39:02'),
(885, 69, 'غترة/شال', '0.00', 0, NULL, '2024-09-13 15:39:02', '2024-09-13 15:39:02'),
(886, 69, 'جلابية', '0.00', 0, NULL, '2024-09-13 15:39:02', '2024-09-13 15:39:02'),
(887, 69, 'قفطان', '0.00', 0, NULL, '2024-09-13 15:39:02', '2024-09-13 15:39:02'),
(888, 69, 'تي شيرت', '0.00', 0, NULL, '2024-09-13 15:39:02', '2024-09-13 15:39:02'),
(889, 69, 'بدلة', '0.00', 0, NULL, '2024-09-13 15:39:02', '2024-09-13 15:39:02'),
(890, 69, 'عباءة', '0.00', 0, NULL, '2024-09-13 15:39:02', '2024-09-13 15:39:02'),
(891, 69, 'قمصان', '0.00', 0, NULL, '2024-09-13 15:39:02', '2024-09-13 15:39:02'),
(892, 69, 'قميص مخصص', '0.00', 0, NULL, '2024-09-13 15:39:02', '2024-09-13 15:39:02'),
(893, 69, 'بنطلون', '0.00', 0, NULL, '2024-09-13 15:39:02', '2024-09-13 15:39:02'),
(894, 69, 'جينز', '0.00', 0, NULL, '2024-09-13 15:39:02', '2024-09-13 15:39:02'),
(895, 69, 'منديل', '0.00', 0, NULL, '2024-09-13 15:39:02', '2024-09-13 15:39:02'),
(896, 69, 'بلوفر', '0.00', 0, NULL, '2024-09-13 15:39:02', '2024-09-13 15:39:02'),
(897, 69, 'شورت', '0.00', 0, NULL, '2024-09-13 15:39:02', '2024-09-13 15:39:02'),
(898, 69, 'بيجامة', '0.00', 0, NULL, '2024-09-13 15:39:02', '2024-09-13 15:39:02'),
(899, 69, 'بدلة سهرة', '0.00', 0, NULL, '2024-09-13 15:39:02', '2024-09-13 15:39:02'),
(900, 70, 'بطانية نفر', '0.00', 0, NULL, '2024-09-13 15:39:02', '2024-09-13 15:39:02'),
(901, 70, 'بطانية نفرين', '0.00', 0, NULL, '2024-09-13 15:39:02', '2024-09-13 15:39:02'),
(902, 70, 'مفرش نفر', '0.00', 0, NULL, '2024-09-13 15:39:02', '2024-09-13 15:39:02'),
(903, 70, 'مفرش نفرين', '0.00', 0, NULL, '2024-09-13 15:39:02', '2024-09-13 15:39:02'),
(904, 70, 'شرشف', '0.00', 0, NULL, '2024-09-13 15:39:02', '2024-09-13 15:39:02'),
(905, 70, 'مخذه', '0.00', 0, NULL, '2024-09-13 15:39:02', '2024-09-13 15:39:02'),
(906, 70, 'كيس مخذه', '0.00', 0, NULL, '2024-09-13 15:39:02', '2024-09-13 15:39:02'),
(907, 71, 'فستان زفاف', '0.00', 0, NULL, '2024-09-13 15:39:02', '2024-09-13 15:39:02'),
(908, 71, 'فستان صغير', '0.00', 0, NULL, '2024-09-13 15:39:02', '2024-09-13 15:39:02'),
(909, 71, 'فستان كبير', '0.00', 0, NULL, '2024-09-13 15:39:02', '2024-09-13 15:39:02'),
(910, 72, 'حذاء رياضي', '0.00', 0, NULL, '2024-09-13 15:39:02', '2024-09-13 15:39:02'),
(911, 72, 'حذاء جلد', '0.00', 0, NULL, '2024-09-13 15:39:02', '2024-09-13 15:39:02'),
(912, 72, 'حذاء قماش', '0.00', 0, NULL, '2024-09-13 15:39:02', '2024-09-13 15:39:02'),
(913, 73, 'بدلة عسكرية', '0.00', 0, NULL, '2024-09-13 15:39:02', '2024-09-13 15:39:02'),
(914, 73, 'جاكيت', '0.00', 0, NULL, '2024-09-13 15:39:02', '2024-09-13 15:39:02'),
(915, 73, 'ثوب', '0.00', 0, NULL, '2024-09-13 15:39:02', '2024-09-13 15:39:02'),
(916, 73, 'ثوب بليزر', '0.00', 0, NULL, '2024-09-13 15:39:02', '2024-09-13 15:39:02'),
(917, 73, 'منشفة صغيرة', '0.00', 0, NULL, '2024-09-13 15:39:02', '2024-09-13 15:39:02'),
(918, 73, 'منشفة كبيرة', '0.00', 0, NULL, '2024-09-13 15:39:02', '2024-09-13 15:39:02'),
(919, 73, 'غترة/شال', '0.00', 0, NULL, '2024-09-13 15:39:02', '2024-09-13 15:39:02'),
(920, 73, 'جلابية', '0.00', 0, NULL, '2024-09-13 15:39:02', '2024-09-13 15:39:02'),
(921, 73, 'قفطان', '0.00', 0, NULL, '2024-09-13 15:39:02', '2024-09-13 15:39:02'),
(922, 73, 'تي شيرت', '0.00', 0, NULL, '2024-09-13 15:39:02', '2024-09-13 15:39:02'),
(923, 73, 'بدلة', '0.00', 0, NULL, '2024-09-13 15:39:02', '2024-09-13 15:39:02'),
(924, 73, 'عباءة', '0.00', 0, NULL, '2024-09-13 15:39:02', '2024-09-13 15:39:02'),
(925, 73, 'قمصان', '0.00', 0, NULL, '2024-09-13 15:39:02', '2024-09-13 15:39:02'),
(926, 73, 'قميص مخصص', '0.00', 0, NULL, '2024-09-13 15:39:02', '2024-09-13 15:39:02'),
(927, 73, 'بنطلون', '0.00', 0, NULL, '2024-09-13 15:39:02', '2024-09-13 15:39:02'),
(928, 73, 'جينز', '0.00', 0, NULL, '2024-09-13 15:39:02', '2024-09-13 15:39:02'),
(929, 73, 'منديل', '0.00', 0, NULL, '2024-09-13 15:39:02', '2024-09-13 15:39:02'),
(930, 73, 'بلوفر', '0.00', 0, NULL, '2024-09-13 15:39:02', '2024-09-13 15:39:02'),
(931, 73, 'شورت', '0.00', 0, NULL, '2024-09-13 15:39:02', '2024-09-13 15:39:02'),
(932, 73, 'بيجامة', '0.00', 0, NULL, '2024-09-13 15:39:02', '2024-09-13 15:39:02'),
(933, 73, 'بدلة سهرة', '0.00', 0, NULL, '2024-09-13 15:39:02', '2024-09-13 15:39:02'),
(934, 74, 'بدلة عسكرية', '0.00', 0, NULL, '2024-09-13 15:39:02', '2024-09-13 15:39:02'),
(935, 74, 'جاكيت', '0.00', 0, NULL, '2024-09-13 15:39:02', '2024-09-13 15:39:02'),
(936, 74, 'ثوب', '0.00', 0, NULL, '2024-09-13 15:39:02', '2024-09-13 15:39:02'),
(937, 74, 'ثوب بليزر', '0.00', 0, NULL, '2024-09-13 15:39:02', '2024-09-13 15:39:02'),
(938, 74, 'منشفة صغيرة', '0.00', 0, NULL, '2024-09-13 15:39:02', '2024-09-13 15:39:02'),
(939, 74, 'منشفة كبيرة', '0.00', 0, NULL, '2024-09-13 15:39:02', '2024-09-13 15:39:02'),
(940, 74, 'غترة/شال', '0.00', 0, NULL, '2024-09-13 15:39:02', '2024-09-13 15:39:02'),
(941, 74, 'جلابية', '0.00', 0, NULL, '2024-09-13 15:39:02', '2024-09-13 15:39:02'),
(942, 74, 'قفطان', '0.00', 0, NULL, '2024-09-13 15:39:02', '2024-09-13 15:39:02'),
(943, 74, 'تي شيرت', '0.00', 0, NULL, '2024-09-13 15:39:02', '2024-09-13 15:39:02'),
(944, 74, 'بدلة', '0.00', 0, NULL, '2024-09-13 15:39:02', '2024-09-13 15:39:02'),
(945, 74, 'عباءة', '0.00', 0, NULL, '2024-09-13 15:39:02', '2024-09-13 15:39:02'),
(946, 74, 'قمصان', '0.00', 0, NULL, '2024-09-13 15:39:02', '2024-09-13 15:39:02'),
(947, 74, 'قميص مخصص', '0.00', 0, NULL, '2024-09-13 15:39:02', '2024-09-13 15:39:02'),
(948, 74, 'بنطلون', '0.00', 0, NULL, '2024-09-13 15:39:02', '2024-09-13 15:39:02'),
(949, 74, 'جينز', '0.00', 0, NULL, '2024-09-13 15:39:02', '2024-09-13 15:39:02'),
(950, 74, 'منديل', '0.00', 0, NULL, '2024-09-13 15:39:02', '2024-09-13 15:39:02'),
(951, 74, 'بلوفر', '0.00', 0, NULL, '2024-09-13 15:39:02', '2024-09-13 15:39:02'),
(952, 74, 'شورت', '0.00', 0, NULL, '2024-09-13 15:39:02', '2024-09-13 15:39:02'),
(953, 74, 'بيجامة', '0.00', 0, NULL, '2024-09-13 15:39:02', '2024-09-13 15:39:02'),
(954, 74, 'بدلة سهرة', '0.00', 0, NULL, '2024-09-13 15:39:02', '2024-09-13 15:39:02'),
(955, 75, 'بدلة عسكرية', '0.00', 0, NULL, '2024-09-13 15:39:02', '2024-09-13 15:39:02'),
(956, 75, 'جاكيت', '0.00', 0, NULL, '2024-09-13 15:39:02', '2024-09-13 15:39:02'),
(957, 75, 'ثوب', '0.00', 0, NULL, '2024-09-13 15:39:02', '2024-09-13 15:39:02'),
(958, 75, 'ثوب بليزر', '0.00', 0, NULL, '2024-09-13 15:39:02', '2024-09-13 15:39:02'),
(959, 75, 'منشفة صغيرة', '0.00', 0, NULL, '2024-09-13 15:39:02', '2024-09-13 15:39:02'),
(960, 75, 'منشفة كبيرة', '0.00', 0, NULL, '2024-09-13 15:39:02', '2024-09-13 15:39:02'),
(961, 75, 'غترة/شال', '0.00', 0, NULL, '2024-09-13 15:39:02', '2024-09-13 15:39:02'),
(962, 75, 'جلابية', '0.00', 0, NULL, '2024-09-13 15:39:02', '2024-09-13 15:39:02'),
(963, 75, 'قفطان', '0.00', 0, NULL, '2024-09-13 15:39:02', '2024-09-13 15:39:02'),
(964, 75, 'تي شيرت', '0.00', 0, NULL, '2024-09-13 15:39:02', '2024-09-13 15:39:02'),
(965, 75, 'بدلة', '0.00', 0, NULL, '2024-09-13 15:39:02', '2024-09-13 15:39:02'),
(966, 75, 'عباءة', '0.00', 0, NULL, '2024-09-13 15:39:02', '2024-09-13 15:39:02'),
(967, 75, 'قمصان', '0.00', 0, NULL, '2024-09-13 15:39:02', '2024-09-13 15:39:02'),
(968, 75, 'قميص مخصص', '0.00', 0, NULL, '2024-09-13 15:39:02', '2024-09-13 15:39:02'),
(969, 75, 'بنطلون', '0.00', 0, NULL, '2024-09-13 15:39:02', '2024-09-13 15:39:02'),
(970, 75, 'جينز', '0.00', 0, NULL, '2024-09-13 15:39:02', '2024-09-13 15:39:02'),
(971, 75, 'منديل', '0.00', 0, NULL, '2024-09-13 15:39:02', '2024-09-13 15:39:02'),
(972, 75, 'بلوفر', '0.00', 0, NULL, '2024-09-13 15:39:02', '2024-09-13 15:39:02'),
(973, 75, 'شورت', '0.00', 0, NULL, '2024-09-13 15:39:02', '2024-09-13 15:39:02'),
(974, 75, 'بيجامة', '0.00', 0, NULL, '2024-09-13 15:39:02', '2024-09-13 15:39:02'),
(975, 75, 'بدلة سهرة', '0.00', 0, NULL, '2024-09-13 15:39:02', '2024-09-13 15:39:02'),
(976, 76, 'بطانية نفر', '0.00', 0, NULL, '2024-09-13 15:39:02', '2024-09-13 15:39:02'),
(977, 76, 'بطانية نفرين', '0.00', 0, NULL, '2024-09-13 15:39:02', '2024-09-13 15:39:02'),
(978, 76, 'مفرش نفر', '0.00', 0, NULL, '2024-09-13 15:39:02', '2024-09-13 15:39:02'),
(979, 76, 'مفرش نفرين', '0.00', 0, NULL, '2024-09-13 15:39:02', '2024-09-13 15:39:02'),
(980, 76, 'شرشف', '0.00', 0, NULL, '2024-09-13 15:39:02', '2024-09-13 15:39:02'),
(981, 76, 'مخذه', '0.00', 0, NULL, '2024-09-13 15:39:02', '2024-09-13 15:39:02'),
(982, 76, 'كيس مخذه', '0.00', 0, NULL, '2024-09-13 15:39:02', '2024-09-13 15:39:02'),
(983, 77, 'فستان زفاف', '0.00', 0, NULL, '2024-09-13 15:39:02', '2024-09-13 15:39:02'),
(984, 77, 'فستان صغير', '0.00', 0, NULL, '2024-09-13 15:39:02', '2024-09-13 15:39:02'),
(985, 77, 'فستان كبير', '0.00', 0, NULL, '2024-09-13 15:39:02', '2024-09-13 15:39:02'),
(986, 78, 'حذاء رياضي', '0.00', 0, NULL, '2024-09-13 15:39:02', '2024-09-13 15:39:02'),
(987, 78, 'حذاء جلد', '0.00', 0, NULL, '2024-09-13 15:39:02', '2024-09-13 15:39:02'),
(988, 78, 'حذاء قماش', '0.00', 0, NULL, '2024-09-13 15:39:03', '2024-09-13 15:39:03'),
(989, 79, 'بدلة عسكرية', '0.00', 0, NULL, '2024-09-13 15:39:03', '2024-09-13 15:39:03'),
(990, 79, 'جاكيت', '0.00', 0, NULL, '2024-09-13 15:39:03', '2024-09-13 15:39:03'),
(991, 79, 'ثوب', '0.00', 0, NULL, '2024-09-13 15:39:03', '2024-09-13 15:39:03'),
(992, 79, 'ثوب بليزر', '0.00', 0, NULL, '2024-09-13 15:39:03', '2024-09-13 15:39:03'),
(993, 79, 'منشفة صغيرة', '0.00', 0, NULL, '2024-09-13 15:39:03', '2024-09-13 15:39:03'),
(994, 79, 'منشفة كبيرة', '0.00', 0, NULL, '2024-09-13 15:39:03', '2024-09-13 15:39:03'),
(995, 79, 'غترة/شال', '0.00', 0, NULL, '2024-09-13 15:39:03', '2024-09-13 15:39:03'),
(996, 79, 'جلابية', '0.00', 0, NULL, '2024-09-13 15:39:03', '2024-09-13 15:39:03'),
(997, 79, 'قفطان', '0.00', 0, NULL, '2024-09-13 15:39:03', '2024-09-13 15:39:03'),
(998, 79, 'تي شيرت', '0.00', 0, NULL, '2024-09-13 15:39:03', '2024-09-13 15:39:03'),
(999, 79, 'بدلة', '0.00', 0, NULL, '2024-09-13 15:39:03', '2024-09-13 15:39:03'),
(1000, 79, 'عباءة', '0.00', 0, NULL, '2024-09-13 15:39:03', '2024-09-13 15:39:03'),
(1001, 79, 'قمصان', '0.00', 0, NULL, '2024-09-13 15:39:03', '2024-09-13 15:39:03'),
(1002, 79, 'قميص مخصص', '0.00', 0, NULL, '2024-09-13 15:39:03', '2024-09-13 15:39:03'),
(1003, 79, 'بنطلون', '0.00', 0, NULL, '2024-09-13 15:39:03', '2024-09-13 15:39:03'),
(1004, 79, 'جينز', '0.00', 0, NULL, '2024-09-13 15:39:03', '2024-09-13 15:39:03'),
(1005, 79, 'منديل', '0.00', 0, NULL, '2024-09-13 15:39:03', '2024-09-13 15:39:03'),
(1006, 79, 'بلوفر', '0.00', 0, NULL, '2024-09-13 15:39:03', '2024-09-13 15:39:03'),
(1007, 79, 'شورت', '0.00', 0, NULL, '2024-09-13 15:39:03', '2024-09-13 15:39:03'),
(1008, 79, 'بيجامة', '0.00', 0, NULL, '2024-09-13 15:39:03', '2024-09-13 15:39:03'),
(1009, 79, 'بدلة سهرة', '0.00', 0, NULL, '2024-09-13 15:39:03', '2024-09-13 15:39:03'),
(1010, 80, 'بدلة عسكرية', '0.00', 0, NULL, '2024-09-13 15:39:03', '2024-09-13 15:39:03'),
(1011, 80, 'جاكيت', '0.00', 0, NULL, '2024-09-13 15:39:03', '2024-09-13 15:39:03'),
(1012, 80, 'ثوب', '0.00', 0, NULL, '2024-09-13 15:39:03', '2024-09-13 15:39:03'),
(1013, 80, 'ثوب بليزر', '0.00', 0, NULL, '2024-09-13 15:39:03', '2024-09-13 15:39:03'),
(1014, 80, 'منشفة صغيرة', '0.00', 0, NULL, '2024-09-13 15:39:03', '2024-09-13 15:39:03'),
(1015, 80, 'منشفة كبيرة', '0.00', 0, NULL, '2024-09-13 15:39:03', '2024-09-13 15:39:03'),
(1016, 80, 'غترة/شال', '0.00', 0, NULL, '2024-09-13 15:39:03', '2024-09-13 15:39:03'),
(1017, 80, 'جلابية', '0.00', 0, NULL, '2024-09-13 15:39:03', '2024-09-13 15:39:03'),
(1018, 80, 'قفطان', '0.00', 0, NULL, '2024-09-13 15:39:03', '2024-09-13 15:39:03'),
(1019, 80, 'تي شيرت', '0.00', 0, NULL, '2024-09-13 15:39:03', '2024-09-13 15:39:03'),
(1020, 80, 'بدلة', '0.00', 0, NULL, '2024-09-13 15:39:03', '2024-09-13 15:39:03'),
(1021, 80, 'عباءة', '0.00', 0, NULL, '2024-09-13 15:39:03', '2024-09-13 15:39:03'),
(1022, 80, 'قمصان', '0.00', 0, NULL, '2024-09-13 15:39:03', '2024-09-13 15:39:03'),
(1023, 80, 'قميص مخصص', '0.00', 0, NULL, '2024-09-13 15:39:03', '2024-09-13 15:39:03'),
(1024, 80, 'بنطلون', '0.00', 0, NULL, '2024-09-13 15:39:03', '2024-09-13 15:39:03'),
(1025, 80, 'جينز', '0.00', 0, NULL, '2024-09-13 15:39:03', '2024-09-13 15:39:03'),
(1026, 80, 'منديل', '0.00', 0, NULL, '2024-09-13 15:39:03', '2024-09-13 15:39:03'),
(1027, 80, 'بلوفر', '0.00', 0, NULL, '2024-09-13 15:39:03', '2024-09-13 15:39:03'),
(1028, 80, 'شورت', '0.00', 0, NULL, '2024-09-13 15:39:03', '2024-09-13 15:39:03'),
(1029, 80, 'بيجامة', '0.00', 0, NULL, '2024-09-13 15:39:03', '2024-09-13 15:39:03'),
(1030, 80, 'بدلة سهرة', '0.00', 0, NULL, '2024-09-13 15:39:03', '2024-09-13 15:39:03'),
(1031, 81, 'بدلة عسكرية', '0.00', 0, NULL, '2024-09-13 15:39:03', '2024-09-13 15:39:03'),
(1032, 81, 'جاكيت', '0.00', 0, NULL, '2024-09-13 15:39:03', '2024-09-13 15:39:03'),
(1033, 81, 'ثوب', '0.00', 0, NULL, '2024-09-13 15:39:03', '2024-09-13 15:39:03'),
(1034, 81, 'ثوب بليزر', '0.00', 0, NULL, '2024-09-13 15:39:03', '2024-09-13 15:39:03'),
(1035, 81, 'منشفة صغيرة', '0.00', 0, NULL, '2024-09-13 15:39:03', '2024-09-13 15:39:03'),
(1036, 81, 'منشفة كبيرة', '0.00', 0, NULL, '2024-09-13 15:39:03', '2024-09-13 15:39:03'),
(1037, 81, 'غترة/شال', '0.00', 0, NULL, '2024-09-13 15:39:03', '2024-09-13 15:39:03'),
(1038, 81, 'جلابية', '0.00', 0, NULL, '2024-09-13 15:39:03', '2024-09-13 15:39:03'),
(1039, 81, 'قفطان', '0.00', 0, NULL, '2024-09-13 15:39:03', '2024-09-13 15:39:03'),
(1040, 81, 'تي شيرت', '0.00', 0, NULL, '2024-09-13 15:39:03', '2024-09-13 15:39:03'),
(1041, 81, 'بدلة', '0.00', 0, NULL, '2024-09-13 15:39:03', '2024-09-13 15:39:03'),
(1042, 81, 'عباءة', '0.00', 0, NULL, '2024-09-13 15:39:03', '2024-09-13 15:39:03'),
(1043, 81, 'قمصان', '0.00', 0, NULL, '2024-09-13 15:39:03', '2024-09-13 15:39:03'),
(1044, 81, 'قميص مخصص', '0.00', 0, NULL, '2024-09-13 15:39:03', '2024-09-13 15:39:03'),
(1045, 81, 'بنطلون', '0.00', 0, NULL, '2024-09-13 15:39:03', '2024-09-13 15:39:03'),
(1046, 81, 'جينز', '0.00', 0, NULL, '2024-09-13 15:39:03', '2024-09-13 15:39:03'),
(1047, 81, 'منديل', '0.00', 0, NULL, '2024-09-13 15:39:03', '2024-09-13 15:39:03'),
(1048, 81, 'بلوفر', '0.00', 0, NULL, '2024-09-13 15:39:03', '2024-09-13 15:39:03'),
(1049, 81, 'شورت', '0.00', 0, NULL, '2024-09-13 15:39:03', '2024-09-13 15:39:03'),
(1050, 81, 'بيجامة', '0.00', 0, NULL, '2024-09-13 15:39:03', '2024-09-13 15:39:03'),
(1051, 81, 'بدلة سهرة', '0.00', 0, NULL, '2024-09-13 15:39:03', '2024-09-13 15:39:03'),
(1052, 82, 'بطانية نفر', '0.00', 0, NULL, '2024-09-13 15:39:03', '2024-09-13 15:39:03'),
(1053, 82, 'بطانية نفرين', '0.00', 0, NULL, '2024-09-13 15:39:03', '2024-09-13 15:39:03'),
(1054, 82, 'مفرش نفر', '0.00', 0, NULL, '2024-09-13 15:39:03', '2024-09-13 15:39:03'),
(1055, 82, 'مفرش نفرين', '0.00', 0, NULL, '2024-09-13 15:39:03', '2024-09-13 15:39:03'),
(1056, 82, 'شرشف', '0.00', 0, NULL, '2024-09-13 15:39:03', '2024-09-13 15:39:03'),
(1057, 82, 'مخذه', '0.00', 0, NULL, '2024-09-13 15:39:03', '2024-09-13 15:39:03'),
(1058, 82, 'كيس مخذه', '0.00', 0, NULL, '2024-09-13 15:39:03', '2024-09-13 15:39:03'),
(1059, 83, 'فستان زفاف', '0.00', 0, NULL, '2024-09-13 15:39:03', '2024-09-13 15:39:03'),
(1060, 83, 'فستان صغير', '0.00', 0, NULL, '2024-09-13 15:39:03', '2024-09-13 15:39:03'),
(1061, 83, 'فستان كبير', '0.00', 0, NULL, '2024-09-13 15:39:03', '2024-09-13 15:39:03'),
(1062, 84, 'حذاء رياضي', '0.00', 0, NULL, '2024-09-13 15:39:03', '2024-09-13 15:39:03'),
(1063, 84, 'حذاء جلد', '0.00', 0, NULL, '2024-09-13 15:39:03', '2024-09-13 15:39:03'),
(1064, 84, 'حذاء قماش', '0.00', 0, NULL, '2024-09-13 15:39:03', '2024-09-13 15:39:03'),
(1065, 85, 'بدلة عسكرية', '0.00', 0, NULL, '2024-09-13 15:39:03', '2024-09-13 15:39:03'),
(1066, 85, 'جاكيت', '0.00', 0, NULL, '2024-09-13 15:39:03', '2024-09-13 15:39:03'),
(1067, 85, 'ثوب', '0.00', 0, NULL, '2024-09-13 15:39:03', '2024-09-13 15:39:03'),
(1068, 85, 'ثوب بليزر', '0.00', 0, NULL, '2024-09-13 15:39:03', '2024-09-13 15:39:03'),
(1069, 85, 'منشفة صغيرة', '0.00', 0, NULL, '2024-09-13 15:39:03', '2024-09-13 15:39:03'),
(1070, 85, 'منشفة كبيرة', '0.00', 0, NULL, '2024-09-13 15:39:03', '2024-09-13 15:39:03'),
(1071, 85, 'غترة/شال', '0.00', 0, NULL, '2024-09-13 15:39:03', '2024-09-13 15:39:03'),
(1072, 85, 'جلابية', '0.00', 0, NULL, '2024-09-13 15:39:03', '2024-09-13 15:39:03'),
(1073, 85, 'قفطان', '0.00', 0, NULL, '2024-09-13 15:39:03', '2024-09-13 15:39:03'),
(1074, 85, 'تي شيرت', '0.00', 0, NULL, '2024-09-13 15:39:03', '2024-09-13 15:39:03'),
(1075, 85, 'بدلة', '0.00', 0, NULL, '2024-09-13 15:39:03', '2024-09-13 15:39:03'),
(1076, 85, 'عباءة', '0.00', 0, NULL, '2024-09-13 15:39:03', '2024-09-13 15:39:03'),
(1077, 85, 'قمصان', '0.00', 0, NULL, '2024-09-13 15:39:03', '2024-09-13 15:39:03'),
(1078, 85, 'قميص مخصص', '0.00', 0, NULL, '2024-09-13 15:39:03', '2024-09-13 15:39:03'),
(1079, 85, 'بنطلون', '0.00', 0, NULL, '2024-09-13 15:39:03', '2024-09-13 15:39:03'),
(1080, 85, 'جينز', '0.00', 0, NULL, '2024-09-13 15:39:03', '2024-09-13 15:39:03'),
(1081, 85, 'منديل', '0.00', 0, NULL, '2024-09-13 15:39:03', '2024-09-13 15:39:03'),
(1082, 85, 'بلوفر', '0.00', 0, NULL, '2024-09-13 15:39:03', '2024-09-13 15:39:03'),
(1083, 85, 'شورت', '0.00', 0, NULL, '2024-09-13 15:39:03', '2024-09-13 15:39:03'),
(1084, 85, 'بيجامة', '0.00', 0, NULL, '2024-09-13 15:39:03', '2024-09-13 15:39:03'),
(1085, 85, 'بدلة سهرة', '0.00', 0, NULL, '2024-09-13 15:39:03', '2024-09-13 15:39:03'),
(1086, 86, 'بدلة عسكرية', '0.00', 0, NULL, '2024-09-13 15:39:03', '2024-09-13 15:39:03'),
(1087, 86, 'جاكيت', '0.00', 0, NULL, '2024-09-13 15:39:03', '2024-09-13 15:39:03'),
(1088, 86, 'ثوب', '0.00', 0, NULL, '2024-09-13 15:39:03', '2024-09-13 15:39:03'),
(1089, 86, 'ثوب بليزر', '0.00', 0, NULL, '2024-09-13 15:39:03', '2024-09-13 15:39:03'),
(1090, 86, 'منشفة صغيرة', '0.00', 0, NULL, '2024-09-13 15:39:03', '2024-09-13 15:39:03'),
(1091, 86, 'منشفة كبيرة', '0.00', 0, NULL, '2024-09-13 15:39:03', '2024-09-13 15:39:03'),
(1092, 86, 'غترة/شال', '0.00', 0, NULL, '2024-09-13 15:39:03', '2024-09-13 15:39:03'),
(1093, 86, 'جلابية', '0.00', 0, NULL, '2024-09-13 15:39:03', '2024-09-13 15:39:03'),
(1094, 86, 'قفطان', '0.00', 0, NULL, '2024-09-13 15:39:03', '2024-09-13 15:39:03'),
(1095, 86, 'تي شيرت', '0.00', 0, NULL, '2024-09-13 15:39:03', '2024-09-13 15:39:03'),
(1096, 86, 'بدلة', '0.00', 0, NULL, '2024-09-13 15:39:03', '2024-09-13 15:39:03'),
(1097, 86, 'عباءة', '0.00', 0, NULL, '2024-09-13 15:39:03', '2024-09-13 15:39:03'),
(1098, 86, 'قمصان', '0.00', 0, NULL, '2024-09-13 15:39:03', '2024-09-13 15:39:03'),
(1099, 86, 'قميص مخصص', '0.00', 0, NULL, '2024-09-13 15:39:03', '2024-09-13 15:39:03'),
(1100, 86, 'بنطلون', '0.00', 0, NULL, '2024-09-13 15:39:03', '2024-09-13 15:39:03'),
(1101, 86, 'جينز', '0.00', 0, NULL, '2024-09-13 15:39:03', '2024-09-13 15:39:03'),
(1102, 86, 'منديل', '0.00', 0, NULL, '2024-09-13 15:39:03', '2024-09-13 15:39:03'),
(1103, 86, 'بلوفر', '0.00', 0, NULL, '2024-09-13 15:39:03', '2024-09-13 15:39:03'),
(1104, 86, 'شورت', '0.00', 0, NULL, '2024-09-13 15:39:03', '2024-09-13 15:39:03'),
(1105, 86, 'بيجامة', '0.00', 0, NULL, '2024-09-13 15:39:03', '2024-09-13 15:39:03'),
(1106, 86, 'بدلة سهرة', '0.00', 0, NULL, '2024-09-13 15:39:03', '2024-09-13 15:39:03'),
(1107, 87, 'بدلة عسكرية', '0.00', 0, NULL, '2024-09-13 15:39:03', '2024-09-13 15:39:03'),
(1108, 87, 'جاكيت', '0.00', 0, NULL, '2024-09-13 15:39:03', '2024-09-13 15:39:03'),
(1109, 87, 'ثوب', '0.00', 0, NULL, '2024-09-13 15:39:03', '2024-09-13 15:39:03'),
(1110, 87, 'ثوب بليزر', '0.00', 0, NULL, '2024-09-13 15:39:03', '2024-09-13 15:39:03'),
(1111, 87, 'منشفة صغيرة', '0.00', 0, NULL, '2024-09-13 15:39:03', '2024-09-13 15:39:03'),
(1112, 87, 'منشفة كبيرة', '0.00', 0, NULL, '2024-09-13 15:39:03', '2024-09-13 15:39:03'),
(1113, 87, 'غترة/شال', '0.00', 0, NULL, '2024-09-13 15:39:03', '2024-09-13 15:39:03'),
(1114, 87, 'جلابية', '0.00', 0, NULL, '2024-09-13 15:39:03', '2024-09-13 15:39:03'),
(1115, 87, 'قفطان', '0.00', 0, NULL, '2024-09-13 15:39:03', '2024-09-13 15:39:03'),
(1116, 87, 'تي شيرت', '0.00', 0, NULL, '2024-09-13 15:39:03', '2024-09-13 15:39:03'),
(1117, 87, 'بدلة', '0.00', 0, NULL, '2024-09-13 15:39:03', '2024-09-13 15:39:03'),
(1118, 87, 'عباءة', '0.00', 0, NULL, '2024-09-13 15:39:03', '2024-09-13 15:39:03'),
(1119, 87, 'قمصان', '0.00', 0, NULL, '2024-09-13 15:39:03', '2024-09-13 15:39:03'),
(1120, 87, 'قميص مخصص', '0.00', 0, NULL, '2024-09-13 15:39:03', '2024-09-13 15:39:03'),
(1121, 87, 'بنطلون', '0.00', 0, NULL, '2024-09-13 15:39:03', '2024-09-13 15:39:03'),
(1122, 87, 'جينز', '0.00', 0, NULL, '2024-09-13 15:39:03', '2024-09-13 15:39:03'),
(1123, 87, 'منديل', '0.00', 0, NULL, '2024-09-13 15:39:03', '2024-09-13 15:39:03'),
(1124, 87, 'بلوفر', '0.00', 0, NULL, '2024-09-13 15:39:03', '2024-09-13 15:39:03'),
(1125, 87, 'شورت', '0.00', 0, NULL, '2024-09-13 15:39:03', '2024-09-13 15:39:03'),
(1126, 87, 'بيجامة', '0.00', 0, NULL, '2024-09-13 15:39:03', '2024-09-13 15:39:03'),
(1127, 87, 'بدلة سهرة', '0.00', 0, NULL, '2024-09-13 15:39:03', '2024-09-13 15:39:03'),
(1128, 88, 'بطانية نفر', '0.00', 0, NULL, '2024-09-13 15:39:03', '2024-09-13 15:39:03'),
(1129, 88, 'بطانية نفرين', '0.00', 0, NULL, '2024-09-13 15:39:03', '2024-09-13 15:39:03'),
(1130, 88, 'مفرش نفر', '0.00', 0, NULL, '2024-09-13 15:39:03', '2024-09-13 15:39:03'),
(1131, 88, 'مفرش نفرين', '0.00', 0, NULL, '2024-09-13 15:39:03', '2024-09-13 15:39:03'),
(1132, 88, 'شرشف', '0.00', 0, NULL, '2024-09-13 15:39:03', '2024-09-13 15:39:03'),
(1133, 88, 'مخذه', '0.00', 0, NULL, '2024-09-13 15:39:03', '2024-09-13 15:39:03'),
(1134, 88, 'كيس مخذه', '0.00', 0, NULL, '2024-09-13 15:39:03', '2024-09-13 15:39:03'),
(1135, 89, 'فستان زفاف', '0.00', 0, NULL, '2024-09-13 15:39:03', '2024-09-13 15:39:03'),
(1136, 89, 'فستان صغير', '0.00', 0, NULL, '2024-09-13 15:39:03', '2024-09-13 15:39:03'),
(1137, 89, 'فستان كبير', '0.00', 0, NULL, '2024-09-13 15:39:03', '2024-09-13 15:39:03'),
(1138, 90, 'حذاء رياضي', '0.00', 0, NULL, '2024-09-13 15:39:03', '2024-09-13 15:39:03'),
(1139, 90, 'حذاء جلد', '0.00', 0, NULL, '2024-09-13 15:39:03', '2024-09-13 15:39:03'),
(1140, 90, 'حذاء قماش', '0.00', 0, NULL, '2024-09-13 15:39:03', '2024-09-13 15:39:03'),
(1141, 91, 'بدلة عسكرية', '0.00', 0, NULL, '2024-09-13 15:39:03', '2024-09-13 15:39:03'),
(1142, 91, 'جاكيت', '0.00', 0, NULL, '2024-09-13 15:39:03', '2024-09-13 15:39:03'),
(1143, 91, 'ثوب', '0.00', 0, NULL, '2024-09-13 15:39:03', '2024-09-13 15:39:03'),
(1144, 91, 'ثوب بليزر', '0.00', 0, NULL, '2024-09-13 15:39:03', '2024-09-13 15:39:03'),
(1145, 91, 'منشفة صغيرة', '0.00', 0, NULL, '2024-09-13 15:39:03', '2024-09-13 15:39:03'),
(1146, 91, 'منشفة كبيرة', '0.00', 0, NULL, '2024-09-13 15:39:03', '2024-09-13 15:39:03'),
(1147, 91, 'غترة/شال', '0.00', 0, NULL, '2024-09-13 15:39:03', '2024-09-13 15:39:03'),
(1148, 91, 'جلابية', '0.00', 0, NULL, '2024-09-13 15:39:03', '2024-09-13 15:39:03'),
(1149, 91, 'قفطان', '0.00', 0, NULL, '2024-09-13 15:39:03', '2024-09-13 15:39:03'),
(1150, 91, 'تي شيرت', '0.00', 0, NULL, '2024-09-13 15:39:03', '2024-09-13 15:39:03'),
(1151, 91, 'بدلة', '0.00', 0, NULL, '2024-09-13 15:39:03', '2024-09-13 15:39:03'),
(1152, 91, 'عباءة', '0.00', 0, NULL, '2024-09-13 15:39:03', '2024-09-13 15:39:03'),
(1153, 91, 'قمصان', '0.00', 0, NULL, '2024-09-13 15:39:03', '2024-09-13 15:39:03'),
(1154, 91, 'قميص مخصص', '0.00', 0, NULL, '2024-09-13 15:39:03', '2024-09-13 15:39:03'),
(1155, 91, 'بنطلون', '0.00', 0, NULL, '2024-09-13 15:39:03', '2024-09-13 15:39:03'),
(1156, 91, 'جينز', '0.00', 0, NULL, '2024-09-13 15:39:03', '2024-09-13 15:39:03'),
(1157, 91, 'منديل', '0.00', 0, NULL, '2024-09-13 15:39:03', '2024-09-13 15:39:03'),
(1158, 91, 'بلوفر', '0.00', 0, NULL, '2024-09-13 15:39:03', '2024-09-13 15:39:03'),
(1159, 91, 'شورت', '0.00', 0, NULL, '2024-09-13 15:39:03', '2024-09-13 15:39:03'),
(1160, 91, 'بيجامة', '0.00', 0, NULL, '2024-09-13 15:39:03', '2024-09-13 15:39:03'),
(1161, 91, 'بدلة سهرة', '0.00', 0, NULL, '2024-09-13 15:39:03', '2024-09-13 15:39:03'),
(1162, 92, 'بدلة عسكرية', '0.00', 0, NULL, '2024-09-13 15:39:03', '2024-09-13 15:39:03'),
(1163, 92, 'جاكيت', '0.00', 0, NULL, '2024-09-13 15:39:03', '2024-09-13 15:39:03'),
(1164, 92, 'ثوب', '0.00', 0, NULL, '2024-09-13 15:39:03', '2024-09-13 15:39:03'),
(1165, 92, 'ثوب بليزر', '0.00', 0, NULL, '2024-09-13 15:39:03', '2024-09-13 15:39:03'),
(1166, 92, 'منشفة صغيرة', '0.00', 0, NULL, '2024-09-13 15:39:03', '2024-09-13 15:39:03'),
(1167, 92, 'منشفة كبيرة', '0.00', 0, NULL, '2024-09-13 15:39:03', '2024-09-13 15:39:03'),
(1168, 92, 'غترة/شال', '0.00', 0, NULL, '2024-09-13 15:39:03', '2024-09-13 15:39:03'),
(1169, 92, 'جلابية', '0.00', 0, NULL, '2024-09-13 15:39:03', '2024-09-13 15:39:03'),
(1170, 92, 'قفطان', '0.00', 0, NULL, '2024-09-13 15:39:03', '2024-09-13 15:39:03'),
(1171, 92, 'تي شيرت', '0.00', 0, NULL, '2024-09-13 15:39:03', '2024-09-13 15:39:03'),
(1172, 92, 'بدلة', '0.00', 0, NULL, '2024-09-13 15:39:03', '2024-09-13 15:39:03'),
(1173, 92, 'عباءة', '0.00', 0, NULL, '2024-09-13 15:39:03', '2024-09-13 15:39:03'),
(1174, 92, 'قمصان', '0.00', 0, NULL, '2024-09-13 15:39:03', '2024-09-13 15:39:03'),
(1175, 92, 'قميص مخصص', '0.00', 0, NULL, '2024-09-13 15:39:03', '2024-09-13 15:39:03'),
(1176, 92, 'بنطلون', '0.00', 0, NULL, '2024-09-13 15:39:03', '2024-09-13 15:39:03'),
(1177, 92, 'جينز', '0.00', 0, NULL, '2024-09-13 15:39:03', '2024-09-13 15:39:03'),
(1178, 92, 'منديل', '0.00', 0, NULL, '2024-09-13 15:39:03', '2024-09-13 15:39:03'),
(1179, 92, 'بلوفر', '0.00', 0, NULL, '2024-09-13 15:39:03', '2024-09-13 15:39:03'),
(1180, 92, 'شورت', '0.00', 0, NULL, '2024-09-13 15:39:03', '2024-09-13 15:39:03'),
(1181, 92, 'بيجامة', '0.00', 0, NULL, '2024-09-13 15:39:03', '2024-09-13 15:39:03'),
(1182, 92, 'بدلة سهرة', '0.00', 0, NULL, '2024-09-13 15:39:03', '2024-09-13 15:39:03'),
(1183, 93, 'بدلة عسكرية', '0.00', 0, NULL, '2024-09-13 15:39:03', '2024-09-13 15:39:03'),
(1184, 93, 'جاكيت', '0.00', 0, NULL, '2024-09-13 15:39:03', '2024-09-13 15:39:03'),
(1185, 93, 'ثوب', '0.00', 0, NULL, '2024-09-13 15:39:03', '2024-09-13 15:39:03'),
(1186, 93, 'ثوب بليزر', '0.00', 0, NULL, '2024-09-13 15:39:03', '2024-09-13 15:39:03'),
(1187, 93, 'منشفة صغيرة', '0.00', 0, NULL, '2024-09-13 15:39:03', '2024-09-13 15:39:03'),
(1188, 93, 'منشفة كبيرة', '0.00', 0, NULL, '2024-09-13 15:39:03', '2024-09-13 15:39:03'),
(1189, 93, 'غترة/شال', '0.00', 0, NULL, '2024-09-13 15:39:03', '2024-09-13 15:39:03'),
(1190, 93, 'جلابية', '0.00', 0, NULL, '2024-09-13 15:39:03', '2024-09-13 15:39:03'),
(1191, 93, 'قفطان', '0.00', 0, NULL, '2024-09-13 15:39:03', '2024-09-13 15:39:03'),
(1192, 93, 'تي شيرت', '0.00', 0, NULL, '2024-09-13 15:39:03', '2024-09-13 15:39:03'),
(1193, 93, 'بدلة', '0.00', 0, NULL, '2024-09-13 15:39:03', '2024-09-13 15:39:03'),
(1194, 93, 'عباءة', '0.00', 0, NULL, '2024-09-13 15:39:03', '2024-09-13 15:39:03'),
(1195, 93, 'قمصان', '0.00', 0, NULL, '2024-09-13 15:39:03', '2024-09-13 15:39:03'),
(1196, 93, 'قميص مخصص', '0.00', 0, NULL, '2024-09-13 15:39:03', '2024-09-13 15:39:03'),
(1197, 93, 'بنطلون', '0.00', 0, NULL, '2024-09-13 15:39:03', '2024-09-13 15:39:03'),
(1198, 93, 'جينز', '0.00', 0, NULL, '2024-09-13 15:39:03', '2024-09-13 15:39:03'),
(1199, 93, 'منديل', '0.00', 0, NULL, '2024-09-13 15:39:03', '2024-09-13 15:39:03'),
(1200, 93, 'بلوفر', '0.00', 0, NULL, '2024-09-13 15:39:03', '2024-09-13 15:39:03'),
(1201, 93, 'شورت', '0.00', 0, NULL, '2024-09-13 15:39:03', '2024-09-13 15:39:03'),
(1202, 93, 'بيجامة', '0.00', 0, NULL, '2024-09-13 15:39:03', '2024-09-13 15:39:03');
INSERT INTO `services` (`id`, `service_category_id`, `name`, `price`, `is_express`, `description`, `created_at`, `updated_at`) VALUES
(1203, 93, 'بدلة سهرة', '0.00', 0, NULL, '2024-09-13 15:39:03', '2024-09-13 15:39:03'),
(1204, 94, 'بطانية نفر', '0.00', 0, NULL, '2024-09-13 15:39:03', '2024-09-13 15:39:03'),
(1205, 94, 'بطانية نفرين', '0.00', 0, NULL, '2024-09-13 15:39:03', '2024-09-13 15:39:03'),
(1206, 94, 'مفرش نفر', '0.00', 0, NULL, '2024-09-13 15:39:03', '2024-09-13 15:39:03'),
(1207, 94, 'مفرش نفرين', '0.00', 0, NULL, '2024-09-13 15:39:03', '2024-09-13 15:39:03'),
(1208, 94, 'شرشف', '0.00', 0, NULL, '2024-09-13 15:39:03', '2024-09-13 15:39:03'),
(1209, 94, 'مخذه', '0.00', 0, NULL, '2024-09-13 15:39:03', '2024-09-13 15:39:03'),
(1210, 94, 'كيس مخذه', '0.00', 0, NULL, '2024-09-13 15:39:03', '2024-09-13 15:39:03'),
(1211, 95, 'فستان زفاف', '0.00', 0, NULL, '2024-09-13 15:39:03', '2024-09-13 15:39:03'),
(1212, 95, 'فستان صغير', '0.00', 0, NULL, '2024-09-13 15:39:03', '2024-09-13 15:39:03'),
(1213, 95, 'فستان كبير', '0.00', 0, NULL, '2024-09-13 15:39:03', '2024-09-13 15:39:03'),
(1214, 96, 'حذاء رياضي', '0.00', 0, NULL, '2024-09-13 15:39:03', '2024-09-13 15:39:03'),
(1215, 96, 'حذاء جلد', '0.00', 0, NULL, '2024-09-13 15:39:03', '2024-09-13 15:39:03'),
(1216, 96, 'حذاء قماش', '0.00', 0, NULL, '2024-09-13 15:39:03', '2024-09-13 15:39:03'),
(1217, 97, 'بدلة عسكرية', '0.00', 0, NULL, '2024-09-13 15:39:03', '2024-09-13 15:39:03'),
(1218, 97, 'جاكيت', '0.00', 0, NULL, '2024-09-13 15:39:03', '2024-09-13 15:39:03'),
(1219, 97, 'ثوب', '0.00', 0, NULL, '2024-09-13 15:39:03', '2024-09-13 15:39:03'),
(1220, 97, 'ثوب بليزر', '0.00', 0, NULL, '2024-09-13 15:39:03', '2024-09-13 15:39:03'),
(1221, 97, 'منشفة صغيرة', '0.00', 0, NULL, '2024-09-13 15:39:03', '2024-09-13 15:39:03'),
(1222, 97, 'منشفة كبيرة', '0.00', 0, NULL, '2024-09-13 15:39:03', '2024-09-13 15:39:03'),
(1223, 97, 'غترة/شال', '0.00', 0, NULL, '2024-09-13 15:39:03', '2024-09-13 15:39:03'),
(1224, 97, 'جلابية', '0.00', 0, NULL, '2024-09-13 15:39:03', '2024-09-13 15:39:03'),
(1225, 97, 'قفطان', '0.00', 0, NULL, '2024-09-13 15:39:03', '2024-09-13 15:39:03'),
(1226, 97, 'تي شيرت', '0.00', 0, NULL, '2024-09-13 15:39:03', '2024-09-13 15:39:03'),
(1227, 97, 'بدلة', '0.00', 0, NULL, '2024-09-13 15:39:03', '2024-09-13 15:39:03'),
(1228, 97, 'عباءة', '0.00', 0, NULL, '2024-09-13 15:39:03', '2024-09-13 15:39:03'),
(1229, 97, 'قمصان', '0.00', 0, NULL, '2024-09-13 15:39:03', '2024-09-13 15:39:03'),
(1230, 97, 'قميص مخصص', '0.00', 0, NULL, '2024-09-13 15:39:03', '2024-09-13 15:39:03'),
(1231, 97, 'بنطلون', '0.00', 0, NULL, '2024-09-13 15:39:03', '2024-09-13 15:39:03'),
(1232, 97, 'جينز', '0.00', 0, NULL, '2024-09-13 15:39:03', '2024-09-13 15:39:03'),
(1233, 97, 'منديل', '0.00', 0, NULL, '2024-09-13 15:39:03', '2024-09-13 15:39:03'),
(1234, 97, 'بلوفر', '0.00', 0, NULL, '2024-09-13 15:39:03', '2024-09-13 15:39:03'),
(1235, 97, 'شورت', '0.00', 0, NULL, '2024-09-13 15:39:03', '2024-09-13 15:39:03'),
(1236, 97, 'بيجامة', '0.00', 0, NULL, '2024-09-13 15:39:03', '2024-09-13 15:39:03'),
(1237, 97, 'بدلة سهرة', '0.00', 0, NULL, '2024-09-13 15:39:03', '2024-09-13 15:39:03'),
(1238, 98, 'بدلة عسكرية', '0.00', 0, NULL, '2024-09-13 15:39:03', '2024-09-13 15:39:03'),
(1239, 98, 'جاكيت', '0.00', 0, NULL, '2024-09-13 15:39:03', '2024-09-13 15:39:03'),
(1240, 98, 'ثوب', '0.00', 0, NULL, '2024-09-13 15:39:03', '2024-09-13 15:39:03'),
(1241, 98, 'ثوب بليزر', '0.00', 0, NULL, '2024-09-13 15:39:03', '2024-09-13 15:39:03'),
(1242, 98, 'منشفة صغيرة', '0.00', 0, NULL, '2024-09-13 15:39:03', '2024-09-13 15:39:03'),
(1243, 98, 'منشفة كبيرة', '0.00', 0, NULL, '2024-09-13 15:39:03', '2024-09-13 15:39:03'),
(1244, 98, 'غترة/شال', '0.00', 0, NULL, '2024-09-13 15:39:03', '2024-09-13 15:39:03'),
(1245, 98, 'جلابية', '0.00', 0, NULL, '2024-09-13 15:39:03', '2024-09-13 15:39:03'),
(1246, 98, 'قفطان', '0.00', 0, NULL, '2024-09-13 15:39:03', '2024-09-13 15:39:03'),
(1247, 98, 'تي شيرت', '0.00', 0, NULL, '2024-09-13 15:39:03', '2024-09-13 15:39:03'),
(1248, 98, 'بدلة', '0.00', 0, NULL, '2024-09-13 15:39:03', '2024-09-13 15:39:03'),
(1249, 98, 'عباءة', '0.00', 0, NULL, '2024-09-13 15:39:03', '2024-09-13 15:39:03'),
(1250, 98, 'قمصان', '0.00', 0, NULL, '2024-09-13 15:39:03', '2024-09-13 15:39:03'),
(1251, 98, 'قميص مخصص', '0.00', 0, NULL, '2024-09-13 15:39:03', '2024-09-13 15:39:03'),
(1252, 98, 'بنطلون', '0.00', 0, NULL, '2024-09-13 15:39:03', '2024-09-13 15:39:03'),
(1253, 98, 'جينز', '0.00', 0, NULL, '2024-09-13 15:39:03', '2024-09-13 15:39:03'),
(1254, 98, 'منديل', '0.00', 0, NULL, '2024-09-13 15:39:03', '2024-09-13 15:39:03'),
(1255, 98, 'بلوفر', '0.00', 0, NULL, '2024-09-13 15:39:03', '2024-09-13 15:39:03'),
(1256, 98, 'شورت', '0.00', 0, NULL, '2024-09-13 15:39:03', '2024-09-13 15:39:03'),
(1257, 98, 'بيجامة', '0.00', 0, NULL, '2024-09-13 15:39:03', '2024-09-13 15:39:03'),
(1258, 98, 'بدلة سهرة', '0.00', 0, NULL, '2024-09-13 15:39:03', '2024-09-13 15:39:03'),
(1259, 99, 'بدلة عسكرية', '0.00', 0, NULL, '2024-09-13 15:39:03', '2024-09-13 15:39:03'),
(1260, 99, 'جاكيت', '0.00', 0, NULL, '2024-09-13 15:39:03', '2024-09-13 15:39:03'),
(1261, 99, 'ثوب', '0.00', 0, NULL, '2024-09-13 15:39:03', '2024-09-13 15:39:03'),
(1262, 99, 'ثوب بليزر', '0.00', 0, NULL, '2024-09-13 15:39:03', '2024-09-13 15:39:03'),
(1263, 99, 'منشفة صغيرة', '0.00', 0, NULL, '2024-09-13 15:39:03', '2024-09-13 15:39:03'),
(1264, 99, 'منشفة كبيرة', '0.00', 0, NULL, '2024-09-13 15:39:03', '2024-09-13 15:39:03'),
(1265, 99, 'غترة/شال', '0.00', 0, NULL, '2024-09-13 15:39:03', '2024-09-13 15:39:03'),
(1266, 99, 'جلابية', '0.00', 0, NULL, '2024-09-13 15:39:03', '2024-09-13 15:39:03'),
(1267, 99, 'قفطان', '0.00', 0, NULL, '2024-09-13 15:39:03', '2024-09-13 15:39:03'),
(1268, 99, 'تي شيرت', '0.00', 0, NULL, '2024-09-13 15:39:03', '2024-09-13 15:39:03'),
(1269, 99, 'بدلة', '0.00', 0, NULL, '2024-09-13 15:39:03', '2024-09-13 15:39:03'),
(1270, 99, 'عباءة', '0.00', 0, NULL, '2024-09-13 15:39:03', '2024-09-13 15:39:03'),
(1271, 99, 'قمصان', '0.00', 0, NULL, '2024-09-13 15:39:03', '2024-09-13 15:39:03'),
(1272, 99, 'قميص مخصص', '0.00', 0, NULL, '2024-09-13 15:39:03', '2024-09-13 15:39:03'),
(1273, 99, 'بنطلون', '0.00', 0, NULL, '2024-09-13 15:39:03', '2024-09-13 15:39:03'),
(1274, 99, 'جينز', '0.00', 0, NULL, '2024-09-13 15:39:03', '2024-09-13 15:39:03'),
(1275, 99, 'منديل', '0.00', 0, NULL, '2024-09-13 15:39:03', '2024-09-13 15:39:03'),
(1276, 99, 'بلوفر', '0.00', 0, NULL, '2024-09-13 15:39:03', '2024-09-13 15:39:03'),
(1277, 99, 'شورت', '0.00', 0, NULL, '2024-09-13 15:39:03', '2024-09-13 15:39:03'),
(1278, 99, 'بيجامة', '0.00', 0, NULL, '2024-09-13 15:39:03', '2024-09-13 15:39:03'),
(1279, 99, 'بدلة سهرة', '0.00', 0, NULL, '2024-09-13 15:39:03', '2024-09-13 15:39:03'),
(1280, 100, 'بطانية نفر', '0.00', 0, NULL, '2024-09-13 15:39:03', '2024-09-13 15:39:03'),
(1281, 100, 'بطانية نفرين', '0.00', 0, NULL, '2024-09-13 15:39:03', '2024-09-13 15:39:03'),
(1282, 100, 'مفرش نفر', '0.00', 0, NULL, '2024-09-13 15:39:03', '2024-09-13 15:39:03'),
(1283, 100, 'مفرش نفرين', '0.00', 0, NULL, '2024-09-13 15:39:03', '2024-09-13 15:39:03'),
(1284, 100, 'شرشف', '0.00', 0, NULL, '2024-09-13 15:39:03', '2024-09-13 15:39:03'),
(1285, 100, 'مخذه', '0.00', 0, NULL, '2024-09-13 15:39:03', '2024-09-13 15:39:03'),
(1286, 100, 'كيس مخذه', '0.00', 0, NULL, '2024-09-13 15:39:03', '2024-09-13 15:39:03'),
(1287, 101, 'فستان زفاف', '0.00', 0, NULL, '2024-09-13 15:39:03', '2024-09-13 15:39:03'),
(1288, 101, 'فستان صغير', '0.00', 0, NULL, '2024-09-13 15:39:03', '2024-09-13 15:39:03'),
(1289, 101, 'فستان كبير', '0.00', 0, NULL, '2024-09-13 15:39:03', '2024-09-13 15:39:03'),
(1290, 102, 'حذاء رياضي', '0.00', 0, NULL, '2024-09-13 15:39:03', '2024-09-13 15:39:03'),
(1291, 102, 'حذاء جلد', '0.00', 0, NULL, '2024-09-13 15:39:03', '2024-09-13 15:39:03'),
(1292, 102, 'حذاء قماش', '0.00', 0, NULL, '2024-09-13 15:39:03', '2024-09-13 15:39:03'),
(1293, 103, 'بدلة عسكرية', '0.00', 0, NULL, '2024-09-13 15:39:03', '2024-09-13 15:39:03'),
(1294, 103, 'جاكيت', '0.00', 0, NULL, '2024-09-13 15:39:03', '2024-09-13 15:39:03'),
(1295, 103, 'ثوب', '0.00', 0, NULL, '2024-09-13 15:39:03', '2024-09-13 15:39:03'),
(1296, 103, 'ثوب بليزر', '0.00', 0, NULL, '2024-09-13 15:39:03', '2024-09-13 15:39:03'),
(1297, 103, 'منشفة صغيرة', '0.00', 0, NULL, '2024-09-13 15:39:03', '2024-09-13 15:39:03'),
(1298, 103, 'منشفة كبيرة', '0.00', 0, NULL, '2024-09-13 15:39:03', '2024-09-13 15:39:03'),
(1299, 103, 'غترة/شال', '0.00', 0, NULL, '2024-09-13 15:39:03', '2024-09-13 15:39:03'),
(1300, 103, 'جلابية', '0.00', 0, NULL, '2024-09-13 15:39:03', '2024-09-13 15:39:03'),
(1301, 103, 'قفطان', '0.00', 0, NULL, '2024-09-13 15:39:03', '2024-09-13 15:39:03'),
(1302, 103, 'تي شيرت', '0.00', 0, NULL, '2024-09-13 15:39:03', '2024-09-13 15:39:03'),
(1303, 103, 'بدلة', '0.00', 0, NULL, '2024-09-13 15:39:03', '2024-09-13 15:39:03'),
(1304, 103, 'عباءة', '0.00', 0, NULL, '2024-09-13 15:39:03', '2024-09-13 15:39:03'),
(1305, 103, 'قمصان', '0.00', 0, NULL, '2024-09-13 15:39:03', '2024-09-13 15:39:03'),
(1306, 103, 'قميص مخصص', '0.00', 0, NULL, '2024-09-13 15:39:03', '2024-09-13 15:39:03'),
(1307, 103, 'بنطلون', '0.00', 0, NULL, '2024-09-13 15:39:03', '2024-09-13 15:39:03'),
(1308, 103, 'جينز', '0.00', 0, NULL, '2024-09-13 15:39:03', '2024-09-13 15:39:03'),
(1309, 103, 'منديل', '0.00', 0, NULL, '2024-09-13 15:39:03', '2024-09-13 15:39:03'),
(1310, 103, 'بلوفر', '0.00', 0, NULL, '2024-09-13 15:39:03', '2024-09-13 15:39:03'),
(1311, 103, 'شورت', '0.00', 0, NULL, '2024-09-13 15:39:03', '2024-09-13 15:39:03'),
(1312, 103, 'بيجامة', '0.00', 0, NULL, '2024-09-13 15:39:03', '2024-09-13 15:39:03'),
(1313, 103, 'بدلة سهرة', '0.00', 0, NULL, '2024-09-13 15:39:03', '2024-09-13 15:39:03'),
(1314, 104, 'بدلة عسكرية', '0.00', 0, NULL, '2024-09-13 15:39:03', '2024-09-13 15:39:03'),
(1315, 104, 'جاكيت', '0.00', 0, NULL, '2024-09-13 15:39:03', '2024-09-13 15:39:03'),
(1316, 104, 'ثوب', '0.00', 0, NULL, '2024-09-13 15:39:03', '2024-09-13 15:39:03'),
(1317, 104, 'ثوب بليزر', '0.00', 0, NULL, '2024-09-13 15:39:03', '2024-09-13 15:39:03'),
(1318, 104, 'منشفة صغيرة', '0.00', 0, NULL, '2024-09-13 15:39:03', '2024-09-13 15:39:03'),
(1319, 104, 'منشفة كبيرة', '0.00', 0, NULL, '2024-09-13 15:39:03', '2024-09-13 15:39:03'),
(1320, 104, 'غترة/شال', '0.00', 0, NULL, '2024-09-13 15:39:03', '2024-09-13 15:39:03'),
(1321, 104, 'جلابية', '0.00', 0, NULL, '2024-09-13 15:39:03', '2024-09-13 15:39:03'),
(1322, 104, 'قفطان', '0.00', 0, NULL, '2024-09-13 15:39:03', '2024-09-13 15:39:03'),
(1323, 104, 'تي شيرت', '0.00', 0, NULL, '2024-09-13 15:39:03', '2024-09-13 15:39:03'),
(1324, 104, 'بدلة', '0.00', 0, NULL, '2024-09-13 15:39:03', '2024-09-13 15:39:03'),
(1325, 104, 'عباءة', '0.00', 0, NULL, '2024-09-13 15:39:03', '2024-09-13 15:39:03'),
(1326, 104, 'قمصان', '0.00', 0, NULL, '2024-09-13 15:39:03', '2024-09-13 15:39:03'),
(1327, 104, 'قميص مخصص', '0.00', 0, NULL, '2024-09-13 15:39:03', '2024-09-13 15:39:03'),
(1328, 104, 'بنطلون', '0.00', 0, NULL, '2024-09-13 15:39:03', '2024-09-13 15:39:03'),
(1329, 104, 'جينز', '0.00', 0, NULL, '2024-09-13 15:39:03', '2024-09-13 15:39:03'),
(1330, 104, 'منديل', '0.00', 0, NULL, '2024-09-13 15:39:03', '2024-09-13 15:39:03'),
(1331, 104, 'بلوفر', '0.00', 0, NULL, '2024-09-13 15:39:03', '2024-09-13 15:39:03'),
(1332, 104, 'شورت', '0.00', 0, NULL, '2024-09-13 15:39:03', '2024-09-13 15:39:03'),
(1333, 104, 'بيجامة', '0.00', 0, NULL, '2024-09-13 15:39:03', '2024-09-13 15:39:03'),
(1334, 104, 'بدلة سهرة', '0.00', 0, NULL, '2024-09-13 15:39:03', '2024-09-13 15:39:03'),
(1335, 105, 'بدلة عسكرية', '0.00', 0, NULL, '2024-09-13 15:39:03', '2024-09-13 15:39:03'),
(1336, 105, 'جاكيت', '0.00', 0, NULL, '2024-09-13 15:39:03', '2024-09-13 15:39:03'),
(1337, 105, 'ثوب', '0.00', 0, NULL, '2024-09-13 15:39:03', '2024-09-13 15:39:03'),
(1338, 105, 'ثوب بليزر', '0.00', 0, NULL, '2024-09-13 15:39:03', '2024-09-13 15:39:03'),
(1339, 105, 'منشفة صغيرة', '0.00', 0, NULL, '2024-09-13 15:39:03', '2024-09-13 15:39:03'),
(1340, 105, 'منشفة كبيرة', '0.00', 0, NULL, '2024-09-13 15:39:03', '2024-09-13 15:39:03'),
(1341, 105, 'غترة/شال', '0.00', 0, NULL, '2024-09-13 15:39:03', '2024-09-13 15:39:03'),
(1342, 105, 'جلابية', '0.00', 0, NULL, '2024-09-13 15:39:03', '2024-09-13 15:39:03'),
(1343, 105, 'قفطان', '0.00', 0, NULL, '2024-09-13 15:39:03', '2024-09-13 15:39:03'),
(1344, 105, 'تي شيرت', '0.00', 0, NULL, '2024-09-13 15:39:03', '2024-09-13 15:39:03'),
(1345, 105, 'بدلة', '0.00', 0, NULL, '2024-09-13 15:39:03', '2024-09-13 15:39:03'),
(1346, 105, 'عباءة', '0.00', 0, NULL, '2024-09-13 15:39:03', '2024-09-13 15:39:03'),
(1347, 105, 'قمصان', '0.00', 0, NULL, '2024-09-13 15:39:03', '2024-09-13 15:39:03'),
(1348, 105, 'قميص مخصص', '0.00', 0, NULL, '2024-09-13 15:39:03', '2024-09-13 15:39:03'),
(1349, 105, 'بنطلون', '0.00', 0, NULL, '2024-09-13 15:39:03', '2024-09-13 15:39:03'),
(1350, 105, 'جينز', '0.00', 0, NULL, '2024-09-13 15:39:03', '2024-09-13 15:39:03'),
(1351, 105, 'منديل', '0.00', 0, NULL, '2024-09-13 15:39:03', '2024-09-13 15:39:03'),
(1352, 105, 'بلوفر', '0.00', 0, NULL, '2024-09-13 15:39:03', '2024-09-13 15:39:03'),
(1353, 105, 'شورت', '0.00', 0, NULL, '2024-09-13 15:39:03', '2024-09-13 15:39:03'),
(1354, 105, 'بيجامة', '0.00', 0, NULL, '2024-09-13 15:39:03', '2024-09-13 15:39:03'),
(1355, 105, 'بدلة سهرة', '0.00', 0, NULL, '2024-09-13 15:39:03', '2024-09-13 15:39:03'),
(1356, 106, 'بطانية نفر', '0.00', 0, NULL, '2024-09-13 15:39:03', '2024-09-13 15:39:03'),
(1357, 106, 'بطانية نفرين', '0.00', 0, NULL, '2024-09-13 15:39:03', '2024-09-13 15:39:03'),
(1358, 106, 'مفرش نفر', '0.00', 0, NULL, '2024-09-13 15:39:03', '2024-09-13 15:39:03'),
(1359, 106, 'مفرش نفرين', '0.00', 0, NULL, '2024-09-13 15:39:03', '2024-09-13 15:39:03'),
(1360, 106, 'شرشف', '0.00', 0, NULL, '2024-09-13 15:39:03', '2024-09-13 15:39:03'),
(1361, 106, 'مخذه', '0.00', 0, NULL, '2024-09-13 15:39:03', '2024-09-13 15:39:03'),
(1362, 106, 'كيس مخذه', '0.00', 0, NULL, '2024-09-13 15:39:03', '2024-09-13 15:39:03'),
(1363, 107, 'فستان زفاف', '0.00', 0, NULL, '2024-09-13 15:39:03', '2024-09-13 15:39:03'),
(1364, 107, 'فستان صغير', '0.00', 0, NULL, '2024-09-13 15:39:03', '2024-09-13 15:39:03'),
(1365, 107, 'فستان كبير', '0.00', 0, NULL, '2024-09-13 15:39:03', '2024-09-13 15:39:03'),
(1366, 108, 'حذاء رياضي', '0.00', 0, NULL, '2024-09-13 15:39:03', '2024-09-13 15:39:03'),
(1367, 108, 'حذاء جلد', '0.00', 0, NULL, '2024-09-13 15:39:03', '2024-09-13 15:39:03'),
(1368, 108, 'حذاء قماش', '0.00', 0, NULL, '2024-09-13 15:39:03', '2024-09-13 15:39:03'),
(1369, 109, 'بدلة عسكرية', '0.00', 0, NULL, '2024-09-13 15:39:03', '2024-09-13 15:39:03'),
(1370, 109, 'جاكيت', '0.00', 0, NULL, '2024-09-13 15:39:03', '2024-09-13 15:39:03'),
(1371, 109, 'ثوب', '0.00', 0, NULL, '2024-09-13 15:39:03', '2024-09-13 15:39:03'),
(1372, 109, 'ثوب بليزر', '0.00', 0, NULL, '2024-09-13 15:39:03', '2024-09-13 15:39:03'),
(1373, 109, 'منشفة صغيرة', '0.00', 0, NULL, '2024-09-13 15:39:03', '2024-09-13 15:39:03'),
(1374, 109, 'منشفة كبيرة', '0.00', 0, NULL, '2024-09-13 15:39:03', '2024-09-13 15:39:03'),
(1375, 109, 'غترة/شال', '0.00', 0, NULL, '2024-09-13 15:39:03', '2024-09-13 15:39:03'),
(1376, 109, 'جلابية', '0.00', 0, NULL, '2024-09-13 15:39:03', '2024-09-13 15:39:03'),
(1377, 109, 'قفطان', '0.00', 0, NULL, '2024-09-13 15:39:03', '2024-09-13 15:39:03'),
(1378, 109, 'تي شيرت', '0.00', 0, NULL, '2024-09-13 15:39:03', '2024-09-13 15:39:03'),
(1379, 109, 'بدلة', '0.00', 0, NULL, '2024-09-13 15:39:03', '2024-09-13 15:39:03'),
(1380, 109, 'عباءة', '0.00', 0, NULL, '2024-09-13 15:39:03', '2024-09-13 15:39:03'),
(1381, 109, 'قمصان', '0.00', 0, NULL, '2024-09-13 15:39:03', '2024-09-13 15:39:03'),
(1382, 109, 'قميص مخصص', '0.00', 0, NULL, '2024-09-13 15:39:03', '2024-09-13 15:39:03'),
(1383, 109, 'بنطلون', '0.00', 0, NULL, '2024-09-13 15:39:03', '2024-09-13 15:39:03'),
(1384, 109, 'جينز', '0.00', 0, NULL, '2024-09-13 15:39:03', '2024-09-13 15:39:03'),
(1385, 109, 'منديل', '0.00', 0, NULL, '2024-09-13 15:39:03', '2024-09-13 15:39:03'),
(1386, 109, 'بلوفر', '0.00', 0, NULL, '2024-09-13 15:39:03', '2024-09-13 15:39:03'),
(1387, 109, 'شورت', '0.00', 0, NULL, '2024-09-13 15:39:03', '2024-09-13 15:39:03'),
(1388, 109, 'بيجامة', '0.00', 0, NULL, '2024-09-13 15:39:03', '2024-09-13 15:39:03'),
(1389, 109, 'بدلة سهرة', '0.00', 0, NULL, '2024-09-13 15:39:03', '2024-09-13 15:39:03'),
(1390, 110, 'بدلة عسكرية', '0.00', 0, NULL, '2024-09-13 15:39:03', '2024-09-13 15:39:03'),
(1391, 110, 'جاكيت', '0.00', 0, NULL, '2024-09-13 15:39:03', '2024-09-13 15:39:03'),
(1392, 110, 'ثوب', '0.00', 0, NULL, '2024-09-13 15:39:03', '2024-09-13 15:39:03'),
(1393, 110, 'ثوب بليزر', '0.00', 0, NULL, '2024-09-13 15:39:03', '2024-09-13 15:39:03'),
(1394, 110, 'منشفة صغيرة', '0.00', 0, NULL, '2024-09-13 15:39:03', '2024-09-13 15:39:03'),
(1395, 110, 'منشفة كبيرة', '0.00', 0, NULL, '2024-09-13 15:39:03', '2024-09-13 15:39:03'),
(1396, 110, 'غترة/شال', '0.00', 0, NULL, '2024-09-13 15:39:03', '2024-09-13 15:39:03'),
(1397, 110, 'جلابية', '0.00', 0, NULL, '2024-09-13 15:39:03', '2024-09-13 15:39:03'),
(1398, 110, 'قفطان', '0.00', 0, NULL, '2024-09-13 15:39:03', '2024-09-13 15:39:03'),
(1399, 110, 'تي شيرت', '0.00', 0, NULL, '2024-09-13 15:39:03', '2024-09-13 15:39:03'),
(1400, 110, 'بدلة', '0.00', 0, NULL, '2024-09-13 15:39:03', '2024-09-13 15:39:03'),
(1401, 110, 'عباءة', '0.00', 0, NULL, '2024-09-13 15:39:03', '2024-09-13 15:39:03'),
(1402, 110, 'قمصان', '0.00', 0, NULL, '2024-09-13 15:39:03', '2024-09-13 15:39:03'),
(1403, 110, 'قميص مخصص', '0.00', 0, NULL, '2024-09-13 15:39:03', '2024-09-13 15:39:03'),
(1404, 110, 'بنطلون', '0.00', 0, NULL, '2024-09-13 15:39:03', '2024-09-13 15:39:03'),
(1405, 110, 'جينز', '0.00', 0, NULL, '2024-09-13 15:39:03', '2024-09-13 15:39:03'),
(1406, 110, 'منديل', '0.00', 0, NULL, '2024-09-13 15:39:03', '2024-09-13 15:39:03'),
(1407, 110, 'بلوفر', '0.00', 0, NULL, '2024-09-13 15:39:03', '2024-09-13 15:39:03'),
(1408, 110, 'شورت', '0.00', 0, NULL, '2024-09-13 15:39:03', '2024-09-13 15:39:03'),
(1409, 110, 'بيجامة', '0.00', 0, NULL, '2024-09-13 15:39:03', '2024-09-13 15:39:03'),
(1410, 110, 'بدلة سهرة', '0.00', 0, NULL, '2024-09-13 15:39:03', '2024-09-13 15:39:03'),
(1411, 111, 'بدلة عسكرية', '0.00', 0, NULL, '2024-09-13 15:39:03', '2024-09-13 15:39:03'),
(1412, 111, 'جاكيت', '0.00', 0, NULL, '2024-09-13 15:39:03', '2024-09-13 15:39:03'),
(1413, 111, 'ثوب', '0.00', 0, NULL, '2024-09-13 15:39:03', '2024-09-13 15:39:03'),
(1414, 111, 'ثوب بليزر', '0.00', 0, NULL, '2024-09-13 15:39:03', '2024-09-13 15:39:03'),
(1415, 111, 'منشفة صغيرة', '0.00', 0, NULL, '2024-09-13 15:39:03', '2024-09-13 15:39:03'),
(1416, 111, 'منشفة كبيرة', '0.00', 0, NULL, '2024-09-13 15:39:03', '2024-09-13 15:39:03'),
(1417, 111, 'غترة/شال', '0.00', 0, NULL, '2024-09-13 15:39:03', '2024-09-13 15:39:03'),
(1418, 111, 'جلابية', '0.00', 0, NULL, '2024-09-13 15:39:03', '2024-09-13 15:39:03'),
(1419, 111, 'قفطان', '0.00', 0, NULL, '2024-09-13 15:39:03', '2024-09-13 15:39:03'),
(1420, 111, 'تي شيرت', '0.00', 0, NULL, '2024-09-13 15:39:03', '2024-09-13 15:39:03'),
(1421, 111, 'بدلة', '0.00', 0, NULL, '2024-09-13 15:39:03', '2024-09-13 15:39:03'),
(1422, 111, 'عباءة', '0.00', 0, NULL, '2024-09-13 15:39:03', '2024-09-13 15:39:03'),
(1423, 111, 'قمصان', '0.00', 0, NULL, '2024-09-13 15:39:03', '2024-09-13 15:39:03'),
(1424, 111, 'قميص مخصص', '0.00', 0, NULL, '2024-09-13 15:39:03', '2024-09-13 15:39:03'),
(1425, 111, 'بنطلون', '0.00', 0, NULL, '2024-09-13 15:39:03', '2024-09-13 15:39:03'),
(1426, 111, 'جينز', '0.00', 0, NULL, '2024-09-13 15:39:03', '2024-09-13 15:39:03'),
(1427, 111, 'منديل', '0.00', 0, NULL, '2024-09-13 15:39:03', '2024-09-13 15:39:03'),
(1428, 111, 'بلوفر', '0.00', 0, NULL, '2024-09-13 15:39:03', '2024-09-13 15:39:03'),
(1429, 111, 'شورت', '0.00', 0, NULL, '2024-09-13 15:39:03', '2024-09-13 15:39:03'),
(1430, 111, 'بيجامة', '0.00', 0, NULL, '2024-09-13 15:39:03', '2024-09-13 15:39:03'),
(1431, 111, 'بدلة سهرة', '0.00', 0, NULL, '2024-09-13 15:39:03', '2024-09-13 15:39:03'),
(1432, 112, 'بطانية نفر', '0.00', 0, NULL, '2024-09-13 15:39:03', '2024-09-13 15:39:03'),
(1433, 112, 'بطانية نفرين', '0.00', 0, NULL, '2024-09-13 15:39:03', '2024-09-13 15:39:03'),
(1434, 112, 'مفرش نفر', '0.00', 0, NULL, '2024-09-13 15:39:03', '2024-09-13 15:39:03'),
(1435, 112, 'مفرش نفرين', '0.00', 0, NULL, '2024-09-13 15:39:03', '2024-09-13 15:39:03'),
(1436, 112, 'شرشف', '0.00', 0, NULL, '2024-09-13 15:39:03', '2024-09-13 15:39:03'),
(1437, 112, 'مخذه', '0.00', 0, NULL, '2024-09-13 15:39:03', '2024-09-13 15:39:03'),
(1438, 112, 'كيس مخذه', '0.00', 0, NULL, '2024-09-13 15:39:03', '2024-09-13 15:39:03'),
(1439, 113, 'فستان زفاف', '0.00', 0, NULL, '2024-09-13 15:39:03', '2024-09-13 15:39:03'),
(1440, 113, 'فستان صغير', '0.00', 0, NULL, '2024-09-13 15:39:03', '2024-09-13 15:39:03'),
(1441, 113, 'فستان كبير', '0.00', 0, NULL, '2024-09-13 15:39:03', '2024-09-13 15:39:03'),
(1442, 114, 'حذاء رياضي', '0.00', 0, NULL, '2024-09-13 15:39:03', '2024-09-13 15:39:03'),
(1443, 114, 'حذاء جلد', '0.00', 0, NULL, '2024-09-13 15:39:03', '2024-09-13 15:39:03'),
(1444, 114, 'حذاء قماش', '0.00', 0, NULL, '2024-09-13 15:39:03', '2024-09-13 15:39:03'),
(1445, 115, 'بدلة عسكرية', '0.00', 0, NULL, '2024-09-13 15:39:03', '2024-09-13 15:39:03'),
(1446, 115, 'جاكيت', '0.00', 0, NULL, '2024-09-13 15:39:03', '2024-09-13 15:39:03'),
(1447, 115, 'ثوب', '0.00', 0, NULL, '2024-09-13 15:39:03', '2024-09-13 15:39:03'),
(1448, 115, 'ثوب بليزر', '0.00', 0, NULL, '2024-09-13 15:39:03', '2024-09-13 15:39:03'),
(1449, 115, 'منشفة صغيرة', '0.00', 0, NULL, '2024-09-13 15:39:03', '2024-09-13 15:39:03'),
(1450, 115, 'منشفة كبيرة', '0.00', 0, NULL, '2024-09-13 15:39:03', '2024-09-13 15:39:03'),
(1451, 115, 'غترة/شال', '0.00', 0, NULL, '2024-09-13 15:39:03', '2024-09-13 15:39:03'),
(1452, 115, 'جلابية', '0.00', 0, NULL, '2024-09-13 15:39:03', '2024-09-13 15:39:03'),
(1453, 115, 'قفطان', '0.00', 0, NULL, '2024-09-13 15:39:03', '2024-09-13 15:39:03'),
(1454, 115, 'تي شيرت', '0.00', 0, NULL, '2024-09-13 15:39:03', '2024-09-13 15:39:03'),
(1455, 115, 'بدلة', '0.00', 0, NULL, '2024-09-13 15:39:03', '2024-09-13 15:39:03'),
(1456, 115, 'عباءة', '0.00', 0, NULL, '2024-09-13 15:39:03', '2024-09-13 15:39:03'),
(1457, 115, 'قمصان', '0.00', 0, NULL, '2024-09-13 15:39:03', '2024-09-13 15:39:03'),
(1458, 115, 'قميص مخصص', '0.00', 0, NULL, '2024-09-13 15:39:03', '2024-09-13 15:39:03'),
(1459, 115, 'بنطلون', '0.00', 0, NULL, '2024-09-13 15:39:03', '2024-09-13 15:39:03'),
(1460, 115, 'جينز', '0.00', 0, NULL, '2024-09-13 15:39:03', '2024-09-13 15:39:03'),
(1461, 115, 'منديل', '0.00', 0, NULL, '2024-09-13 15:39:03', '2024-09-13 15:39:03'),
(1462, 115, 'بلوفر', '0.00', 0, NULL, '2024-09-13 15:39:03', '2024-09-13 15:39:03'),
(1463, 115, 'شورت', '0.00', 0, NULL, '2024-09-13 15:39:03', '2024-09-13 15:39:03'),
(1464, 115, 'بيجامة', '0.00', 0, NULL, '2024-09-13 15:39:03', '2024-09-13 15:39:03'),
(1465, 115, 'بدلة سهرة', '0.00', 0, NULL, '2024-09-13 15:39:03', '2024-09-13 15:39:03'),
(1466, 116, 'بدلة عسكرية', '0.00', 0, NULL, '2024-09-13 15:39:03', '2024-09-13 15:39:03'),
(1467, 116, 'جاكيت', '0.00', 0, NULL, '2024-09-13 15:39:03', '2024-09-13 15:39:03'),
(1468, 116, 'ثوب', '0.00', 0, NULL, '2024-09-13 15:39:03', '2024-09-13 15:39:03'),
(1469, 116, 'ثوب بليزر', '0.00', 0, NULL, '2024-09-13 15:39:03', '2024-09-13 15:39:03'),
(1470, 116, 'منشفة صغيرة', '0.00', 0, NULL, '2024-09-13 15:39:03', '2024-09-13 15:39:03'),
(1471, 116, 'منشفة كبيرة', '0.00', 0, NULL, '2024-09-13 15:39:03', '2024-09-13 15:39:03'),
(1472, 116, 'غترة/شال', '0.00', 0, NULL, '2024-09-13 15:39:03', '2024-09-13 15:39:03'),
(1473, 116, 'جلابية', '0.00', 0, NULL, '2024-09-13 15:39:03', '2024-09-13 15:39:03'),
(1474, 116, 'قفطان', '0.00', 0, NULL, '2024-09-13 15:39:03', '2024-09-13 15:39:03'),
(1475, 116, 'تي شيرت', '0.00', 0, NULL, '2024-09-13 15:39:03', '2024-09-13 15:39:03'),
(1476, 116, 'بدلة', '0.00', 0, NULL, '2024-09-13 15:39:03', '2024-09-13 15:39:03'),
(1477, 116, 'عباءة', '0.00', 0, NULL, '2024-09-13 15:39:03', '2024-09-13 15:39:03'),
(1478, 116, 'قمصان', '0.00', 0, NULL, '2024-09-13 15:39:03', '2024-09-13 15:39:03'),
(1479, 116, 'قميص مخصص', '0.00', 0, NULL, '2024-09-13 15:39:03', '2024-09-13 15:39:03'),
(1480, 116, 'بنطلون', '0.00', 0, NULL, '2024-09-13 15:39:03', '2024-09-13 15:39:03'),
(1481, 116, 'جينز', '0.00', 0, NULL, '2024-09-13 15:39:03', '2024-09-13 15:39:03'),
(1482, 116, 'منديل', '0.00', 0, NULL, '2024-09-13 15:39:03', '2024-09-13 15:39:03'),
(1483, 116, 'بلوفر', '0.00', 0, NULL, '2024-09-13 15:39:03', '2024-09-13 15:39:03'),
(1484, 116, 'شورت', '0.00', 0, NULL, '2024-09-13 15:39:03', '2024-09-13 15:39:03'),
(1485, 116, 'بيجامة', '0.00', 0, NULL, '2024-09-13 15:39:03', '2024-09-13 15:39:03'),
(1486, 116, 'بدلة سهرة', '0.00', 0, NULL, '2024-09-13 15:39:03', '2024-09-13 15:39:03'),
(1487, 117, 'بدلة عسكرية', '0.00', 0, NULL, '2024-09-13 15:39:03', '2024-09-13 15:39:03'),
(1488, 117, 'جاكيت', '0.00', 0, NULL, '2024-09-13 15:39:03', '2024-09-13 15:39:03'),
(1489, 117, 'ثوب', '0.00', 0, NULL, '2024-09-13 15:39:03', '2024-09-13 15:39:03'),
(1490, 117, 'ثوب بليزر', '0.00', 0, NULL, '2024-09-13 15:39:03', '2024-09-13 15:39:03'),
(1491, 117, 'منشفة صغيرة', '0.00', 0, NULL, '2024-09-13 15:39:03', '2024-09-13 15:39:03'),
(1492, 117, 'منشفة كبيرة', '0.00', 0, NULL, '2024-09-13 15:39:03', '2024-09-13 15:39:03'),
(1493, 117, 'غترة/شال', '0.00', 0, NULL, '2024-09-13 15:39:03', '2024-09-13 15:39:03'),
(1494, 117, 'جلابية', '0.00', 0, NULL, '2024-09-13 15:39:03', '2024-09-13 15:39:03'),
(1495, 117, 'قفطان', '0.00', 0, NULL, '2024-09-13 15:39:03', '2024-09-13 15:39:03'),
(1496, 117, 'تي شيرت', '0.00', 0, NULL, '2024-09-13 15:39:03', '2024-09-13 15:39:03'),
(1497, 117, 'بدلة', '0.00', 0, NULL, '2024-09-13 15:39:03', '2024-09-13 15:39:03'),
(1498, 117, 'عباءة', '0.00', 0, NULL, '2024-09-13 15:39:03', '2024-09-13 15:39:03'),
(1499, 117, 'قمصان', '0.00', 0, NULL, '2024-09-13 15:39:03', '2024-09-13 15:39:03'),
(1500, 117, 'قميص مخصص', '0.00', 0, NULL, '2024-09-13 15:39:03', '2024-09-13 15:39:03'),
(1501, 117, 'بنطلون', '0.00', 0, NULL, '2024-09-13 15:39:03', '2024-09-13 15:39:03'),
(1502, 117, 'جينز', '0.00', 0, NULL, '2024-09-13 15:39:03', '2024-09-13 15:39:03'),
(1503, 117, 'منديل', '0.00', 0, NULL, '2024-09-13 15:39:03', '2024-09-13 15:39:03'),
(1504, 117, 'بلوفر', '0.00', 0, NULL, '2024-09-13 15:39:03', '2024-09-13 15:39:03'),
(1505, 117, 'شورت', '0.00', 0, NULL, '2024-09-13 15:39:03', '2024-09-13 15:39:03'),
(1506, 117, 'بيجامة', '0.00', 0, NULL, '2024-09-13 15:39:03', '2024-09-13 15:39:03'),
(1507, 117, 'بدلة سهرة', '0.00', 0, NULL, '2024-09-13 15:39:03', '2024-09-13 15:39:03'),
(1508, 118, 'بطانية نفر', '0.00', 0, NULL, '2024-09-13 15:39:03', '2024-09-13 15:39:03'),
(1509, 118, 'بطانية نفرين', '0.00', 0, NULL, '2024-09-13 15:39:03', '2024-09-13 15:39:03'),
(1510, 118, 'مفرش نفر', '0.00', 0, NULL, '2024-09-13 15:39:03', '2024-09-13 15:39:03'),
(1511, 118, 'مفرش نفرين', '0.00', 0, NULL, '2024-09-13 15:39:03', '2024-09-13 15:39:03'),
(1512, 118, 'شرشف', '0.00', 0, NULL, '2024-09-13 15:39:03', '2024-09-13 15:39:03'),
(1513, 118, 'مخذه', '0.00', 0, NULL, '2024-09-13 15:39:03', '2024-09-13 15:39:03'),
(1514, 118, 'كيس مخذه', '0.00', 0, NULL, '2024-09-13 15:39:03', '2024-09-13 15:39:03'),
(1515, 119, 'فستان زفاف', '0.00', 0, NULL, '2024-09-13 15:39:03', '2024-09-13 15:39:03'),
(1516, 119, 'فستان صغير', '0.00', 0, NULL, '2024-09-13 15:39:03', '2024-09-13 15:39:03'),
(1517, 119, 'فستان كبير', '0.00', 0, NULL, '2024-09-13 15:39:03', '2024-09-13 15:39:03'),
(1518, 120, 'حذاء رياضي', '0.00', 0, NULL, '2024-09-13 15:39:03', '2024-09-13 15:39:03'),
(1519, 120, 'حذاء جلد', '0.00', 0, NULL, '2024-09-13 15:39:03', '2024-09-13 15:39:03'),
(1520, 120, 'حذاء قماش', '0.00', 0, NULL, '2024-09-13 15:39:03', '2024-09-13 15:39:03');

-- --------------------------------------------------------

--
-- Table structure for table `service_categories`
--

CREATE TABLE `service_categories` (
  `id` bigint(20) UNSIGNED NOT NULL,
  `laundry_id` bigint(20) UNSIGNED NOT NULL,
  `name` varchar(255) COLLATE utf8mb4_unicode_ci NOT NULL,
  `created_at` timestamp NULL DEFAULT NULL,
  `updated_at` timestamp NULL DEFAULT NULL
) ENGINE=InnoDB DEFAULT CHARSET=utf8mb4 COLLATE=utf8mb4_unicode_ci;

--
-- Dumping data for table `service_categories`
--

INSERT INTO `service_categories` (`id`, `laundry_id`, `name`, `created_at`, `updated_at`) VALUES
(1, 1, 'غسيل وكوي اساسي', '2024-09-13 15:39:01', '2024-09-13 15:39:01'),
(2, 1, 'كوي فقط', '2024-09-13 15:39:01', '2024-09-13 15:39:01'),
(3, 1, 'غسيل بخار', '2024-09-13 15:39:01', '2024-09-13 15:39:01'),
(4, 1, 'غسيل مفارش', '2024-09-13 15:39:01', '2024-09-13 15:39:01'),
(5, 1, 'فستان', '2024-09-13 15:39:01', '2024-09-13 15:39:01'),
(6, 1, 'حذاء', '2024-09-13 15:39:01', '2024-09-13 15:39:01'),
(7, 2, 'غسيل وكوي اساسي', '2024-09-13 15:39:01', '2024-09-13 15:39:01'),
(8, 2, 'كوي فقط', '2024-09-13 15:39:01', '2024-09-13 15:39:01'),
(9, 2, 'غسيل بخار', '2024-09-13 15:39:01', '2024-09-13 15:39:01'),
(10, 2, 'غسيل مفارش', '2024-09-13 15:39:02', '2024-09-13 15:39:02'),
(11, 2, 'فستان', '2024-09-13 15:39:02', '2024-09-13 15:39:02'),
(12, 2, 'حذاء', '2024-09-13 15:39:02', '2024-09-13 15:39:02'),
(13, 3, 'غسيل وكوي اساسي', '2024-09-13 15:39:02', '2024-09-13 15:39:02'),
(14, 3, 'كوي فقط', '2024-09-13 15:39:02', '2024-09-13 15:39:02'),
(15, 3, 'غسيل بخار', '2024-09-13 15:39:02', '2024-09-13 15:39:02'),
(16, 3, 'غسيل مفارش', '2024-09-13 15:39:02', '2024-09-13 15:39:02'),
(17, 3, 'فستان', '2024-09-13 15:39:02', '2024-09-13 15:39:02'),
(18, 3, 'حذاء', '2024-09-13 15:39:02', '2024-09-13 15:39:02'),
(19, 4, 'غسيل وكوي اساسي', '2024-09-13 15:39:02', '2024-09-13 15:39:02'),
(20, 4, 'كوي فقط', '2024-09-13 15:39:02', '2024-09-13 15:39:02'),
(21, 4, 'غسيل بخار', '2024-09-13 15:39:02', '2024-09-13 15:39:02'),
(22, 4, 'غسيل مفارش', '2024-09-13 15:39:02', '2024-09-13 15:39:02'),
(23, 4, 'فستان', '2024-09-13 15:39:02', '2024-09-13 15:39:02'),
(24, 4, 'حذاء', '2024-09-13 15:39:02', '2024-09-13 15:39:02'),
(25, 5, 'غسيل وكوي اساسي', '2024-09-13 15:39:02', '2024-09-13 15:39:02'),
(26, 5, 'كوي فقط', '2024-09-13 15:39:02', '2024-09-13 15:39:02'),
(27, 5, 'غسيل بخار', '2024-09-13 15:39:02', '2024-09-13 15:39:02'),
(28, 5, 'غسيل مفارش', '2024-09-13 15:39:02', '2024-09-13 15:39:02'),
(29, 5, 'فستان', '2024-09-13 15:39:02', '2024-09-13 15:39:02'),
(30, 5, 'حذاء', '2024-09-13 15:39:02', '2024-09-13 15:39:02'),
(31, 6, 'غسيل وكوي اساسي', '2024-09-13 15:39:02', '2024-09-13 15:39:02'),
(32, 6, 'كوي فقط', '2024-09-13 15:39:02', '2024-09-13 15:39:02'),
(33, 6, 'غسيل بخار', '2024-09-13 15:39:02', '2024-09-13 15:39:02'),
(34, 6, 'غسيل مفارش', '2024-09-13 15:39:02', '2024-09-13 15:39:02'),
(35, 6, 'فستان', '2024-09-13 15:39:02', '2024-09-13 15:39:02'),
(36, 6, 'حذاء', '2024-09-13 15:39:02', '2024-09-13 15:39:02'),
(37, 7, 'غسيل وكوي اساسي', '2024-09-13 15:39:02', '2024-09-13 15:39:02'),
(38, 7, 'كوي فقط', '2024-09-13 15:39:02', '2024-09-13 15:39:02'),
(39, 7, 'غسيل بخار', '2024-09-13 15:39:02', '2024-09-13 15:39:02'),
(40, 7, 'غسيل مفارش', '2024-09-13 15:39:02', '2024-09-13 15:39:02'),
(41, 7, 'فستان', '2024-09-13 15:39:02', '2024-09-13 15:39:02'),
(42, 7, 'حذاء', '2024-09-13 15:39:02', '2024-09-13 15:39:02'),
(43, 8, 'غسيل وكوي اساسي', '2024-09-13 15:39:02', '2024-09-13 15:39:02'),
(44, 8, 'كوي فقط', '2024-09-13 15:39:02', '2024-09-13 15:39:02'),
(45, 8, 'غسيل بخار', '2024-09-13 15:39:02', '2024-09-13 15:39:02'),
(46, 8, 'غسيل مفارش', '2024-09-13 15:39:02', '2024-09-13 15:39:02'),
(47, 8, 'فستان', '2024-09-13 15:39:02', '2024-09-13 15:39:02'),
(48, 8, 'حذاء', '2024-09-13 15:39:02', '2024-09-13 15:39:02'),
(49, 9, 'غسيل وكوي اساسي', '2024-09-13 15:39:02', '2024-09-13 15:39:02'),
(50, 9, 'كوي فقط', '2024-09-13 15:39:02', '2024-09-13 15:39:02'),
(51, 9, 'غسيل بخار', '2024-09-13 15:39:02', '2024-09-13 15:39:02'),
(52, 9, 'غسيل مفارش', '2024-09-13 15:39:02', '2024-09-13 15:39:02'),
(53, 9, 'فستان', '2024-09-13 15:39:02', '2024-09-13 15:39:02'),
(54, 9, 'حذاء', '2024-09-13 15:39:02', '2024-09-13 15:39:02'),
(55, 10, 'غسيل وكوي اساسي', '2024-09-13 15:39:02', '2024-09-13 15:39:02'),
(56, 10, 'كوي فقط', '2024-09-13 15:39:02', '2024-09-13 15:39:02'),
(57, 10, 'غسيل بخار', '2024-09-13 15:39:02', '2024-09-13 15:39:02'),
(58, 10, 'غسيل مفارش', '2024-09-13 15:39:02', '2024-09-13 15:39:02'),
(59, 10, 'فستان', '2024-09-13 15:39:02', '2024-09-13 15:39:02'),
(60, 10, 'حذاء', '2024-09-13 15:39:02', '2024-09-13 15:39:02'),
(61, 11, 'غسيل وكوي اساسي', '2024-09-13 15:39:02', '2024-09-13 15:39:02'),
(62, 11, 'كوي فقط', '2024-09-13 15:39:02', '2024-09-13 15:39:02'),
(63, 11, 'غسيل بخار', '2024-09-13 15:39:02', '2024-09-13 15:39:02'),
(64, 11, 'غسيل مفارش', '2024-09-13 15:39:02', '2024-09-13 15:39:02'),
(65, 11, 'فستان', '2024-09-13 15:39:02', '2024-09-13 15:39:02'),
(66, 11, 'حذاء', '2024-09-13 15:39:02', '2024-09-13 15:39:02'),
(67, 12, 'غسيل وكوي اساسي', '2024-09-13 15:39:02', '2024-09-13 15:39:02'),
(68, 12, 'كوي فقط', '2024-09-13 15:39:02', '2024-09-13 15:39:02'),
(69, 12, 'غسيل بخار', '2024-09-13 15:39:02', '2024-09-13 15:39:02'),
(70, 12, 'غسيل مفارش', '2024-09-13 15:39:02', '2024-09-13 15:39:02'),
(71, 12, 'فستان', '2024-09-13 15:39:02', '2024-09-13 15:39:02'),
(72, 12, 'حذاء', '2024-09-13 15:39:02', '2024-09-13 15:39:02'),
(73, 13, 'غسيل وكوي اساسي', '2024-09-13 15:39:02', '2024-09-13 15:39:02'),
(74, 13, 'كوي فقط', '2024-09-13 15:39:02', '2024-09-13 15:39:02'),
(75, 13, 'غسيل بخار', '2024-09-13 15:39:02', '2024-09-13 15:39:02'),
(76, 13, 'غسيل مفارش', '2024-09-13 15:39:02', '2024-09-13 15:39:02'),
(77, 13, 'فستان', '2024-09-13 15:39:02', '2024-09-13 15:39:02'),
(78, 13, 'حذاء', '2024-09-13 15:39:02', '2024-09-13 15:39:02'),
(79, 14, 'غسيل وكوي اساسي', '2024-09-13 15:39:03', '2024-09-13 15:39:03'),
(80, 14, 'كوي فقط', '2024-09-13 15:39:03', '2024-09-13 15:39:03'),
(81, 14, 'غسيل بخار', '2024-09-13 15:39:03', '2024-09-13 15:39:03'),
(82, 14, 'غسيل مفارش', '2024-09-13 15:39:03', '2024-09-13 15:39:03'),
(83, 14, 'فستان', '2024-09-13 15:39:03', '2024-09-13 15:39:03'),
(84, 14, 'حذاء', '2024-09-13 15:39:03', '2024-09-13 15:39:03'),
(85, 15, 'غسيل وكوي اساسي', '2024-09-13 15:39:03', '2024-09-13 15:39:03'),
(86, 15, 'كوي فقط', '2024-09-13 15:39:03', '2024-09-13 15:39:03'),
(87, 15, 'غسيل بخار', '2024-09-13 15:39:03', '2024-09-13 15:39:03'),
(88, 15, 'غسيل مفارش', '2024-09-13 15:39:03', '2024-09-13 15:39:03'),
(89, 15, 'فستان', '2024-09-13 15:39:03', '2024-09-13 15:39:03'),
(90, 15, 'حذاء', '2024-09-13 15:39:03', '2024-09-13 15:39:03'),
(91, 16, 'غسيل وكوي اساسي', '2024-09-13 15:39:03', '2024-09-13 15:39:03'),
(92, 16, 'كوي فقط', '2024-09-13 15:39:03', '2024-09-13 15:39:03'),
(93, 16, 'غسيل بخار', '2024-09-13 15:39:03', '2024-09-13 15:39:03'),
(94, 16, 'غسيل مفارش', '2024-09-13 15:39:03', '2024-09-13 15:39:03'),
(95, 16, 'فستان', '2024-09-13 15:39:03', '2024-09-13 15:39:03'),
(96, 16, 'حذاء', '2024-09-13 15:39:03', '2024-09-13 15:39:03'),
(97, 17, 'غسيل وكوي اساسي', '2024-09-13 15:39:03', '2024-09-13 15:39:03'),
(98, 17, 'كوي فقط', '2024-09-13 15:39:03', '2024-09-13 15:39:03'),
(99, 17, 'غسيل بخار', '2024-09-13 15:39:03', '2024-09-13 15:39:03'),
(100, 17, 'غسيل مفارش', '2024-09-13 15:39:03', '2024-09-13 15:39:03'),
(101, 17, 'فستان', '2024-09-13 15:39:03', '2024-09-13 15:39:03'),
(102, 17, 'حذاء', '2024-09-13 15:39:03', '2024-09-13 15:39:03'),
(103, 18, 'غسيل وكوي اساسي', '2024-09-13 15:39:03', '2024-09-13 15:39:03'),
(104, 18, 'كوي فقط', '2024-09-13 15:39:03', '2024-09-13 15:39:03'),
(105, 18, 'غسيل بخار', '2024-09-13 15:39:03', '2024-09-13 15:39:03'),
(106, 18, 'غسيل مفارش', '2024-09-13 15:39:03', '2024-09-13 15:39:03'),
(107, 18, 'فستان', '2024-09-13 15:39:03', '2024-09-13 15:39:03'),
(108, 18, 'حذاء', '2024-09-13 15:39:03', '2024-09-13 15:39:03'),
(109, 19, 'غسيل وكوي اساسي', '2024-09-13 15:39:03', '2024-09-13 15:39:03'),
(110, 19, 'كوي فقط', '2024-09-13 15:39:03', '2024-09-13 15:39:03'),
(111, 19, 'غسيل بخار', '2024-09-13 15:39:03', '2024-09-13 15:39:03'),
(112, 19, 'غسيل مفارش', '2024-09-13 15:39:03', '2024-09-13 15:39:03'),
(113, 19, 'فستان', '2024-09-13 15:39:03', '2024-09-13 15:39:03'),
(114, 19, 'حذاء', '2024-09-13 15:39:03', '2024-09-13 15:39:03'),
(115, 20, 'غسيل وكوي اساسي', '2024-09-13 15:39:03', '2024-09-13 15:39:03'),
(116, 20, 'كوي فقط', '2024-09-13 15:39:03', '2024-09-13 15:39:03'),
(117, 20, 'غسيل بخار', '2024-09-13 15:39:03', '2024-09-13 15:39:03'),
(118, 20, 'غسيل مفارش', '2024-09-13 15:39:03', '2024-09-13 15:39:03'),
(119, 20, 'فستان', '2024-09-13 15:39:03', '2024-09-13 15:39:03'),
(120, 20, 'حذاء', '2024-09-13 15:39:03', '2024-09-13 15:39:03');

-- --------------------------------------------------------

--
-- Table structure for table `support_contacts`
--

CREATE TABLE `support_contacts` (
  `id` bigint(20) UNSIGNED NOT NULL,
  `platform` varchar(255) COLLATE utf8mb4_unicode_ci NOT NULL,
  `contact_info` varchar(255) COLLATE utf8mb4_unicode_ci NOT NULL,
  `created_at` timestamp NULL DEFAULT NULL,
  `updated_at` timestamp NULL DEFAULT NULL
) ENGINE=InnoDB DEFAULT CHARSET=utf8mb4 COLLATE=utf8mb4_unicode_ci;

--
-- Dumping data for table `support_contacts`
--

INSERT INTO `support_contacts` (`id`, `platform`, `contact_info`, `created_at`, `updated_at`) VALUES
(1, 'Facebook', 'https://www.facebook.com/', '2024-09-13 15:39:03', '2024-09-13 15:39:03'),
(2, 'Twitter', 'https://www.twitter.com/', '2024-09-13 15:39:03', '2024-09-13 15:39:03'),
(3, 'Instagram', 'https://www.instagram.com/', '2024-09-13 15:39:03', '2024-09-13 15:39:03');

-- --------------------------------------------------------

--
-- Table structure for table `terms_conditions`
--

CREATE TABLE `terms_conditions` (
  `id` bigint(20) UNSIGNED NOT NULL,
  `content` text COLLATE utf8mb4_unicode_ci NOT NULL,
  `created_at` timestamp NULL DEFAULT NULL,
  `updated_at` timestamp NULL DEFAULT NULL
) ENGINE=InnoDB DEFAULT CHARSET=utf8mb4 COLLATE=utf8mb4_unicode_ci;

--
-- Dumping data for table `terms_conditions`
--

INSERT INTO `terms_conditions` (`id`, `content`, `created_at`, `updated_at`) VALUES
(1, 'These are the terms and conditions. Please read them carefully before using our service.', '2024-09-13 15:39:03', '2024-09-13 15:39:03');

--
-- Indexes for dumped tables
--

--
-- Indexes for table `about_us`
--
ALTER TABLE `about_us`
  ADD PRIMARY KEY (`id`);

--
-- Indexes for table `addresses`
--
ALTER TABLE `addresses`
  ADD PRIMARY KEY (`id`),
  ADD KEY `addresses_user_id_foreign` (`user_id`);

--
-- Indexes for table `delivery_locations`
--
ALTER TABLE `delivery_locations`
  ADD PRIMARY KEY (`id`),
  ADD KEY `delivery_locations_delivery_id_foreign` (`delivery_id`);

--
-- Indexes for table `failed_jobs`
--
ALTER TABLE `failed_jobs`
  ADD PRIMARY KEY (`id`),
  ADD UNIQUE KEY `failed_jobs_uuid_unique` (`uuid`);

--
-- Indexes for table `laundries`
--
ALTER TABLE `laundries`
  ADD PRIMARY KEY (`id`);

--
-- Indexes for table `migrations`
--
ALTER TABLE `migrations`
  ADD PRIMARY KEY (`id`);

--
-- Indexes for table `notifications`
--
ALTER TABLE `notifications`
  ADD PRIMARY KEY (`id`),
  ADD KEY `notifications_user_id_foreign` (`user_id`);

--
-- Indexes for table `oauth_auth_codes`
--
ALTER TABLE `oauth_auth_codes`
  ADD PRIMARY KEY (`id`),
  ADD KEY `oauth_auth_codes_user_id_index` (`user_id`);

--
-- Indexes for table `oauth_personal_access_clients`
--
ALTER TABLE `oauth_personal_access_clients`
  ADD PRIMARY KEY (`id`);

--
-- Indexes for table `orders`
--
ALTER TABLE `orders`
  ADD PRIMARY KEY (`id`),
  ADD KEY `orders_user_id_foreign` (`user_id`),
  ADD KEY `orders_laundry_id_foreign` (`laundry_id`),
  ADD KEY `orders_delivery_id_foreign` (`delivery_id`);

--
-- Indexes for table `order_items`
--
ALTER TABLE `order_items`
  ADD PRIMARY KEY (`id`),
  ADD KEY `order_items_order_id_foreign` (`order_id`),
  ADD KEY `order_items_service_id_foreign` (`service_id`);

--
-- Indexes for table `services`
--
ALTER TABLE `services`
  ADD PRIMARY KEY (`id`),
  ADD KEY `services_service_category_id_foreign` (`service_category_id`);

--
-- Indexes for table `service_categories`
--
ALTER TABLE `service_categories`
  ADD PRIMARY KEY (`id`),
  ADD KEY `service_categories_laundry_id_foreign` (`laundry_id`);

--
-- Indexes for table `support_contacts`
--
ALTER TABLE `support_contacts`
  ADD PRIMARY KEY (`id`);

--
-- Indexes for table `terms_conditions`
--
ALTER TABLE `terms_conditions`
  ADD PRIMARY KEY (`id`);

--
-- AUTO_INCREMENT for dumped tables
--

--
-- AUTO_INCREMENT for table `about_us`
--
ALTER TABLE `about_us`
  MODIFY `id` bigint(20) UNSIGNED NOT NULL AUTO_INCREMENT, AUTO_INCREMENT=2;

--
-- AUTO_INCREMENT for table `addresses`
--
ALTER TABLE `addresses`
  MODIFY `id` bigint(20) UNSIGNED NOT NULL AUTO_INCREMENT;

--
-- AUTO_INCREMENT for table `delivery_locations`
--
ALTER TABLE `delivery_locations`
  MODIFY `id` bigint(20) UNSIGNED NOT NULL AUTO_INCREMENT;

--
-- AUTO_INCREMENT for table `failed_jobs`
--
ALTER TABLE `failed_jobs`
  MODIFY `id` bigint(20) UNSIGNED NOT NULL AUTO_INCREMENT;

--
-- AUTO_INCREMENT for table `laundries`
--
ALTER TABLE `laundries`
  MODIFY `id` bigint(20) UNSIGNED NOT NULL AUTO_INCREMENT, AUTO_INCREMENT=21;

--
-- AUTO_INCREMENT for table `migrations`
--
ALTER TABLE `migrations`
  MODIFY `id` int(10) UNSIGNED NOT NULL AUTO_INCREMENT, AUTO_INCREMENT=22;

--
-- AUTO_INCREMENT for table `notifications`
--
ALTER TABLE `notifications`
  MODIFY `id` bigint(20) UNSIGNED NOT NULL AUTO_INCREMENT, AUTO_INCREMENT=5;

--
-- AUTO_INCREMENT for table `oauth_personal_access_clients`
--
ALTER TABLE `oauth_personal_access_clients`
  MODIFY `id` bigint(20) UNSIGNED NOT NULL AUTO_INCREMENT;

--
-- AUTO_INCREMENT for table `orders`
--
ALTER TABLE `orders`
  MODIFY `id` bigint(20) UNSIGNED NOT NULL AUTO_INCREMENT, AUTO_INCREMENT=10;

--
-- AUTO_INCREMENT for table `order_items`
--
ALTER TABLE `order_items`
  MODIFY `id` bigint(20) UNSIGNED NOT NULL AUTO_INCREMENT, AUTO_INCREMENT=19;

--
-- AUTO_INCREMENT for table `services`
--
ALTER TABLE `services`
  MODIFY `id` bigint(20) UNSIGNED NOT NULL AUTO_INCREMENT, AUTO_INCREMENT=1521;

--
-- AUTO_INCREMENT for table `service_categories`
--
ALTER TABLE `service_categories`
  MODIFY `id` bigint(20) UNSIGNED NOT NULL AUTO_INCREMENT, AUTO_INCREMENT=121;

--
-- AUTO_INCREMENT for table `support_contacts`
--
ALTER TABLE `support_contacts`
  MODIFY `id` bigint(20) UNSIGNED NOT NULL AUTO_INCREMENT, AUTO_INCREMENT=4;

--
-- AUTO_INCREMENT for table `terms_conditions`
--
ALTER TABLE `terms_conditions`
  MODIFY `id` bigint(20) UNSIGNED NOT NULL AUTO_INCREMENT, AUTO_INCREMENT=2;

--
-- Constraints for dumped tables
--

--
-- Constraints for table `addresses`
--
ALTER TABLE `addresses`
  ADD CONSTRAINT `addresses_user_id_foreign` FOREIGN KEY (`user_id`) REFERENCES `users` (`id`) ON DELETE CASCADE;

--
-- Constraints for table `delivery_locations`
--
ALTER TABLE `delivery_locations`
  ADD CONSTRAINT `delivery_locations_delivery_id_foreign` FOREIGN KEY (`delivery_id`) REFERENCES `deliveries` (`id`) ON DELETE CASCADE;

--
-- Constraints for table `notifications`
--
ALTER TABLE `notifications`
  ADD CONSTRAINT `notifications_user_id_foreign` FOREIGN KEY (`user_id`) REFERENCES `users` (`id`) ON DELETE CASCADE;

--
-- Constraints for table `orders`
--
ALTER TABLE `orders`
  ADD CONSTRAINT `orders_delivery_id_foreign` FOREIGN KEY (`delivery_id`) REFERENCES `users` (`id`) ON DELETE SET NULL,
  ADD CONSTRAINT `orders_laundry_id_foreign` FOREIGN KEY (`laundry_id`) REFERENCES `laundries` (`id`) ON DELETE CASCADE,
  ADD CONSTRAINT `orders_user_id_foreign` FOREIGN KEY (`user_id`) REFERENCES `users` (`id`) ON DELETE CASCADE;

--
-- Constraints for table `order_items`
--
ALTER TABLE `order_items`
  ADD CONSTRAINT `order_items_order_id_foreign` FOREIGN KEY (`order_id`) REFERENCES `orders` (`id`) ON DELETE CASCADE,
  ADD CONSTRAINT `order_items_service_id_foreign` FOREIGN KEY (`service_id`) REFERENCES `services` (`id`) ON DELETE CASCADE;

--
-- Constraints for table `services`
--
ALTER TABLE `services`
  ADD CONSTRAINT `services_service_category_id_foreign` FOREIGN KEY (`service_category_id`) REFERENCES `service_categories` (`id`) ON DELETE CASCADE;

--
-- Constraints for table `service_categories`
--
ALTER TABLE `service_categories`
  ADD CONSTRAINT `service_categories_laundry_id_foreign` FOREIGN KEY (`laundry_id`) REFERENCES `laundries` (`id`) ON DELETE CASCADE;
COMMIT;

